{"id":8807,"date":"2021-04-29T17:10:29","date_gmt":"2021-04-29T15:10:29","guid":{"rendered":"http:\/\/www.fondazionedonatcattin.it\/?page_id=8807"},"modified":"2021-11-04T16:34:26","modified_gmt":"2021-11-04T15:34:26","slug":"attivita-20-2-3-2-2-2-3-2-3-2-4-2-3-2-2-3-2-5-2-2-3-5-2-2-3-3-2-3-3-2-3-2-2-2-2-2-2-2-2-3-2-2-2","status":"publish","type":"page","link":"https:\/\/www.fondazionedonatcattin.it\/?page_id=8807","title":{"rendered":"La coscienza infelice  &#8211;  12 novembre  2021"},"content":{"rendered":"<p>[vc_row][vc_column][vc_single_image image=&#8221;8812&#8243; img_size=&#8221;full&#8221;][\/vc_column][\/vc_row][vc_row][vc_column width=&#8221;1\/6&#8243;][\/vc_column][vc_column width=&#8221;2\/3&#8243;][vc_column_text]Presentazione del volume di <strong>Giacomo L.Vaccarino<\/strong><\/p>\n<h1><span style=\"color: #993300;\">LA COSCIENZA INFELICE<\/span><br \/>\n<span style=\"color: #993300;\">Percezione e immagini della malattia mentale<br \/>\ndal mito alle neuroscienze<\/span><\/h1>\n<p>Editrice Tipografia Baima-Ronchetti, 2021[\/vc_column_text][vc_column_text]<\/p>\n<div><strong>Venerd\u00ec 12 novembre 2021 &#8211; Ore 17:00<br \/>\n<\/strong>Polo del \u2019900, Via del Carmine 14, Sala didattica<\/div>\n<p>Ingresso in Sala didattica con prenotazione obbligatoria registrandosi al seguente <a href=\"https:\/\/polodel900.secure.force.com\/eventi?IdEvt=a0C6N00000110vJ\">link<\/a><\/p>\n<div>Per partecipare agli eventi \u00e8 obbligatorio esibire la Certificazione verde in forma cartacea o su smartphone unitamente ad un documento di identit\u00e0.\u00a0 <a href=\"https:\/\/www.polodel900.it\/nuove-procedure-per-lingresso-al-polo-del-900\/\">Scopri di pi\u00f9<\/a>.<\/div>\n<p>[\/vc_column_text][vc_column_text]<\/p>\n<p style=\"text-align: justify;\">\u00abLa follia \u00e8 una condizione umana\u00bb: cos\u00ec afferm\u00f2 Franco Basaglia in una delle sue Conferenze brasiliane, nel 1979. Pertanto possiamo trovare nell&#8217;esistenza umana una condizione cosiddetta normale e una, in qualche modo opposta, considerata folle, cio\u00e8 dominata dalla malattia mentale, dalla sofferenza e quindi dalla infelicit\u00e0, articolata nelle varie forme della psicosi e del male di vivere patologico, la cui percezione \u00e8 stata molto differente nei secoli e nelle diverse societ\u00e0 che si sono succedute dall&#8217;antichit\u00e0 ad oggi. In questa ricerca si \u00e8 voluto mostrare come lungo i secoli \u00e8 stata vista la malattia mentale &#8211; non solo dalla medicina e dalla sua branca pi\u00f9 giovane, la psichiatria &#8211; ma utilizzando soprattutto la rappresentazione letteraria, attraverso qualche passo significativo delle opere di autori italiani e non, intendendo quindi la letteratura come uno dei pi\u00f9 efficaci strumenti per la formazione e il consolidamento dell&#8217;opinione collettiva su un fatto sociale di tale rilevanza quale la malattia mentale.<\/p>\n<p>[\/vc_column_text][vc_single_image image=&#8221;8815&#8243; img_size=&#8221;full&#8221;][vc_column_text]Intervengono con l\u2019Autore:<\/p>\n<p><strong>Gianfranco Morgando<\/strong> Direttore della Fondazione Carlo Donat-Cattin<br \/>\n<strong>Franco Lupano<\/strong> Presidente del CISO-Piemonte<br \/>\n<strong>Ezio Cristina<\/strong> Psichiatra<\/p>\n<p>Letture di <strong>Sergio Saccomandi<\/strong>[\/vc_column_text][\/vc_column][vc_column width=&#8221;1\/6&#8243;][\/vc_column][\/vc_row][vc_row][vc_column][\/vc_column][\/vc_row][vc_row][vc_column][\/vc_column][\/vc_row][vc_row][vc_column][\/vc_column][\/vc_row]<\/p>\n","protected":false},"excerpt":{"rendered":"<p>[vc_row][vc_column][vc_single_image image=&#8221;8812&#8243; img_size=&#8221;full&#8221;][\/vc_column][\/vc_row][vc_row][vc_column width=&#8221;1\/6&#8243;][\/vc_column][vc_column width=&#8221;2\/3&#8243;][vc_column_text]Presentazione del volume di Giacomo L.Vaccarino LA COSCIENZA INFELICE Percezione e immagini della malattia mentale dal mito alle neuroscienze Editrice Tipografia Baima-Ronchetti, 2021[\/vc_column_text][vc_column_text] Venerd\u00ec 12 novembre 2021 &#8211; Ore 17:00 Polo del \u2019900, Via del Carmine 14, Sala didattica Ingresso in Sala didattica con prenotazione obbligatoria registrandosi al seguente link Per [&hellip;]<\/p>\n","protected":false},"author":11,"featured_media":0,"parent":0,"menu_order":0,"comment_status":"closed","ping_status":"closed","template":"","meta":{"footnotes":""},"_links":{"self":[{"href":"https:\/\/www.fondazionedonatcattin.it\/index.php?rest_route=\/wp\/v2\/pages\/8807"}],"collection":[{"href":"https:\/\/www.fondazionedonatcattin.it\/index.php?rest_route=\/wp\/v2\/pages"}],"about":[{"href":"https:\/\/www.fondazionedonatcattin.it\/index.php?rest_route=\/wp\/v2\/types\/page"}],"author":[{"embeddable":true,"href":"https:\/\/www.fondazionedonatcattin.it\/index.php?rest_route=\/wp\/v2\/users\/11"}],"replies":[{"embeddable":true,"href":"https:\/\/www.fondazionedonatcattin.it\/index.php?rest_route=%2Fwp%2Fv2%2Fcomments&post=8807"}],"version-history":[{"count":0,"href":"https:\/\/www.fondazionedonatcattin.it\/index.php?rest_route=\/wp\/v2\/pages\/8807\/revisions"}],"wp:attachment":[{"href":"https:\/\/www.fondazionedonatcattin.it\/index.php?rest_route=%2Fwp%2Fv2%2Fmedia&parent=8807"}],"curies":[{"name":"wp","href":"https:\/\/api.w.org\/{rel}","templated":true}]}}

<p>[vc_row][vc_column][vc_single_image image=&#8221;8812&#8243; img_size=&#8221;full&#8221;][/vc_column][/vc_row][vc_row][vc_column width=&#8221;1/6&#8243;][/vc_column][vc_column width=&#8221;2/3&#8243;][vc_column_text]Presentazione del volume di <strong>Giacomo L.Vaccarino</strong></p>
<h1><span style="color: #993300;">LA COSCIENZA INFELICE</span><br />
<span style="color: #993300;">Percezione e immagini della malattia mentale<br />
dal mito alle neuroscienze</span></h1>
<p>Editrice Tipografia Baima-Ronchetti, 2021[/vc_column_text][vc_column_text]</p>
<div><strong>Venerdì 12 novembre 2021 &#8211; Ore 17:00<br />
</strong>Polo del ’900, Via del Carmine 14, Sala didattica</div>
<p>Ingresso in Sala didattica con prenotazione obbligatoria registrandosi al seguente <a href="https://polodel900.secure.force.com/eventi?IdEvt=a0C6N00000110vJ">link</a></p>
<div>Per partecipare agli eventi è obbligatorio esibire la Certificazione verde in forma cartacea o su smartphone unitamente ad un documento di identità.  <a href="https://www.polodel900.it/nuove-procedure-per-lingresso-al-polo-del-900/">Scopri di più</a>.</div>
<p>[/vc_column_text][vc_column_text]</p>
<p style="text-align: justify;">«La follia è una condizione umana»: così affermò Franco Basaglia in una delle sue Conferenze brasiliane, nel 1979. Pertanto possiamo trovare nell&#8217;esistenza umana una condizione cosiddetta normale e una, in qualche modo opposta, considerata folle, cioè dominata dalla malattia mentale, dalla sofferenza e quindi dalla infelicità, articolata nelle varie forme della psicosi e del male di vivere patologico, la cui percezione è stata molto differente nei secoli e nelle diverse società che si sono succedute dall&#8217;antichità ad oggi. In questa ricerca si è voluto mostrare come lungo i secoli è stata vista la malattia mentale &#8211; non solo dalla medicina e dalla sua branca più giovane, la psichiatria &#8211; ma utilizzando soprattutto la rappresentazione letteraria, attraverso qualche passo significativo delle opere di autori italiani e non, intendendo quindi la letteratura come uno dei più efficaci strumenti per la formazione e il consolidamento dell&#8217;opinione collettiva su un fatto sociale di tale rilevanza quale la malattia mentale.</p>
<p>[/vc_column_text][vc_single_image image=&#8221;8815&#8243; img_size=&#8221;full&#8221;][vc_column_text]Intervengono con l’Autore:</p>
<p><strong>Gianfranco Morgando</strong> Direttore della Fondazione Carlo Donat-Cattin<br />
<strong>Franco Lupano</strong> Presidente del CISO-Piemonte<br />
<strong>Ezio Cristina</strong> Psichiatra</p>
<p>Letture di <strong>Sergio Saccomandi</strong>[/vc_column_text][/vc_column][vc_column width=&#8221;1/6&#8243;][/vc_column][/vc_row][vc_row][vc_column][/vc_column][/vc_row][vc_row][vc_column][/vc_column][/vc_row][vc_row][vc_column][/vc_column][/vc_row]</p>

<p>[vc_row][vc_column][vc_single_image image=&#8221;8812&#8243; img_size=&#8221;full&#8221;][/vc_column][/vc_row][vc_row][vc_column width=&#8221;1/6&#8243;][/vc_column][vc_column width=&#8221;2/3&#8243;][vc_column_text]Presentazione del volume di Giacomo L.Vaccarino LA COSCIENZA INFELICE Percezione e immagini della malattia mentale dal mito alle neuroscienze Editrice Tipografia Baima-Ronchetti, 2021[/vc_column_text][vc_column_text] Venerdì 12 novembre 2021 &#8211; Ore 17:00 Polo del ’900, Via del Carmine 14, Sala didattica Ingresso in Sala didattica con prenotazione obbligatoria registrandosi al seguente link Per [&hellip;]</p>
