{"id":8762,"date":"2021-04-29T17:10:29","date_gmt":"2021-04-29T15:10:29","guid":{"rendered":"http:\/\/www.fondazionedonatcattin.it\/?page_id=8762"},"modified":"2021-11-03T15:28:19","modified_gmt":"2021-11-03T14:28:19","slug":"attivita-20-2-3-2-2-2-3-2-3-2-4-2-3-2-2-3-2-5-2-2-3-5-2-2-3-3-2-3-3-2-3-2-2-2-2-2-2-2-2-3-2-2","status":"publish","type":"page","link":"https:\/\/www.fondazionedonatcattin.it\/?page_id=8762","title":{"rendered":"Mondo contemporaneo  &#8211;  5 novembre  2021"},"content":{"rendered":"<p>[vc_row][vc_column][vc_single_image image=&#8221;8774&#8243; img_size=&#8221;full&#8221;][\/vc_column][\/vc_row][vc_row][vc_column width=&#8221;1\/6&#8243;][\/vc_column][vc_column width=&#8221;2\/3&#8243;][vc_column_text]<\/p>\n<h2><span style=\"color: #993300;\">Mondo Contemporaneo<\/span><br \/>\n<span style=\"color: #993300;\">Il cattolicesimo politico nella storia dell\u2019Italia repubblicana: <\/span><span style=\"color: #993300;\">le interpretazioni degli storici<\/span><\/h2>\n<p>Presentazione del numero speciale di <strong>Mondo Contemporaneo<\/strong><br \/>\n2-3\/2018[\/vc_column_text][vc_column_text]<\/p>\n<div><strong>Venerd\u00ec 5 novembre 2021 &#8211; Ore 17:30<br \/>\n<\/strong>Polo del \u2019900, Via del Carmine 14, Sala didattica<\/div>\n<p>Ingresso in Sala didattica con prenotazione obbligatoria registrandosi al seguente <a href=\"https:\/\/polodel900.secure.force.com\/eventi?IdEvt=a0C6N0000010zFV\">link<\/a><\/p>\n<div>L&#8217;evento sar\u00e0 trasmesso anche in diretta streaming sul canale Facebook e sul sito della Fondazione<br \/>\n<a href=\"http:\/\/www.fondazionedonatcattin.it\/\" target=\"_blank\" rel=\"noopener noreferrer\">\u00a0<\/a><a href=\"http:\/\/www.fondazionedonatcattin.it\/\"><u>www.fondazionedonatcattin.it<\/u><\/a>. Per partecipare agli eventi \u00e8 obbligatorio esibire la Certificazione verde in forma cartacea o su smartphone unitamente ad un documento di identit\u00e0.\u00a0 <a href=\"https:\/\/www.polodel900.it\/nuove-procedure-per-lingresso-al-polo-del-900\/\">Scopri di pi\u00f9<\/a>.<\/div>\n<p>[\/vc_column_text][vc_video link=&#8221;https:\/\/www.youtube.com\/watch?v=V8AUusODatA&#8221;][vc_column_text]<\/p>\n<p style=\"text-align: justify;\"><em>\u201cFino a non moltissimi anni fa i trent\u2019anni di malgoverno democristiano (per utilizzare la celebre battuta di un film di Nanni Moretti) rappresentavano, per una certa cultura nazionale, un fatto scontato. Oggi molte prospettive sono cambiate. Non v\u2019\u00e8 dubbio che, in relazione alla crisi attuale di classe dirigente e di visione politica, qualche sentimento nostalgico nei confronti della vecchia \u201cRepubblica dei partiti\u201d (della quale la DC \u00e8 stata il cardine) sia riapparso.<\/em><br \/>\n<em>\u2026\u2026\u2026\u2026\u2026\u2026\u2026\u2026\u2026\u2026\u2026\u2026\u2026\u2026<\/em><br \/>\n<em>A partire dagli anni settanta del Novecento, e poi con sempre maggiore nettezza negli ultimi decenni, una lunga e importante stagione di studi storici \u00e8 venuta indicando che la Democrazia Cristiana, e cio\u00e8 la principale espressione del cattolicesimo politico, \u00e8 stata un fenomeno solido e stabile, e che essa \u00e8 stata capace di aderire da molti punti di vista, alla realt\u00e0 profonda del paese.\u201d<\/em><br \/>\nLa lunga citazione \u00e8 tratta dall\u2019introduzione (di <strong>Renato Moro e Leonardo Rapone<\/strong>) al fascicolo speciale di <strong>Mondo contemporaneo <\/strong>che pubblica i risultati della ricerca sul <strong>cattolicesimo politico nell\u2019Italia repubblicana: le interpretazioni degli storici, <\/strong>che presentiamo il prossimo 5 novembre. Rappresenta bene le ragioni che hanno spinto la <strong>Fondazione Donat-Cattin<\/strong>, da qualche tempo, a riflettere proprio su questo tema, raccogliendo materiale archivistico e testimonianze dei protagonisti, secondo le linee che abbiamo gi\u00e0 anticipato in una precedente newsletter (n. 11 del 10 maggio 2021). Dicevamo allora che il percorso che intendevamo fare prendeva le mosse dal retroterra culturale della Fondazione, ma si sostanziava nel desiderio di proporre una matura riflessione sull\u2019Italia della seconda met\u00e0 del Novecento. Una riflessione priva di intenti agiografici, ma finalizzata a conoscere meglio il fenomeno democristiano, che nelle sue articolazioni e nel rapporto con il suo retroterra rifletteva la complessit\u00e0 della societ\u00e0 italiana.<br \/>\nL\u2019incontro del 5 novembre sar\u00e0 particolarmente utile per dare un pi\u00f9 saldo orizzonte teorico al nostro lavoro, e costituir\u00e0 anche l\u2019occasione per illustrare l\u2019attivit\u00e0 che abbiamo intrapreso. Non saremo soli in questa iniziativa: abbiamo infatti concordato con la Fondazione \u201cGiovanni Goria\u201d di lavorare insieme a questo progetto, proseguendo idealmente e dando sostanza agli orientamenti emersi nel convegno <strong>\u201cLa Democrazia Cristiana piemontese. La storia, gli uomini, gli archivi\u201d, <\/strong>organizzato da entrambe le Fondazioni il 16 aprile 2012 a Palazzo Madama.[\/vc_column_text][vc_separator][vc_column_text]Introducono:<br \/>\n<strong>Gianfranco Morgando<\/strong>, Direttore della Fondazione Donat-Cattin<br \/>\n<strong>Valeria Mosca<\/strong>, Responsabile Archivio Fondazione Donat-Cattin<\/p>\n<p>Discutono:<br \/>\n<strong>Renato Moro<\/strong>, Universit\u00e0 Roma Tre<br \/>\n<strong>Marta Margotti<\/strong>, Universit\u00e0 di Torino<br \/>\n<strong>Giovanni Mario Ceci<\/strong>, Universit\u00e0 di Roma Tre<\/p>\n<p>Modera:<br \/>\n<strong>Bartolo Gariglio<\/strong>, Universit\u00e0 di Torino[\/vc_column_text][\/vc_column][vc_column width=&#8221;1\/6&#8243;][\/vc_column][\/vc_row][vc_row][vc_column][\/vc_column][\/vc_row][vc_row][vc_column][\/vc_column][\/vc_row][vc_row][vc_column][\/vc_column][\/vc_row]<\/p>\n","protected":false},"excerpt":{"rendered":"<p>[vc_row][vc_column][vc_single_image image=&#8221;8774&#8243; img_size=&#8221;full&#8221;][\/vc_column][\/vc_row][vc_row][vc_column width=&#8221;1\/6&#8243;][\/vc_column][vc_column width=&#8221;2\/3&#8243;][vc_column_text] Mondo Contemporaneo Il cattolicesimo politico nella storia dell\u2019Italia repubblicana: le interpretazioni degli storici Presentazione del numero speciale di Mondo Contemporaneo 2-3\/2018[\/vc_column_text][vc_column_text] Venerd\u00ec 5 novembre 2021 &#8211; Ore 17:30 Polo del \u2019900, Via del Carmine 14, Sala didattica Ingresso in Sala didattica con prenotazione obbligatoria registrandosi al seguente link L&#8217;evento sar\u00e0 [&hellip;]<\/p>\n","protected":false},"author":11,"featured_media":0,"parent":0,"menu_order":0,"comment_status":"closed","ping_status":"closed","template":"","meta":{"footnotes":""},"_links":{"self":[{"href":"https:\/\/www.fondazionedonatcattin.it\/index.php?rest_route=\/wp\/v2\/pages\/8762"}],"collection":[{"href":"https:\/\/www.fondazionedonatcattin.it\/index.php?rest_route=\/wp\/v2\/pages"}],"about":[{"href":"https:\/\/www.fondazionedonatcattin.it\/index.php?rest_route=\/wp\/v2\/types\/page"}],"author":[{"embeddable":true,"href":"https:\/\/www.fondazionedonatcattin.it\/index.php?rest_route=\/wp\/v2\/users\/11"}],"replies":[{"embeddable":true,"href":"https:\/\/www.fondazionedonatcattin.it\/index.php?rest_route=%2Fwp%2Fv2%2Fcomments&post=8762"}],"version-history":[{"count":0,"href":"https:\/\/www.fondazionedonatcattin.it\/index.php?rest_route=\/wp\/v2\/pages\/8762\/revisions"}],"wp:attachment":[{"href":"https:\/\/www.fondazionedonatcattin.it\/index.php?rest_route=%2Fwp%2Fv2%2Fmedia&parent=8762"}],"curies":[{"name":"wp","href":"https:\/\/api.w.org\/{rel}","templated":true}]}}

<p>[vc_row][vc_column][vc_single_image image=&#8221;8774&#8243; img_size=&#8221;full&#8221;][/vc_column][/vc_row][vc_row][vc_column width=&#8221;1/6&#8243;][/vc_column][vc_column width=&#8221;2/3&#8243;][vc_column_text]</p>
<h2><span style="color: #993300;">Mondo Contemporaneo</span><br />
<span style="color: #993300;">Il cattolicesimo politico nella storia dell’Italia repubblicana: </span><span style="color: #993300;">le interpretazioni degli storici</span></h2>
<p>Presentazione del numero speciale di <strong>Mondo Contemporaneo</strong><br />
2-3/2018[/vc_column_text][vc_column_text]</p>
<div><strong>Venerdì 5 novembre 2021 &#8211; Ore 17:30<br />
</strong>Polo del ’900, Via del Carmine 14, Sala didattica</div>
<p>Ingresso in Sala didattica con prenotazione obbligatoria registrandosi al seguente <a href="https://polodel900.secure.force.com/eventi?IdEvt=a0C6N0000010zFV">link</a></p>
<div>L&#8217;evento sarà trasmesso anche in diretta streaming sul canale Facebook e sul sito della Fondazione<br />
<a href="http://www.fondazionedonatcattin.it/" target="_blank" rel="noopener noreferrer"> </a><a href="http://www.fondazionedonatcattin.it/"><u>www.fondazionedonatcattin.it</u></a>. Per partecipare agli eventi è obbligatorio esibire la Certificazione verde in forma cartacea o su smartphone unitamente ad un documento di identità.  <a href="https://www.polodel900.it/nuove-procedure-per-lingresso-al-polo-del-900/">Scopri di più</a>.</div>
<p>[/vc_column_text][vc_video link=&#8221;https://www.youtube.com/watch?v=V8AUusODatA&#8221;][vc_column_text]</p>
<p style="text-align: justify;"><em>“Fino a non moltissimi anni fa i trent’anni di malgoverno democristiano (per utilizzare la celebre battuta di un film di Nanni Moretti) rappresentavano, per una certa cultura nazionale, un fatto scontato. Oggi molte prospettive sono cambiate. Non v’è dubbio che, in relazione alla crisi attuale di classe dirigente e di visione politica, qualche sentimento nostalgico nei confronti della vecchia “Repubblica dei partiti” (della quale la DC è stata il cardine) sia riapparso.</em><br />
<em>……………………………………</em><br />
<em>A partire dagli anni settanta del Novecento, e poi con sempre maggiore nettezza negli ultimi decenni, una lunga e importante stagione di studi storici è venuta indicando che la Democrazia Cristiana, e cioè la principale espressione del cattolicesimo politico, è stata un fenomeno solido e stabile, e che essa è stata capace di aderire da molti punti di vista, alla realtà profonda del paese.”</em><br />
La lunga citazione è tratta dall’introduzione (di <strong>Renato Moro e Leonardo Rapone</strong>) al fascicolo speciale di <strong>Mondo contemporaneo </strong>che pubblica i risultati della ricerca sul <strong>cattolicesimo politico nell’Italia repubblicana: le interpretazioni degli storici, </strong>che presentiamo il prossimo 5 novembre. Rappresenta bene le ragioni che hanno spinto la <strong>Fondazione Donat-Cattin</strong>, da qualche tempo, a riflettere proprio su questo tema, raccogliendo materiale archivistico e testimonianze dei protagonisti, secondo le linee che abbiamo già anticipato in una precedente newsletter (n. 11 del 10 maggio 2021). Dicevamo allora che il percorso che intendevamo fare prendeva le mosse dal retroterra culturale della Fondazione, ma si sostanziava nel desiderio di proporre una matura riflessione sull’Italia della seconda metà del Novecento. Una riflessione priva di intenti agiografici, ma finalizzata a conoscere meglio il fenomeno democristiano, che nelle sue articolazioni e nel rapporto con il suo retroterra rifletteva la complessità della società italiana.<br />
L’incontro del 5 novembre sarà particolarmente utile per dare un più saldo orizzonte teorico al nostro lavoro, e costituirà anche l’occasione per illustrare l’attività che abbiamo intrapreso. Non saremo soli in questa iniziativa: abbiamo infatti concordato con la Fondazione “Giovanni Goria” di lavorare insieme a questo progetto, proseguendo idealmente e dando sostanza agli orientamenti emersi nel convegno <strong>“La Democrazia Cristiana piemontese. La storia, gli uomini, gli archivi”, </strong>organizzato da entrambe le Fondazioni il 16 aprile 2012 a Palazzo Madama.[/vc_column_text][vc_separator][vc_column_text]Introducono:<br />
<strong>Gianfranco Morgando</strong>, Direttore della Fondazione Donat-Cattin<br />
<strong>Valeria Mosca</strong>, Responsabile Archivio Fondazione Donat-Cattin</p>
<p>Discutono:<br />
<strong>Renato Moro</strong>, Università Roma Tre<br />
<strong>Marta Margotti</strong>, Università di Torino<br />
<strong>Giovanni Mario Ceci</strong>, Università di Roma Tre</p>
<p>Modera:<br />
<strong>Bartolo Gariglio</strong>, Università di Torino[/vc_column_text][/vc_column][vc_column width=&#8221;1/6&#8243;][/vc_column][/vc_row][vc_row][vc_column][/vc_column][/vc_row][vc_row][vc_column][/vc_column][/vc_row][vc_row][vc_column][/vc_column][/vc_row]</p>

<p>[vc_row][vc_column][vc_single_image image=&#8221;8774&#8243; img_size=&#8221;full&#8221;][/vc_column][/vc_row][vc_row][vc_column width=&#8221;1/6&#8243;][/vc_column][vc_column width=&#8221;2/3&#8243;][vc_column_text] Mondo Contemporaneo Il cattolicesimo politico nella storia dell’Italia repubblicana: le interpretazioni degli storici Presentazione del numero speciale di Mondo Contemporaneo 2-3/2018[/vc_column_text][vc_column_text] Venerdì 5 novembre 2021 &#8211; Ore 17:30 Polo del ’900, Via del Carmine 14, Sala didattica Ingresso in Sala didattica con prenotazione obbligatoria registrandosi al seguente link L&#8217;evento sarà [&hellip;]</p>
