{"id":7042,"date":"2021-04-29T17:10:29","date_gmt":"2021-04-29T15:10:29","guid":{"rendered":"http:\/\/www.fondazionedonatcattin.it\/?page_id=7042"},"modified":"2021-07-01T19:58:45","modified_gmt":"2021-07-01T17:58:45","slug":"attivita-20-2-3-2-2-2-3-2-3-2-4-2-3-2-2-3-2-5-2-2-3-5-2-2-3-3-2-3-3-2-3-2-2-2-2-2","status":"publish","type":"page","link":"https:\/\/www.fondazionedonatcattin.it\/?page_id=7042","title":{"rendered":"Culle Vuote &#8211; 30 giugno 2021"},"content":{"rendered":"<p>[vc_row][vc_column][vc_single_image image=&#8221;7043&#8243; img_size=&#8221;full&#8221;][\/vc_column][\/vc_row][vc_row][vc_column width=&#8221;1\/6&#8243;][vc_single_image image=&#8221;6454&#8243; img_size=&#8221;full&#8221; onclick=&#8221;custom_link&#8221; img_link_target=&#8221;_blank&#8221; link=&#8221;http:\/\/www.fondazionedonatcattin.it\/?page_id=6416&#8243;][vc_column_text]<strong><a href=\"http:\/\/www.fondazionedonatcattin.it\/?page_id=6416\"><span style=\"color: #800000;\">Un sondaggio della Fondazione Carlo Donat-Cattin<\/span><\/a><\/strong>[\/vc_column_text][\/vc_column][vc_column width=&#8221;2\/3&#8243;][vc_column_text]<\/p>\n<h2><strong><span style=\"color: #993300;\">Culle vuote: perch\u00e9 non si fanno figli?<br \/>\nQuestione demografica e prospettive dell&#8217;Italia<\/span><\/strong><\/h2>\n<p>[\/vc_column_text][vc_column_text]<strong>Mercoled\u00ec 30 giugno &#8211; Ore 16:30<br \/>\nPolo del &#8216;900, Sala Conferenze, Corso Valdocco 4\/b &#8211; Torino<\/strong><\/p>\n<p>Evento in presenza e in diretta streaming sulla pagina Facebook e sul sito della Fondazione[\/vc_column_text][vc_video link=&#8221;https:\/\/youtu.be\/5lCGo3OZ6ng&#8221;][vc_column_text]<\/p>\n<div style=\"text-align: justify;\">\n<p><strong>La crisi demografica, su cui da alcuni mesi si \u00e8 aperto un ampio dibattito, \u00e8 uno degli aspetti della crisi del Paese, che \u00e8 contemporaneamente crisi economica, sociale e culturale.<\/strong> Si tratta forse del tema pi\u00f9 emblematico del sovrapporsi di diversi piani di interpretazione della nostra realt\u00e0, che contribuiscono tutti a determinare gravi interrogativi per il futuro.<br \/>\nNon ci sono ricette semplici per costruire una inversione di tendenza al declino demografico. E in ogni caso i tempi per la verifica dei risultati sono molto lunghi. Per la prima volta tuttavia, con l\u2019approvazione della legge sull\u2019assegno unico per i figli, si imposta una strategia di lungo periodo in linea con le politiche dei pi\u00f9 grandi paesi europei. Sappiamo per\u00f2 che un provvedimento non basta: occorre agire in profondit\u00e0 sulle motivazioni di vita dei giovani, sulle aspettative lavorative e professionali, sulla qualit\u00e0 dei servizi per le famiglie. Un percorso complesso, su cui mantenere viva l\u2019attenzione dell\u2019opinione pubblica, per evitare che la consapevolezza di oggi venga meno, travolta dalle questioni contingenti e dagli egoismi di individui e categorie.<br \/>\nLa\u00a0 <strong>Fondazione Donat-Cattin<\/strong> ha dato un contributo alla comprensione del problema con una ricerca, commissionata all\u2019istituto demoscopico <strong>\u201cNoto sondaggi\u201d<\/strong>, e resa pubblica nel mese di marzo scorso. <strong>Il rapporto di ricerca \u00e8 consultabile sul nostro sito<\/strong>.\u00a0 A partire da quel lavoro proponiamo un primo confronto che aiuti a comprendere il fenomeno ed a costruire risposte adeguate.<\/p>\n<\/div>\n<p>[\/vc_column_text][vc_column_text]<em>Introduce<\/em><br \/>\n<strong>Gianfranco Morgando<\/strong>, Direttore della Fondazione Donat-Cattin<\/p>\n<p><em>Discutono<\/em><br \/>\n<strong>Elena Bonetti<\/strong>, Ministra delle pari opportunit\u00e0 e\u00a0della famiglia<br \/>\n<strong>Elena Chiorino,<\/strong> Assessore Istruzione, Lavoro, Formazione professionale, Diritto allo Studio universitario, Regione Piemonte<br \/>\n<strong>Stefano Lepri<\/strong>, Relatore alla Camera dei Deputati sulla Legge Delega in materia di assegno unico<br \/>\n<strong>Antonio Noto<\/strong>, \u201cNoto sondaggi\u201d<br \/>\n<strong>Mons. Vincenzo Paglia<\/strong>, Presidente della Pontificia Accademia per la vita<br \/>\n<strong>Alessandro Rosina<\/strong>, Professore ordinario di Demografia, Universit\u00e0 Cattolica[\/vc_column_text][vc_video link=&#8221;https:\/\/vimeo.com\/569880557\/62ecb9324e&#8221;][vc_column_text]Servizio al TGR Piemonte di Gioved\u00ec 1 luglio 2021, ore 14.30[\/vc_column_text][vc_separator][\/vc_column][vc_column width=&#8221;1\/6&#8243;][\/vc_column][\/vc_row][vc_row][vc_column][vc_single_image image=&#8221;7100&#8243; img_size=&#8221;full&#8221;][vc_column_text]Articolo pubblicato su La Stampa di Gioved\u00ec 1 luglio 2021[\/vc_column_text][\/vc_column][\/vc_row][vc_row][vc_column][\/vc_column][\/vc_row][vc_row][vc_column][\/vc_column][\/vc_row][vc_row][vc_column][\/vc_column][\/vc_row][vc_row][vc_column][\/vc_column][\/vc_row]<\/p>\n","protected":false},"excerpt":{"rendered":"<p>[vc_row][vc_column][vc_single_image image=&#8221;7043&#8243; img_size=&#8221;full&#8221;][\/vc_column][\/vc_row][vc_row][vc_column width=&#8221;1\/6&#8243;][vc_single_image image=&#8221;6454&#8243; img_size=&#8221;full&#8221; onclick=&#8221;custom_link&#8221; img_link_target=&#8221;_blank&#8221; link=&#8221;http:\/\/www.fondazionedonatcattin.it\/?page_id=6416&#8243;][vc_column_text]Un sondaggio della Fondazione Carlo Donat-Cattin[\/vc_column_text][\/vc_column][vc_column width=&#8221;2\/3&#8243;][vc_column_text] Culle vuote: perch\u00e9 non si fanno figli? Questione demografica e prospettive dell&#8217;Italia [\/vc_column_text][vc_column_text]Mercoled\u00ec 30 giugno &#8211; Ore 16:30 Polo del &#8216;900, Sala Conferenze, Corso Valdocco 4\/b &#8211; Torino Evento in presenza e in diretta streaming sulla pagina Facebook e sul [&hellip;]<\/p>\n","protected":false},"author":11,"featured_media":0,"parent":0,"menu_order":0,"comment_status":"closed","ping_status":"closed","template":"","meta":{"footnotes":""},"_links":{"self":[{"href":"https:\/\/www.fondazionedonatcattin.it\/index.php?rest_route=\/wp\/v2\/pages\/7042"}],"collection":[{"href":"https:\/\/www.fondazionedonatcattin.it\/index.php?rest_route=\/wp\/v2\/pages"}],"about":[{"href":"https:\/\/www.fondazionedonatcattin.it\/index.php?rest_route=\/wp\/v2\/types\/page"}],"author":[{"embeddable":true,"href":"https:\/\/www.fondazionedonatcattin.it\/index.php?rest_route=\/wp\/v2\/users\/11"}],"replies":[{"embeddable":true,"href":"https:\/\/www.fondazionedonatcattin.it\/index.php?rest_route=%2Fwp%2Fv2%2Fcomments&post=7042"}],"version-history":[{"count":0,"href":"https:\/\/www.fondazionedonatcattin.it\/index.php?rest_route=\/wp\/v2\/pages\/7042\/revisions"}],"wp:attachment":[{"href":"https:\/\/www.fondazionedonatcattin.it\/index.php?rest_route=%2Fwp%2Fv2%2Fmedia&parent=7042"}],"curies":[{"name":"wp","href":"https:\/\/api.w.org\/{rel}","templated":true}]}}

<p>[vc_row][vc_column][vc_single_image image=&#8221;7043&#8243; img_size=&#8221;full&#8221;][/vc_column][/vc_row][vc_row][vc_column width=&#8221;1/6&#8243;][vc_single_image image=&#8221;6454&#8243; img_size=&#8221;full&#8221; onclick=&#8221;custom_link&#8221; img_link_target=&#8221;_blank&#8221; link=&#8221;http://www.fondazionedonatcattin.it/?page_id=6416&#8243;][vc_column_text]<strong><a href="http://www.fondazionedonatcattin.it/?page_id=6416"><span style="color: #800000;">Un sondaggio della Fondazione Carlo Donat-Cattin</span></a></strong>[/vc_column_text][/vc_column][vc_column width=&#8221;2/3&#8243;][vc_column_text]</p>
<h2><strong><span style="color: #993300;">Culle vuote: perché non si fanno figli?<br />
Questione demografica e prospettive dell&#8217;Italia</span></strong></h2>
<p>[/vc_column_text][vc_column_text]<strong>Mercoledì 30 giugno &#8211; Ore 16:30<br />
Polo del &#8216;900, Sala Conferenze, Corso Valdocco 4/b &#8211; Torino</strong></p>
<p>Evento in presenza e in diretta streaming sulla pagina Facebook e sul sito della Fondazione[/vc_column_text][vc_video link=&#8221;https://youtu.be/5lCGo3OZ6ng&#8221;][vc_column_text]</p>
<div style="text-align: justify;">
<p><strong>La crisi demografica, su cui da alcuni mesi si è aperto un ampio dibattito, è uno degli aspetti della crisi del Paese, che è contemporaneamente crisi economica, sociale e culturale.</strong> Si tratta forse del tema più emblematico del sovrapporsi di diversi piani di interpretazione della nostra realtà, che contribuiscono tutti a determinare gravi interrogativi per il futuro.<br />
Non ci sono ricette semplici per costruire una inversione di tendenza al declino demografico. E in ogni caso i tempi per la verifica dei risultati sono molto lunghi. Per la prima volta tuttavia, con l’approvazione della legge sull’assegno unico per i figli, si imposta una strategia di lungo periodo in linea con le politiche dei più grandi paesi europei. Sappiamo però che un provvedimento non basta: occorre agire in profondità sulle motivazioni di vita dei giovani, sulle aspettative lavorative e professionali, sulla qualità dei servizi per le famiglie. Un percorso complesso, su cui mantenere viva l’attenzione dell’opinione pubblica, per evitare che la consapevolezza di oggi venga meno, travolta dalle questioni contingenti e dagli egoismi di individui e categorie.<br />
La  <strong>Fondazione Donat-Cattin</strong> ha dato un contributo alla comprensione del problema con una ricerca, commissionata all’istituto demoscopico <strong>“Noto sondaggi”</strong>, e resa pubblica nel mese di marzo scorso. <strong>Il rapporto di ricerca è consultabile sul nostro sito</strong>.  A partire da quel lavoro proponiamo un primo confronto che aiuti a comprendere il fenomeno ed a costruire risposte adeguate.</p>
</div>
<p>[/vc_column_text][vc_column_text]<em>Introduce</em><br />
<strong>Gianfranco Morgando</strong>, Direttore della Fondazione Donat-Cattin</p>
<p><em>Discutono</em><br />
<strong>Elena Bonetti</strong>, Ministra delle pari opportunità e della famiglia<br />
<strong>Elena Chiorino,</strong> Assessore Istruzione, Lavoro, Formazione professionale, Diritto allo Studio universitario, Regione Piemonte<br />
<strong>Stefano Lepri</strong>, Relatore alla Camera dei Deputati sulla Legge Delega in materia di assegno unico<br />
<strong>Antonio Noto</strong>, “Noto sondaggi”<br />
<strong>Mons. Vincenzo Paglia</strong>, Presidente della Pontificia Accademia per la vita<br />
<strong>Alessandro Rosina</strong>, Professore ordinario di Demografia, Università Cattolica[/vc_column_text][vc_video link=&#8221;https://vimeo.com/569880557/62ecb9324e&#8221;][vc_column_text]Servizio al TGR Piemonte di Giovedì 1 luglio 2021, ore 14.30[/vc_column_text][vc_separator][/vc_column][vc_column width=&#8221;1/6&#8243;][/vc_column][/vc_row][vc_row][vc_column][vc_single_image image=&#8221;7100&#8243; img_size=&#8221;full&#8221;][vc_column_text]Articolo pubblicato su La Stampa di Giovedì 1 luglio 2021[/vc_column_text][/vc_column][/vc_row][vc_row][vc_column][/vc_column][/vc_row][vc_row][vc_column][/vc_column][/vc_row][vc_row][vc_column][/vc_column][/vc_row][vc_row][vc_column][/vc_column][/vc_row]</p>

<p>[vc_row][vc_column][vc_single_image image=&#8221;7043&#8243; img_size=&#8221;full&#8221;][/vc_column][/vc_row][vc_row][vc_column width=&#8221;1/6&#8243;][vc_single_image image=&#8221;6454&#8243; img_size=&#8221;full&#8221; onclick=&#8221;custom_link&#8221; img_link_target=&#8221;_blank&#8221; link=&#8221;http://www.fondazionedonatcattin.it/?page_id=6416&#8243;][vc_column_text]Un sondaggio della Fondazione Carlo Donat-Cattin[/vc_column_text][/vc_column][vc_column width=&#8221;2/3&#8243;][vc_column_text] Culle vuote: perché non si fanno figli? Questione demografica e prospettive dell&#8217;Italia [/vc_column_text][vc_column_text]Mercoledì 30 giugno &#8211; Ore 16:30 Polo del &#8216;900, Sala Conferenze, Corso Valdocco 4/b &#8211; Torino Evento in presenza e in diretta streaming sulla pagina Facebook e sul [&hellip;]</p>
