{"id":6845,"date":"2021-04-29T17:10:29","date_gmt":"2021-04-29T15:10:29","guid":{"rendered":"http:\/\/www.fondazionedonatcattin.it\/?page_id=6845"},"modified":"2021-08-10T18:21:33","modified_gmt":"2021-08-10T16:21:33","slug":"attivita-20-2-3-2-2-2-3-2-3-2-4-2-3-2-2-3-2-5-2-2-3-5-2-2-3-3-2-3-3-2-3-2-2-3","status":"publish","type":"page","link":"https:\/\/www.fondazionedonatcattin.it\/?page_id=6845","title":{"rendered":"Ammalarsi nel passato &#8211; 26 maggio 2021"},"content":{"rendered":"<p>[vc_row][vc_column][vc_single_image image=&#8221;6848&#8243; img_size=&#8221;full&#8221;][\/vc_column][\/vc_row][vc_row][vc_column width=&#8221;1\/6&#8243;][vc_column_text]<\/p>\n<ul>\n<li style=\"margin-bottom: 12px;\"><a href=\"http:\/\/www.fondazionedonatcattin.it\/?page_id=4943\">Dal medico condotto al Servizio Sanitario Nazionale. <\/a><br \/>\nAnticipazioni di una mostra<\/li>\n<li style=\"margin-bottom: 12px;\"><a href=\"http:\/\/www.fondazionedonatcattin.it\/?page_id=6714\">Dai medici condotti al Servizio Sanitario Nazionale<\/a><br \/>\nInaugurazione<\/li>\n<li style=\"margin-bottom: 12px;\"><a href=\"http:\/\/www.fondazionedonatcattin.it\/?page_id=6785\">Musei della Medicina e della Sanit\u00e0 in Piemonte. <\/a>Presente e futuro<\/li>\n<li style=\"margin-bottom: 12px;\"><a href=\"http:\/\/www.fondazionedonatcattin.it\/?page_id=6800\">Quale sanit\u00e0 in Italia dopo il coronavirus<\/a><\/li>\n<li style=\"margin-bottom: 12px;\"><a href=\"http:\/\/www.fondazionedonatcattin.it\/?page_id=6845\">Ammalarsi nel passato. <\/a>Storie di medici e pazienti tra Ottocento e Novecento<\/li>\n<li style=\"margin-bottom: 12px;\"><a href=\"http:\/\/www.fondazionedonatcattin.it\/?page_id=6964\">Percorsi della sanit\u00e0 in Italia nell\u2019Archivio della Fondazione Donat-Cattin<br \/>\n<\/a><\/li>\n<\/ul>\n<p>[\/vc_column_text][\/vc_column][vc_column width=&#8221;2\/3&#8243;][vc_column_text]<\/p>\n<h2><span style=\"color: #993300;\"><strong>Ammalarsi nel passato<br \/>\n<\/strong><\/span><\/h2>\n<p><strong>Storie di medici e pazienti tra Ottocento e Novecento<\/strong>[\/vc_column_text][vc_column_text]<strong>Mercoled\u00ec 26 maggio ore 17.30<br \/>\n<\/strong>in diretta streaming sulla pagina Facebook e sul sito della Fondazione[\/vc_column_text][vc_video link=&#8221;https:\/\/youtu.be\/0ILnTZ-_ZBo&#8221;][vc_column_text]<\/p>\n<div style=\"text-align: justify;\">\n<p><strong>\u201cAmmalarsi nel passato\u201d<\/strong>: una voce narrante introduce una serie di casi clinici descritti da medici e pazienti, esposti da diversi relatori, che partono dagli interventi chirurgici preanestesia, alle malattie mortali prima dell&#8217;avvento di antibiotici, fino alle sperequazioni tra mutuati e paganti alla met\u00e0 del XX secolo.<br \/>\nQuesto \u00e8 il terzo appuntamento degli incontri che abbiamo programmato in contemporanea con la mostra <strong>Dai medici condotti al Servizio Sanitario Nazionale. <\/strong>Nel primo incontro abbiamo parlato dei <strong>Musei della medicina e della Sanit\u00e0 in Piemonte<\/strong>, nel secondo incontro il <strong>prof. Renato Balduzzi<\/strong>, ordinario di Diritto Costituzionale all\u2019Universit\u00e0 Cattolica e Ministro della Salute dal 2011 al 2013 ci ha parlato del ruolo della sanit\u00e0 pubblica, potente fattore di uguaglianza sociale e pilastro del welfare del futuro; il tema \u00e8 stato <strong>Quale sanit\u00e0 in Italia dopo il coronavirus <\/strong>e sono intevenuti <strong>Antonio Saitta<\/strong>, gi\u00e0 Assessore alla Sanit\u00e0 della Regione Piemonte, e <strong>Gian Paolo Zanetta<\/strong>, direttore generale dell\u2019Ospedale Cottolengo di Torino.<\/p>\n<\/div>\n<p>[\/vc_column_text][vc_column_text]<em>La narrazione di casi clinici reali verr\u00e0 commentata dai relatori:<\/em><\/p>\n<p><strong>Marco Galloni<\/strong><br \/>\n<span style=\"color: #993300;\"><strong>Chirurgia pre-anestesia e chirurgia nella Grande Guerra<\/strong><\/span><\/p>\n<p><strong>Franco Lupano<\/strong><br \/>\n<span style=\"color: #993300;\"><strong>La Medicina: tubercolosi, malaria e altro<\/strong><\/span><\/p>\n<p><strong>Giacomo Vaccarino<\/strong><br \/>\n<span style=\"color: #993300;\"><strong>Voci dal manicomio<\/strong><\/span><\/p>\n<p>La lettura delle storie \u00e8 affidata a <strong>Enrico Lupano<\/strong>[\/vc_column_text][vc_separator][\/vc_column][vc_column width=&#8221;1\/6&#8243;][\/vc_column][\/vc_row][vc_row][vc_column][\/vc_column][\/vc_row]<\/p>\n","protected":false},"excerpt":{"rendered":"<p>[vc_row][vc_column][vc_single_image image=&#8221;6848&#8243; img_size=&#8221;full&#8221;][\/vc_column][\/vc_row][vc_row][vc_column width=&#8221;1\/6&#8243;][vc_column_text] Dal medico condotto al Servizio Sanitario Nazionale. Anticipazioni di una mostra Dai medici condotti al Servizio Sanitario Nazionale Inaugurazione Musei della Medicina e della Sanit\u00e0 in Piemonte. Presente e futuro Quale sanit\u00e0 in Italia dopo il coronavirus Ammalarsi nel passato. Storie di medici e pazienti tra Ottocento e Novecento Percorsi della [&hellip;]<\/p>\n","protected":false},"author":11,"featured_media":0,"parent":0,"menu_order":0,"comment_status":"closed","ping_status":"closed","template":"","meta":{"footnotes":""},"_links":{"self":[{"href":"https:\/\/www.fondazionedonatcattin.it\/index.php?rest_route=\/wp\/v2\/pages\/6845"}],"collection":[{"href":"https:\/\/www.fondazionedonatcattin.it\/index.php?rest_route=\/wp\/v2\/pages"}],"about":[{"href":"https:\/\/www.fondazionedonatcattin.it\/index.php?rest_route=\/wp\/v2\/types\/page"}],"author":[{"embeddable":true,"href":"https:\/\/www.fondazionedonatcattin.it\/index.php?rest_route=\/wp\/v2\/users\/11"}],"replies":[{"embeddable":true,"href":"https:\/\/www.fondazionedonatcattin.it\/index.php?rest_route=%2Fwp%2Fv2%2Fcomments&post=6845"}],"version-history":[{"count":0,"href":"https:\/\/www.fondazionedonatcattin.it\/index.php?rest_route=\/wp\/v2\/pages\/6845\/revisions"}],"wp:attachment":[{"href":"https:\/\/www.fondazionedonatcattin.it\/index.php?rest_route=%2Fwp%2Fv2%2Fmedia&parent=6845"}],"curies":[{"name":"wp","href":"https:\/\/api.w.org\/{rel}","templated":true}]}}

<p>[vc_row][vc_column][vc_single_image image=&#8221;6848&#8243; img_size=&#8221;full&#8221;][/vc_column][/vc_row][vc_row][vc_column width=&#8221;1/6&#8243;][vc_column_text]</p>
<ul>
<li style="margin-bottom: 12px;"><a href="http://www.fondazionedonatcattin.it/?page_id=4943">Dal medico condotto al Servizio Sanitario Nazionale. </a><br />
Anticipazioni di una mostra</li>
<li style="margin-bottom: 12px;"><a href="http://www.fondazionedonatcattin.it/?page_id=6714">Dai medici condotti al Servizio Sanitario Nazionale</a><br />
Inaugurazione</li>
<li style="margin-bottom: 12px;"><a href="http://www.fondazionedonatcattin.it/?page_id=6785">Musei della Medicina e della Sanità in Piemonte. </a>Presente e futuro</li>
<li style="margin-bottom: 12px;"><a href="http://www.fondazionedonatcattin.it/?page_id=6800">Quale sanità in Italia dopo il coronavirus</a></li>
<li style="margin-bottom: 12px;"><a href="http://www.fondazionedonatcattin.it/?page_id=6845">Ammalarsi nel passato. </a>Storie di medici e pazienti tra Ottocento e Novecento</li>
<li style="margin-bottom: 12px;"><a href="http://www.fondazionedonatcattin.it/?page_id=6964">Percorsi della sanità in Italia nell’Archivio della Fondazione Donat-Cattin<br />
</a></li>
</ul>
<p>[/vc_column_text][/vc_column][vc_column width=&#8221;2/3&#8243;][vc_column_text]</p>
<h2><span style="color: #993300;"><strong>Ammalarsi nel passato<br />
</strong></span></h2>
<p><strong>Storie di medici e pazienti tra Ottocento e Novecento</strong>[/vc_column_text][vc_column_text]<strong>Mercoledì 26 maggio ore 17.30<br />
</strong>in diretta streaming sulla pagina Facebook e sul sito della Fondazione[/vc_column_text][vc_video link=&#8221;https://youtu.be/0ILnTZ-_ZBo&#8221;][vc_column_text]</p>
<div style="text-align: justify;">
<p><strong>“Ammalarsi nel passato”</strong>: una voce narrante introduce una serie di casi clinici descritti da medici e pazienti, esposti da diversi relatori, che partono dagli interventi chirurgici preanestesia, alle malattie mortali prima dell&#8217;avvento di antibiotici, fino alle sperequazioni tra mutuati e paganti alla metà del XX secolo.<br />
Questo è il terzo appuntamento degli incontri che abbiamo programmato in contemporanea con la mostra <strong>Dai medici condotti al Servizio Sanitario Nazionale. </strong>Nel primo incontro abbiamo parlato dei <strong>Musei della medicina e della Sanità in Piemonte</strong>, nel secondo incontro il <strong>prof. Renato Balduzzi</strong>, ordinario di Diritto Costituzionale all’Università Cattolica e Ministro della Salute dal 2011 al 2013 ci ha parlato del ruolo della sanità pubblica, potente fattore di uguaglianza sociale e pilastro del welfare del futuro; il tema è stato <strong>Quale sanità in Italia dopo il coronavirus </strong>e sono intevenuti <strong>Antonio Saitta</strong>, già Assessore alla Sanità della Regione Piemonte, e <strong>Gian Paolo Zanetta</strong>, direttore generale dell’Ospedale Cottolengo di Torino.</p>
</div>
<p>[/vc_column_text][vc_column_text]<em>La narrazione di casi clinici reali verrà commentata dai relatori:</em></p>
<p><strong>Marco Galloni</strong><br />
<span style="color: #993300;"><strong>Chirurgia pre-anestesia e chirurgia nella Grande Guerra</strong></span></p>
<p><strong>Franco Lupano</strong><br />
<span style="color: #993300;"><strong>La Medicina: tubercolosi, malaria e altro</strong></span></p>
<p><strong>Giacomo Vaccarino</strong><br />
<span style="color: #993300;"><strong>Voci dal manicomio</strong></span></p>
<p>La lettura delle storie è affidata a <strong>Enrico Lupano</strong>[/vc_column_text][vc_separator][/vc_column][vc_column width=&#8221;1/6&#8243;][/vc_column][/vc_row][vc_row][vc_column][/vc_column][/vc_row]</p>

<p>[vc_row][vc_column][vc_single_image image=&#8221;6848&#8243; img_size=&#8221;full&#8221;][/vc_column][/vc_row][vc_row][vc_column width=&#8221;1/6&#8243;][vc_column_text] Dal medico condotto al Servizio Sanitario Nazionale. Anticipazioni di una mostra Dai medici condotti al Servizio Sanitario Nazionale Inaugurazione Musei della Medicina e della Sanità in Piemonte. Presente e futuro Quale sanità in Italia dopo il coronavirus Ammalarsi nel passato. Storie di medici e pazienti tra Ottocento e Novecento Percorsi della [&hellip;]</p>
