{"id":6696,"date":"2021-04-29T17:10:29","date_gmt":"2021-04-29T15:10:29","guid":{"rendered":"http:\/\/www.fondazionedonatcattin.it\/?page_id=6696"},"modified":"2021-04-29T17:35:35","modified_gmt":"2021-04-29T15:35:35","slug":"attivita-20-2-3-2-2-2-3-2-3-2-4-2-3-2-2-3-2-5-2-2-3-5-2-2-3-3-2-3-3","status":"publish","type":"page","link":"https:\/\/www.fondazionedonatcattin.it\/?page_id=6696","title":{"rendered":"Swinging Turin &#8211; 25 aprile 2021"},"content":{"rendered":"<p>[vc_row][vc_column][vc_single_image image=&#8221;6703&#8243; img_size=&#8221;full&#8221;][\/vc_column][\/vc_row][vc_row][vc_column width=&#8221;1\/6&#8243;][\/vc_column][vc_column width=&#8221;2\/3&#8243;][vc_column_text]<\/p>\n<h2>Senza sparare un colpo<\/h2>\n<p><strong>Storie di resistenza<\/strong><\/p>\n<p style=\"text-align: justify;\">Domenica 25 aprile &#8211; ore 15:00<\/p>\n<p style=\"text-align: justify;\">\u201cSe non festeggeremo adeguatamente il 25 aprile 2021 non sar\u00e0 a causa dell\u2019emergenza sanitaria da cui siamo assediati, ma per una forma di disinteresse che da alcuni anni si sta allargando a macchia d\u2019olio e che copre la memoria della guerra civile con una coltre grigia\u201d. Cos\u00ec Mirella Serri, sulla \u201cStampa\u201d del 27 marzo scorso, nell\u2019articolo di recensione del recente libro di Chiara Colombini. C\u2019\u00e8 molta verit\u00e0 in questa analisi. Il rischio che il ricordo della Resistenza e della lotta antifascista resti confinato nelle celebrazioni istituzionali, e non corrisponda pi\u00f9 al sentire popolare diffuso \u00e8 reale. La questione \u00e8 soprattutto culturale. Bisogna ricostruire la memoria condivisa di un antifascismo di popolo, diffuso, radicato nelle citt\u00e0 e nelle campagne, nei ceti operai e in quelli borghesi, tra le \u00e8lites laiche e tra i preti delle parrocchie.<br \/>\nDa queste riflessioni \u00e8\u00a0 nata, con gli amici di \u201cSwinging Turin\u201d\u00a0l\u2019idea di uno spettacolo teatrale che raccontasse la Resistenza non armata, l\u2019esistenza quotidiana di coloro che, in modo a volte nascosto o a volte pi\u00f9 eclatante, misero la loro vita a repentaglio per combattere senza ricorrere alle armi. Nella convinzione che le storie dei partigiani combattenti e del popolo antifascista sono due facce di una stessa, luminosa medaglia.<br \/>\nLo spettacolo presenter\u00e0 un ventaglio di storie. In occasione del 25 aprile ne proponiamo un\u2019anteprima, incentrata su due figure: quella di Simone Teich Alasia e di Ennio Pistoi. L\u2019anteprima verr\u00e0 trasmessa in streaming sulla pagina facebook\u00a0e sul sito della Fondazione Donat-Cattin (www.fondazionedonatcattin.it). Lo spettacolo, nella sua versione integrale, verr\u00e0 presentato dal vivo non appena le regole contro la pandemia lo consentiranno.[\/vc_column_text][vc_separator][vc_video link=&#8221;https:\/\/youtu.be\/vo0ZIpD5mIo&#8221;][\/vc_column][vc_column width=&#8221;1\/6&#8243;][\/vc_column][\/vc_row][vc_row][vc_column][\/vc_column][\/vc_row]<\/p>\n","protected":false},"excerpt":{"rendered":"<p>[vc_row][vc_column][vc_single_image image=&#8221;6703&#8243; img_size=&#8221;full&#8221;][\/vc_column][\/vc_row][vc_row][vc_column width=&#8221;1\/6&#8243;][\/vc_column][vc_column width=&#8221;2\/3&#8243;][vc_column_text] Senza sparare un colpo Storie di resistenza Domenica 25 aprile &#8211; ore 15:00 \u201cSe non festeggeremo adeguatamente il 25 aprile 2021 non sar\u00e0 a causa dell\u2019emergenza sanitaria da cui siamo assediati, ma per una forma di disinteresse che da alcuni anni si sta allargando a macchia d\u2019olio e che copre [&hellip;]<\/p>\n","protected":false},"author":11,"featured_media":0,"parent":0,"menu_order":0,"comment_status":"closed","ping_status":"closed","template":"","meta":{"footnotes":""},"_links":{"self":[{"href":"https:\/\/www.fondazionedonatcattin.it\/index.php?rest_route=\/wp\/v2\/pages\/6696"}],"collection":[{"href":"https:\/\/www.fondazionedonatcattin.it\/index.php?rest_route=\/wp\/v2\/pages"}],"about":[{"href":"https:\/\/www.fondazionedonatcattin.it\/index.php?rest_route=\/wp\/v2\/types\/page"}],"author":[{"embeddable":true,"href":"https:\/\/www.fondazionedonatcattin.it\/index.php?rest_route=\/wp\/v2\/users\/11"}],"replies":[{"embeddable":true,"href":"https:\/\/www.fondazionedonatcattin.it\/index.php?rest_route=%2Fwp%2Fv2%2Fcomments&post=6696"}],"version-history":[{"count":0,"href":"https:\/\/www.fondazionedonatcattin.it\/index.php?rest_route=\/wp\/v2\/pages\/6696\/revisions"}],"wp:attachment":[{"href":"https:\/\/www.fondazionedonatcattin.it\/index.php?rest_route=%2Fwp%2Fv2%2Fmedia&parent=6696"}],"curies":[{"name":"wp","href":"https:\/\/api.w.org\/{rel}","templated":true}]}}

<p>[vc_row][vc_column][vc_single_image image=&#8221;6703&#8243; img_size=&#8221;full&#8221;][/vc_column][/vc_row][vc_row][vc_column width=&#8221;1/6&#8243;][/vc_column][vc_column width=&#8221;2/3&#8243;][vc_column_text]</p>
<h2>Senza sparare un colpo</h2>
<p><strong>Storie di resistenza</strong></p>
<p style="text-align: justify;">Domenica 25 aprile &#8211; ore 15:00</p>
<p style="text-align: justify;">“Se non festeggeremo adeguatamente il 25 aprile 2021 non sarà a causa dell’emergenza sanitaria da cui siamo assediati, ma per una forma di disinteresse che da alcuni anni si sta allargando a macchia d’olio e che copre la memoria della guerra civile con una coltre grigia”. Così Mirella Serri, sulla “Stampa” del 27 marzo scorso, nell’articolo di recensione del recente libro di Chiara Colombini. C’è molta verità in questa analisi. Il rischio che il ricordo della Resistenza e della lotta antifascista resti confinato nelle celebrazioni istituzionali, e non corrisponda più al sentire popolare diffuso è reale. La questione è soprattutto culturale. Bisogna ricostruire la memoria condivisa di un antifascismo di popolo, diffuso, radicato nelle città e nelle campagne, nei ceti operai e in quelli borghesi, tra le èlites laiche e tra i preti delle parrocchie.<br />
Da queste riflessioni è  nata, con gli amici di “Swinging Turin” l’idea di uno spettacolo teatrale che raccontasse la Resistenza non armata, l’esistenza quotidiana di coloro che, in modo a volte nascosto o a volte più eclatante, misero la loro vita a repentaglio per combattere senza ricorrere alle armi. Nella convinzione che le storie dei partigiani combattenti e del popolo antifascista sono due facce di una stessa, luminosa medaglia.<br />
Lo spettacolo presenterà un ventaglio di storie. In occasione del 25 aprile ne proponiamo un’anteprima, incentrata su due figure: quella di Simone Teich Alasia e di Ennio Pistoi. L’anteprima verrà trasmessa in streaming sulla pagina facebook e sul sito della Fondazione Donat-Cattin (www.fondazionedonatcattin.it). Lo spettacolo, nella sua versione integrale, verrà presentato dal vivo non appena le regole contro la pandemia lo consentiranno.[/vc_column_text][vc_separator][vc_video link=&#8221;https://youtu.be/vo0ZIpD5mIo&#8221;][/vc_column][vc_column width=&#8221;1/6&#8243;][/vc_column][/vc_row][vc_row][vc_column][/vc_column][/vc_row]</p>

<p>[vc_row][vc_column][vc_single_image image=&#8221;6703&#8243; img_size=&#8221;full&#8221;][/vc_column][/vc_row][vc_row][vc_column width=&#8221;1/6&#8243;][/vc_column][vc_column width=&#8221;2/3&#8243;][vc_column_text] Senza sparare un colpo Storie di resistenza Domenica 25 aprile &#8211; ore 15:00 “Se non festeggeremo adeguatamente il 25 aprile 2021 non sarà a causa dell’emergenza sanitaria da cui siamo assediati, ma per una forma di disinteresse che da alcuni anni si sta allargando a macchia d’olio e che copre [&hellip;]</p>
