{"id":6416,"date":"2018-03-13T12:24:34","date_gmt":"2018-03-13T11:24:34","guid":{"rendered":"http:\/\/www.fondazionedonatcattin.it\/?page_id=6416"},"modified":"2021-07-01T21:36:46","modified_gmt":"2021-07-01T19:36:46","slug":"1919-2019-4-4","status":"publish","type":"page","link":"https:\/\/www.fondazionedonatcattin.it\/?page_id=6416","title":{"rendered":"1919-2019 &#8211; Autunno caldo"},"content":{"rendered":"<p>[vc_row][vc_column][vc_single_image image=&#8221;6421&#8243; img_size=&#8221;full&#8221;][\/vc_column][\/vc_row][vc_row][vc_column width=&#8221;1\/6&#8243;][vc_single_image image=&#8221;7051&#8243; img_size=&#8221;full&#8221; onclick=&#8221;custom_link&#8221; img_link_target=&#8221;_blank&#8221; link=&#8221;http:\/\/www.fondazionedonatcattin.it\/?page_id=7042&#8243;][vc_column_text]<a href=\"http:\/\/www.fondazionedonatcattin.it\/?page_id=7042\"><strong>Culle vuote: perch\u00e9 non si fanno figli?<\/strong><\/a><br \/>\n<a href=\"http:\/\/www.fondazionedonatcattin.it\/?page_id=7042\"><strong>Questione demografica e prospettive dell\u2019Italia<\/strong><\/a>[\/vc_column_text][\/vc_column][vc_column width=&#8221;2\/3&#8243;][vc_column_text]<\/p>\n<h2 class=\"Corpo\" style=\"text-align: center;\" align=\"center\"><span style=\"color: #993300;\">La maggioranza dei ventenni<br \/>\nvede un futuro senza figli<\/span><\/h2>\n<h2 style=\"text-align: center;\"><span style=\"color: #993300;\">Un sondaggio della Fondazione Carlo Donat-Cattin<\/span><\/h2>\n<h1><span style=\"color: #993300;\">L&#8217;intuizione trentacinque anni fa<\/span><\/h1>\n<p class=\"Default\" style=\"text-align: justify;\"><strong><img decoding=\"async\" loading=\"lazy\" class=\"wp-image-563 alignright\" src=\"http:\/\/www.fondazionedonatcattin.it\/wp-content\/uploads\/2018\/03\/foto_carlo_poesia-233x300.jpg\" alt=\"\" width=\"218\" height=\"281\" srcset=\"https:\/\/www.fondazionedonatcattin.it\/wp-content\/uploads\/2018\/03\/foto_carlo_poesia-233x300.jpg 233w, https:\/\/www.fondazionedonatcattin.it\/wp-content\/uploads\/2018\/03\/foto_carlo_poesia-768x990.jpg 768w, https:\/\/www.fondazionedonatcattin.it\/wp-content\/uploads\/2018\/03\/foto_carlo_poesia-794x1024.jpg 794w\" sizes=\"(max-width: 218px) 100vw, 218px\" \/>L\u2019inverno demografico e il rischio di vivere in un paese di vecchi venne anticipato 35 anni fa dal ministro della Sanit\u00e0 Carlo Donat-Cattin.<\/strong> Lo fece nel settembre del 1986 dal tradizionale convegno di Saint Vincent: \u201cQuello che l\u2019Italia ha dato alla storia del mondo non pu\u00f2 farci trovare cancellati, di modo che di qui a duecento anni la gente, i ragazzi che vanno a scuola ascolterebbero: ecco c\u2019erano i Sumeri nella pianura del Tigri e dell\u2019Eufrate e c\u2019erano gli italiani tra gli Appennini e le Alpi\u201d.<\/p>\n<p class=\"Default\" style=\"text-align: justify;\"><strong>E Donat-Cattin cos\u00ec proseguiva<\/strong> \u201clo dico con tutta l\u2019anima anche ai tanti che sono qui: \u00e8 meglio avere figli, anche se ti fanno sanguinare il cuore. Perch\u00e9 questa \u00e8 la vita, questo il contributo nel sacrificio, nell\u2019amore, nella pena e nella gioia di vivere, che offre la continuit\u00e0 che dobbiamo dare al mondo, ai doni che da Dio abbiamo ricevuto\u201d.<\/p>\n<p class=\"Default\" style=\"text-align: justify;\">Donat-Cattin vedeva l\u2019Italia come un paese\u00a0 \u201cin scadenza\u201d, destinato a far contare 30 milioni di abitanti nel 2050. Dati che gli aveva fornito il demografo Antonio Golini, confermati anche dalle proiezioni di alcune compagnie di assicurazione. Dati contestati da alcuni giornali che accusarono il ministro della Sanit\u00e0 di nostalgia verso politiche demografiche del ventennio fascista. <strong>Le \u201cculle vuote\u201d di questi anni hanno confermato le previsioni di Carlo Donat-Cattin.<\/strong><\/p>\n<p>[\/vc_column_text][vc_column_text]<\/p>\n<h1 class=\"Corpo\" style=\"text-align: left;\" align=\"center\"><span style=\"color: #993300;\">Il sondaggio della Fondazione<br \/>\n<\/span><\/h1>\n<p class=\"Default\" style=\"text-align: justify;\">La maggioranza dei giovani italiani tra i 18 ed i 20 anni immagina il proprio futuro senza figli. \u00c8 questo uno dei risultati sorprendenti che scaturisce da un sondaggio commissionato dalla Fondazione Donat-Cattin all\u2019Istituto demoscopico Noto Sondaggi in occasione del trentennale della morte dell\u2019ex Ministro. Il 51% dei ragazzi interpellati non si immagina genitore. Tra questi il 31% stima che a 40 anni avr\u00e0 un rapporto di coppia ma senza figli e un ulteriore 20% pensa che sar\u00e0 single. Nel valutare i motivi per cui i giovani non vogliono avere figli gli intervistati adducono soprattutto ragioni che riguardano la sfera sociale pi\u00f9 che una avversione netta a diventare genitori: la carenza di lavoro in primis (87%), cui segue l\u2019assenza di politiche adeguate per la famiglia (69%); una percentuale analoga per\u00f2 parla anche di crisi delle relazioni stabili mentre solo un ulteriore 37% ritiene i figli un ostacolo in quanto condizionano la vita. In relazione alla volont\u00e0 di non avere figli i giovani possono essere divisi in 3 categorie: 1) c\u2019\u00e8 chi ha un atteggiamento che potremmo definire \u00abnarcisista\u00bb per cui un figlio, e pi\u00f9 in generale legami stabili, limitano la propria libert\u00e0; 2) accanto a questa viene espressa per\u00f2 anche una motivazione pi\u00f9 \u00abrealista\u00bb che riguarda la paura di non potersi permettere economicamente questa possibilit\u00e0; 3) non aver figli invece per mancanza di fiducia nella societ\u00e0 \u00e8 indice infine di un atteggiamento \u00abnichilista\u00bb che evidenzia il pessimismo di questo target nel guardare al futuro.<\/p>\n<p class=\"Default\" style=\"text-align: justify;\"><img decoding=\"async\" loading=\"lazy\" class=\"aligncenter wp-image-6435\" src=\"http:\/\/www.fondazionedonatcattin.it\/wp-content\/uploads\/2021\/03\/003_SG-1025x450.png\" alt=\"\" width=\"850\" height=\"373\" srcset=\"https:\/\/www.fondazionedonatcattin.it\/wp-content\/uploads\/2021\/03\/003_SG-1025x450.png 1025w, https:\/\/www.fondazionedonatcattin.it\/wp-content\/uploads\/2021\/03\/003_SG-1024x450.png 1024w, https:\/\/www.fondazionedonatcattin.it\/wp-content\/uploads\/2021\/03\/003_SG-768x337.png 768w, https:\/\/www.fondazionedonatcattin.it\/wp-content\/uploads\/2021\/03\/003_SG-1536x674.png 1536w, https:\/\/www.fondazionedonatcattin.it\/wp-content\/uploads\/2021\/03\/003_SG.png 1922w\" sizes=\"(max-width: 850px) 100vw, 850px\" \/>Un altro risultato del sondaggio riguarda la sfera dei rapporti sociali e quindi la percezione di sentirsi incluso\/escluso da parte dei 18-20nni. il 51% vive una forte insoddisfazione in quanto non si sente \u201cpienamente incluso\u201d, a questi si aggiunge un ulteriore 4% che invece lamenta una \u201cesclusione totale\u201d. La minoranza, seppure sostanziosa, il 44% si autodefinisce \u201cincluso. A percepire le maggiori difficolt\u00e0 di inserimento sociale sono le donne rispetto agli uomini.<\/p>\n<p class=\"Default\" style=\"text-align: justify;\">E\u2019 anche interessante notare che la condizione di studente lavoratore appartiene solo ad un giovane su 5 (18%). La maggioranza non ha mai lavorato mentre il restante 31% ha avuto qualche esperienza di lavoro ma attualmente ha scelto di dedicarsi unicamente allo studio.<\/p>\n<p class=\"Default\" style=\"text-align: justify;\"><img decoding=\"async\" loading=\"lazy\" class=\"alignnone wp-image-6437\" src=\"http:\/\/www.fondazionedonatcattin.it\/wp-content\/uploads\/2021\/03\/006_SG-1083x450.png\" alt=\"\" width=\"850\" height=\"353\" srcset=\"https:\/\/www.fondazionedonatcattin.it\/wp-content\/uploads\/2021\/03\/006_SG-1083x450.png 1083w, https:\/\/www.fondazionedonatcattin.it\/wp-content\/uploads\/2021\/03\/006_SG-1024x426.png 1024w, https:\/\/www.fondazionedonatcattin.it\/wp-content\/uploads\/2021\/03\/006_SG-768x319.png 768w, https:\/\/www.fondazionedonatcattin.it\/wp-content\/uploads\/2021\/03\/006_SG-1536x638.png 1536w, https:\/\/www.fondazionedonatcattin.it\/wp-content\/uploads\/2021\/03\/006_SG.png 1896w\" sizes=\"(max-width: 850px) 100vw, 850px\" \/>In conclusione, rispetto al futuro si notano differenze nella percezione dei giovani se si considera la dimensione personale o quella collettiva nazionale. Rispetto al proprio futuro personale la maggioranza si sente ottimista; pensando invece al futuro dell\u2019Italia la quota degli ottimisti diventa minoranza (43%).<\/p>\n<p class=\"Default\" style=\"text-align: justify;\">Le disaggregazioni evidenziano che sul piano personale gli uomini sono un po\u2019 pi\u00f9 positivi delle donne (68% di ottimisti rispetto al 60%). Nel considerare invece il futuro dell\u2019Italia\u00a0 sono le donne ad avere un po\u2019 pi\u00f9 fiducia.<\/p>\n<p><a href=\"http:\/\/www.fondazionedonatcattin.it\/wp-content\/uploads\/2021\/03\/REPORT-I-GIOVANI-ED-IL-FUTURO.pdf\" target=\"_blank\" rel=\"noopener noreferrer\">Scarica il sondaggio (pdf) \u00a0 <\/a><a href=\"http:\/\/www.fondazionedonatcattin.it\/wp-content\/uploads\/2021\/03\/REPORT-I-GIOVANI-ED-IL-FUTURO.pdf\" target=\"_blank\" rel=\"noopener noreferrer\"><img decoding=\"async\" loading=\"lazy\" class=\"alignnone wp-image-6444\" src=\"http:\/\/www.fondazionedonatcattin.it\/wp-content\/uploads\/2021\/03\/Schermata-2021-03-16-alle-07.35.51-597x450.png\" alt=\"\" width=\"68\" height=\"52\" srcset=\"https:\/\/www.fondazionedonatcattin.it\/wp-content\/uploads\/2021\/03\/Schermata-2021-03-16-alle-07.35.51-597x450.png 597w, https:\/\/www.fondazionedonatcattin.it\/wp-content\/uploads\/2021\/03\/Schermata-2021-03-16-alle-07.35.51-1024x772.png 1024w, https:\/\/www.fondazionedonatcattin.it\/wp-content\/uploads\/2021\/03\/Schermata-2021-03-16-alle-07.35.51-768x579.png 768w, https:\/\/www.fondazionedonatcattin.it\/wp-content\/uploads\/2021\/03\/Schermata-2021-03-16-alle-07.35.51-1536x1158.png 1536w, https:\/\/www.fondazionedonatcattin.it\/wp-content\/uploads\/2021\/03\/Schermata-2021-03-16-alle-07.35.51.png 2016w\" sizes=\"(max-width: 68px) 100vw, 68px\" \/><\/a>[\/vc_column_text][\/vc_column][vc_column width=&#8221;1\/6&#8243;][\/vc_column][\/vc_row][vc_row][vc_column width=&#8221;1\/6&#8243;][\/vc_column][\/vc_row][vc_row][vc_column][\/vc_column][\/vc_row]<\/p>\n","protected":false},"excerpt":{"rendered":"<p>[vc_row][vc_column][vc_single_image image=&#8221;6421&#8243; img_size=&#8221;full&#8221;][\/vc_column][\/vc_row][vc_row][vc_column width=&#8221;1\/6&#8243;][vc_single_image image=&#8221;7051&#8243; img_size=&#8221;full&#8221; onclick=&#8221;custom_link&#8221; img_link_target=&#8221;_blank&#8221; link=&#8221;http:\/\/www.fondazionedonatcattin.it\/?page_id=7042&#8243;][vc_column_text]Culle vuote: perch\u00e9 non si fanno figli? Questione demografica e prospettive dell\u2019Italia[\/vc_column_text][\/vc_column][vc_column width=&#8221;2\/3&#8243;][vc_column_text] La maggioranza dei ventenni vede un futuro senza figli Un sondaggio della Fondazione Carlo Donat-Cattin L&#8217;intuizione trentacinque anni fa L\u2019inverno demografico e il rischio di vivere in un paese di vecchi venne anticipato 35 [&hellip;]<\/p>\n","protected":false},"author":11,"featured_media":0,"parent":0,"menu_order":0,"comment_status":"closed","ping_status":"closed","template":"","meta":{"footnotes":""},"_links":{"self":[{"href":"https:\/\/www.fondazionedonatcattin.it\/index.php?rest_route=\/wp\/v2\/pages\/6416"}],"collection":[{"href":"https:\/\/www.fondazionedonatcattin.it\/index.php?rest_route=\/wp\/v2\/pages"}],"about":[{"href":"https:\/\/www.fondazionedonatcattin.it\/index.php?rest_route=\/wp\/v2\/types\/page"}],"author":[{"embeddable":true,"href":"https:\/\/www.fondazionedonatcattin.it\/index.php?rest_route=\/wp\/v2\/users\/11"}],"replies":[{"embeddable":true,"href":"https:\/\/www.fondazionedonatcattin.it\/index.php?rest_route=%2Fwp%2Fv2%2Fcomments&post=6416"}],"version-history":[{"count":0,"href":"https:\/\/www.fondazionedonatcattin.it\/index.php?rest_route=\/wp\/v2\/pages\/6416\/revisions"}],"wp:attachment":[{"href":"https:\/\/www.fondazionedonatcattin.it\/index.php?rest_route=%2Fwp%2Fv2%2Fmedia&parent=6416"}],"curies":[{"name":"wp","href":"https:\/\/api.w.org\/{rel}","templated":true}]}}

<p>[vc_row][vc_column][vc_single_image image=&#8221;6421&#8243; img_size=&#8221;full&#8221;][/vc_column][/vc_row][vc_row][vc_column width=&#8221;1/6&#8243;][vc_single_image image=&#8221;7051&#8243; img_size=&#8221;full&#8221; onclick=&#8221;custom_link&#8221; img_link_target=&#8221;_blank&#8221; link=&#8221;http://www.fondazionedonatcattin.it/?page_id=7042&#8243;][vc_column_text]<a href="http://www.fondazionedonatcattin.it/?page_id=7042"><strong>Culle vuote: perché non si fanno figli?</strong></a><br />
<a href="http://www.fondazionedonatcattin.it/?page_id=7042"><strong>Questione demografica e prospettive dell’Italia</strong></a>[/vc_column_text][/vc_column][vc_column width=&#8221;2/3&#8243;][vc_column_text]</p>
<h2 class="Corpo" style="text-align: center;" align="center"><span style="color: #993300;">La maggioranza dei ventenni<br />
vede un futuro senza figli</span></h2>
<h2 style="text-align: center;"><span style="color: #993300;">Un sondaggio della Fondazione Carlo Donat-Cattin</span></h2>
<h1><span style="color: #993300;">L&#8217;intuizione trentacinque anni fa</span></h1>
<p class="Default" style="text-align: justify;"><strong><img decoding="async" loading="lazy" class="wp-image-563 alignright" src="http://www.fondazionedonatcattin.it/wp-content/uploads/2018/03/foto_carlo_poesia-233x300.jpg" alt="" width="218" height="281" srcset="https://www.fondazionedonatcattin.it/wp-content/uploads/2018/03/foto_carlo_poesia-233x300.jpg 233w, https://www.fondazionedonatcattin.it/wp-content/uploads/2018/03/foto_carlo_poesia-768x990.jpg 768w, https://www.fondazionedonatcattin.it/wp-content/uploads/2018/03/foto_carlo_poesia-794x1024.jpg 794w" sizes="(max-width: 218px) 100vw, 218px" />L’inverno demografico e il rischio di vivere in un paese di vecchi venne anticipato 35 anni fa dal ministro della Sanità Carlo Donat-Cattin.</strong> Lo fece nel settembre del 1986 dal tradizionale convegno di Saint Vincent: “Quello che l’Italia ha dato alla storia del mondo non può farci trovare cancellati, di modo che di qui a duecento anni la gente, i ragazzi che vanno a scuola ascolterebbero: ecco c’erano i Sumeri nella pianura del Tigri e dell’Eufrate e c’erano gli italiani tra gli Appennini e le Alpi”.</p>
<p class="Default" style="text-align: justify;"><strong>E Donat-Cattin così proseguiva</strong> “lo dico con tutta l’anima anche ai tanti che sono qui: è meglio avere figli, anche se ti fanno sanguinare il cuore. Perché questa è la vita, questo il contributo nel sacrificio, nell’amore, nella pena e nella gioia di vivere, che offre la continuità che dobbiamo dare al mondo, ai doni che da Dio abbiamo ricevuto”.</p>
<p class="Default" style="text-align: justify;">Donat-Cattin vedeva l’Italia come un paese  “in scadenza”, destinato a far contare 30 milioni di abitanti nel 2050. Dati che gli aveva fornito il demografo Antonio Golini, confermati anche dalle proiezioni di alcune compagnie di assicurazione. Dati contestati da alcuni giornali che accusarono il ministro della Sanità di nostalgia verso politiche demografiche del ventennio fascista. <strong>Le “culle vuote” di questi anni hanno confermato le previsioni di Carlo Donat-Cattin.</strong></p>
<p>[/vc_column_text][vc_column_text]</p>
<h1 class="Corpo" style="text-align: left;" align="center"><span style="color: #993300;">Il sondaggio della Fondazione<br />
</span></h1>
<p class="Default" style="text-align: justify;">La maggioranza dei giovani italiani tra i 18 ed i 20 anni immagina il proprio futuro senza figli. È questo uno dei risultati sorprendenti che scaturisce da un sondaggio commissionato dalla Fondazione Donat-Cattin all’Istituto demoscopico Noto Sondaggi in occasione del trentennale della morte dell’ex Ministro. Il 51% dei ragazzi interpellati non si immagina genitore. Tra questi il 31% stima che a 40 anni avrà un rapporto di coppia ma senza figli e un ulteriore 20% pensa che sarà single. Nel valutare i motivi per cui i giovani non vogliono avere figli gli intervistati adducono soprattutto ragioni che riguardano la sfera sociale più che una avversione netta a diventare genitori: la carenza di lavoro in primis (87%), cui segue l’assenza di politiche adeguate per la famiglia (69%); una percentuale analoga però parla anche di crisi delle relazioni stabili mentre solo un ulteriore 37% ritiene i figli un ostacolo in quanto condizionano la vita. In relazione alla volontà di non avere figli i giovani possono essere divisi in 3 categorie: 1) c’è chi ha un atteggiamento che potremmo definire «narcisista» per cui un figlio, e più in generale legami stabili, limitano la propria libertà; 2) accanto a questa viene espressa però anche una motivazione più «realista» che riguarda la paura di non potersi permettere economicamente questa possibilità; 3) non aver figli invece per mancanza di fiducia nella società è indice infine di un atteggiamento «nichilista» che evidenzia il pessimismo di questo target nel guardare al futuro.</p>
<p class="Default" style="text-align: justify;"><img decoding="async" loading="lazy" class="aligncenter wp-image-6435" src="http://www.fondazionedonatcattin.it/wp-content/uploads/2021/03/003_SG-1025x450.png" alt="" width="850" height="373" srcset="https://www.fondazionedonatcattin.it/wp-content/uploads/2021/03/003_SG-1025x450.png 1025w, https://www.fondazionedonatcattin.it/wp-content/uploads/2021/03/003_SG-1024x450.png 1024w, https://www.fondazionedonatcattin.it/wp-content/uploads/2021/03/003_SG-768x337.png 768w, https://www.fondazionedonatcattin.it/wp-content/uploads/2021/03/003_SG-1536x674.png 1536w, https://www.fondazionedonatcattin.it/wp-content/uploads/2021/03/003_SG.png 1922w" sizes="(max-width: 850px) 100vw, 850px" />Un altro risultato del sondaggio riguarda la sfera dei rapporti sociali e quindi la percezione di sentirsi incluso/escluso da parte dei 18-20nni. il 51% vive una forte insoddisfazione in quanto non si sente “pienamente incluso”, a questi si aggiunge un ulteriore 4% che invece lamenta una “esclusione totale”. La minoranza, seppure sostanziosa, il 44% si autodefinisce “incluso. A percepire le maggiori difficoltà di inserimento sociale sono le donne rispetto agli uomini.</p>
<p class="Default" style="text-align: justify;">E’ anche interessante notare che la condizione di studente lavoratore appartiene solo ad un giovane su 5 (18%). La maggioranza non ha mai lavorato mentre il restante 31% ha avuto qualche esperienza di lavoro ma attualmente ha scelto di dedicarsi unicamente allo studio.</p>
<p class="Default" style="text-align: justify;"><img decoding="async" loading="lazy" class="alignnone wp-image-6437" src="http://www.fondazionedonatcattin.it/wp-content/uploads/2021/03/006_SG-1083x450.png" alt="" width="850" height="353" srcset="https://www.fondazionedonatcattin.it/wp-content/uploads/2021/03/006_SG-1083x450.png 1083w, https://www.fondazionedonatcattin.it/wp-content/uploads/2021/03/006_SG-1024x426.png 1024w, https://www.fondazionedonatcattin.it/wp-content/uploads/2021/03/006_SG-768x319.png 768w, https://www.fondazionedonatcattin.it/wp-content/uploads/2021/03/006_SG-1536x638.png 1536w, https://www.fondazionedonatcattin.it/wp-content/uploads/2021/03/006_SG.png 1896w" sizes="(max-width: 850px) 100vw, 850px" />In conclusione, rispetto al futuro si notano differenze nella percezione dei giovani se si considera la dimensione personale o quella collettiva nazionale. Rispetto al proprio futuro personale la maggioranza si sente ottimista; pensando invece al futuro dell’Italia la quota degli ottimisti diventa minoranza (43%).</p>
<p class="Default" style="text-align: justify;">Le disaggregazioni evidenziano che sul piano personale gli uomini sono un po’ più positivi delle donne (68% di ottimisti rispetto al 60%). Nel considerare invece il futuro dell’Italia  sono le donne ad avere un po’ più fiducia.</p>
<p><a href="http://www.fondazionedonatcattin.it/wp-content/uploads/2021/03/REPORT-I-GIOVANI-ED-IL-FUTURO.pdf" target="_blank" rel="noopener noreferrer">Scarica il sondaggio (pdf)   </a><a href="http://www.fondazionedonatcattin.it/wp-content/uploads/2021/03/REPORT-I-GIOVANI-ED-IL-FUTURO.pdf" target="_blank" rel="noopener noreferrer"><img decoding="async" loading="lazy" class="alignnone wp-image-6444" src="http://www.fondazionedonatcattin.it/wp-content/uploads/2021/03/Schermata-2021-03-16-alle-07.35.51-597x450.png" alt="" width="68" height="52" srcset="https://www.fondazionedonatcattin.it/wp-content/uploads/2021/03/Schermata-2021-03-16-alle-07.35.51-597x450.png 597w, https://www.fondazionedonatcattin.it/wp-content/uploads/2021/03/Schermata-2021-03-16-alle-07.35.51-1024x772.png 1024w, https://www.fondazionedonatcattin.it/wp-content/uploads/2021/03/Schermata-2021-03-16-alle-07.35.51-768x579.png 768w, https://www.fondazionedonatcattin.it/wp-content/uploads/2021/03/Schermata-2021-03-16-alle-07.35.51-1536x1158.png 1536w, https://www.fondazionedonatcattin.it/wp-content/uploads/2021/03/Schermata-2021-03-16-alle-07.35.51.png 2016w" sizes="(max-width: 68px) 100vw, 68px" /></a>[/vc_column_text][/vc_column][vc_column width=&#8221;1/6&#8243;][/vc_column][/vc_row][vc_row][vc_column width=&#8221;1/6&#8243;][/vc_column][/vc_row][vc_row][vc_column][/vc_column][/vc_row]</p>

<p>[vc_row][vc_column][vc_single_image image=&#8221;6421&#8243; img_size=&#8221;full&#8221;][/vc_column][/vc_row][vc_row][vc_column width=&#8221;1/6&#8243;][vc_single_image image=&#8221;7051&#8243; img_size=&#8221;full&#8221; onclick=&#8221;custom_link&#8221; img_link_target=&#8221;_blank&#8221; link=&#8221;http://www.fondazionedonatcattin.it/?page_id=7042&#8243;][vc_column_text]Culle vuote: perché non si fanno figli? Questione demografica e prospettive dell’Italia[/vc_column_text][/vc_column][vc_column width=&#8221;2/3&#8243;][vc_column_text] La maggioranza dei ventenni vede un futuro senza figli Un sondaggio della Fondazione Carlo Donat-Cattin L&#8217;intuizione trentacinque anni fa L’inverno demografico e il rischio di vivere in un paese di vecchi venne anticipato 35 [&hellip;]</p>
