{"id":6199,"date":"2020-11-01T08:00:29","date_gmt":"2020-11-01T07:00:29","guid":{"rendered":"http:\/\/www.fondazionedonatcattin.it\/?page_id=6199"},"modified":"2022-07-24T17:58:16","modified_gmt":"2022-07-24T15:58:16","slug":"attivita-20-2-3-2-2-2-3-2-3-2-4-2-3-2-2-3-2-5-2-2-2-2-2-2-2-2-2","status":"publish","type":"page","link":"https:\/\/www.fondazionedonatcattin.it\/?page_id=6199","title":{"rendered":"Franco Marini &#8211; 2021"},"content":{"rendered":"<p>[vc_row][vc_column][vc_column_text el_class=&#8221;titolo-pagina&#8221;]<\/p>\n<h2><span style=\"color: #ffffff;\">\u00a0<\/span><\/h2>\n<p>[\/vc_column_text][vc_single_image image=&#8221;6201&#8243; img_size=&#8221;full&#8221;][vc_empty_space][\/vc_column][\/vc_row][vc_row][vc_column][\/vc_column][\/vc_row][vc_row][vc_column width=&#8221;1\/6&#8243; css=&#8221;.vc_custom_1585920110662{background-color: #ffffff !important;}&#8221;][\/vc_column][vc_column width=&#8221;2\/3&#8243;][vc_column_text]<\/p>\n<h2 style=\"text-align: justify;\"><span style=\"color: #993300;\"><strong>Franco Marini (1933-2021)<\/strong><br \/>\n<\/span><\/h2>\n<p style=\"text-align: justify;\"><strong>La Fondazione Donat-Cattin ricorda in Franco Marini uno dei suoi soci fondatori ed uno dei suoi punti di riferimento culturali.<\/strong> \u00c8 stato infatti tra i pi\u00f9 significativi\u00a0 interpreti di quel cattolicesimo sociale che si incarnava nella militanza sindacale e nell\u2019impegno politico, cresciuto sia alla scuola sindacale della CISL di Firenze che nella militanza della sinistra democristiana. Nel sindacato e in politica Marini ha raggiunto i vertici pi\u00f9 alti: Segretario Generale del Sindacato, Segretario Nazionale del PPI, Presidente del Senato. In queste diverse responsabilit\u00e0 ha portato\u00a0 radicamento popolare, concretezza nella visione dei problemi, forte autonomia culturale e apertura al confronto. Dopo Carlo Donat-Cattin \u00e8 stato il punto di riferimento di una sinistra sociale cattolica che si affacciava a tempi nuovi ed inesplorati, in cui non era facile coniugare la storia del passato con i cambiamenti politici e sociali del paese. Lo abbiamo avuto come amico. Lo avremo ancora come suggeritore di percorsi di ricerca e di riflessione.<\/p>\n<p>[\/vc_column_text][vc_video link=&#8221;https:\/\/vimeo.com\/511417103&#8243;][vc_column_text]<\/p>\n<h1 style=\"text-align: justify;\"><span style=\"color: #993300;\">Franco Marini, un uomo schietto e coerente<br \/>\n<\/span><\/h1>\n<p>di <strong>Giorgio Merlo<\/strong><\/p>\n<p style=\"text-align: justify;\"><strong>Con la scomparsa di Franco Marini se ne va un pezzo, ancorch\u00e8 significativo e di grande qualit\u00e0, della storica tradizione del cattolicesimo sociale nel nostro paese.<\/strong> Un filone ideale che ha accompagnato e arricchito la crescita e il consolidamento della democrazia nel nostro paese e che ha partecipato attivamente, attraverso i suoi leader, ad affrontare e a sciogliere i nodi politici pi\u00f9 difficili che si affacciavano di volta in volta all\u2019attenzione dell\u2019agenda politica italiana. E Franco Marini queste sfide e queste difficolt\u00e0 le ha vissute ed affrontate con la schiena dritta, sempre da protagonista e da combattente. Com\u2019era, del resto, il suo carattere. Ruvido ma profondamente e autenticamente umano. Disponibile al dialogo e al confronto senza mai assumere atteggiamenti dettati da una valenza ideologica o riconducibili ad una chiusura pregiudiziale. Cos\u00ec \u00e8 stato per lunghi anni nel sindacato, nella \u201csua\u201d Cisl, e cos\u00ec \u00e8 stato, a maggior ragione, nell\u2019impegno politico, nel partito di ispirazione cristiana e come uomo delle istituzioni. Certo, era simpaticamente definito come \u201clupo marsicano\u201d a conferma del suo radicamento territoriale e dell\u2019amore per la sua terra d\u2019origine, l\u2019Abruzzo. Ma anche, e soprattutto, per richiamare la coerenza, la bont\u00e0 e la solidit\u00e0 del suo carattere.<\/p>\n<p style=\"text-align: justify;\"><strong><img decoding=\"async\" loading=\"lazy\" class=\"alignright\" src=\"http:\/\/www.fondazionedonatcattin.it\/wp-content\/uploads\/2018\/04\/donat-marinimed.jpg\" alt=\"\" width=\"567\" height=\"422\" \/>Franco Marini per\u00f2, al di l\u00e0 del suo lungo e ricco magistero sindacale, politico ed istituzionale, \u00e8 stato anche e soprattutto un solido punto di riferimento della tradizione del cattolicesimo sociale nel nostro paese.<\/strong> La sinistra sociale di Forze Nuove, il suo fecondo e straordinario legame, umano e politico, con Carlo Donat-Cattin e con l\u2019universo del popolarismo di ispirazione cristiana, hanno fatto di Marini per molti anni il punto di riferimento per eccellenza di questa nobile e qualificata corrente ideale. E proprio il protagonismo politico, sociale, culturale ed istituzionale dei cattolici popolari non poteva prescindere dal suo apporto, dalla sua storia e dal suo esempio concreto e tangibile. Un sodalizio, quello con Donat-Cattin, che ha segnato la sua presenza nella Cisl e nell\u2019impegno concreto nella politica. Sempre all\u2019insegna dei valori e della cultura del popolarismo di ispirazione cristiana. Una leadership, quella politica, che Marini assume in prima persona dopo la scomparsa di Donat-Cattin nel marzo del 1991. Prima attraverso la guida di Forze Nuove, la storica corrente della sinistra sociale nella Democrazia Cristiana e poi, dopo la fine della Dc, con l\u2019impegno diretto nel Ppi, nella Margherita e infine nel Partito democratico. Una \u201cbussola nella tempesta\u201d per citare il titolo di uno dei suoi tanti editoriali scritti sulla rivista di Donat-Cattin, \u201cTerza Fase\u201d. E Franco Marini, per molti anni, \u00e8 stato veramente un bussola decisiva per l\u2019impegno politico concreto dei cattolici popolari e dei cattolici democratici nella societ\u00e0. Aiutato, certo, anche dal suo carattere e dalla sua indole. Un uomo schietto, coerente, dove la mediazione non era mai un cedimento al ribasso ma lo strumento per raggiungere un obiettivo che aveva nella difesa e nella promozione dei ceti popolari il suo naturale epilogo politico. Era un uomo che puntava alle scelte concrete. La sua formazione culturale, ma soprattutto il suo apprendistato sociale, non potevano sfociare mai in dissertazioni astratte o virtuali. Al centro di ogni riflessione e di ogni discussione &#8211; nella corrente di Forze Nuove come nel partito, negli articoli sulle riviste come negli interventi ai convegni \u2013 c\u2019era sempre la sottolineatura dei bisogni, delle istanze, delle domande\u00a0 e quindi della difesa dei ceti popolari. Un filo rosso che ha segnato la sua vita, il suo impegno sociale e politico, la sua presenza nelle istituzioni e anche e soprattutto il suo stile di vita.<\/p>\n<p style=\"text-align: justify;\"><strong>Ecco perch\u00e9 il magistero di Franco Marini non si ferma oggi.<\/strong> Prosegue. Va avanti. La sua testimonianza ricca di valori, di scelte, di cultura politica e di azione concreta richiedono un rinnovato impegno dei cattolici democratici e popolari nella societ\u00e0 contemporanea. E anche per ricordare il suo \u201ccoraggio\u201d. Perch\u00e9 Franco Marini era soprattutto un uomo coraggioso. Le sue scelte nelle diverse fasi storiche, concrete e sempre ispirate all\u2019universo valoriale del cattolicesimo democratico, popolare e sociale,\u00a0 fanno di Franco Marini un punto di riferimento insostituibile per chi vuole \u00a0continuare a testimoniare questa cultura e questi valori nella cittadella politica italiana attuale.<\/p>\n<p>[\/vc_column_text][vc_separator][vc_column_text]<span style=\"color: #993300;\"><strong>Il Marini politico<br \/>\n<\/strong><\/span><span style=\"color: #000000;\">Intervista a Gianfranco Morgando, Direttore della Fondazione Carlo Donat-Cattin<br \/>\ndi <strong>Luca Rolandi<\/strong><\/span><\/p>\n<p>&nbsp;[\/vc_column_text][vc_video link=&#8221;https:\/\/vimeo.com\/511177140\/565575a815&#8243;][vc_separator][vc_column_text]<span style=\"color: #993300;\"><strong>Franco Marini sindacalista<br \/>\n<\/strong><\/span><span style=\"color: #000000;\">Intervista a Gino Bella, gi\u00e0 segretario\u00a0 Federpubblici CISL, Torino<br \/>\ndi <strong>Luca Rolandi<\/strong><\/span><\/p>\n<p>&nbsp;[\/vc_column_text][vc_video link=&#8221;https:\/\/vimeo.com\/511280348\/5bddcf4c1f&#8221;][\/vc_column][vc_column width=&#8221;1\/6&#8243;][\/vc_column][\/vc_row][vc_row][vc_column width=&#8221;1\/6&#8243;][\/vc_column][vc_column width=&#8221;2\/3&#8243;][\/vc_column][vc_column width=&#8221;1\/6&#8243;][\/vc_column][\/vc_row][vc_row][vc_column width=&#8221;1\/6&#8243;][\/vc_column][vc_column width=&#8221;2\/6&#8243;][\/vc_column][vc_column width=&#8221;2\/6&#8243;][\/vc_column][vc_column width=&#8221;1\/6&#8243;][\/vc_column][\/vc_row][vc_row][vc_column][\/vc_column][\/vc_row][vc_row][vc_column][\/vc_column][\/vc_row][vc_row][vc_column][\/vc_column][\/vc_row][vc_row][vc_column][vc_separator color=&#8221;white&#8221;][\/vc_column][\/vc_row]<\/p>\n","protected":false},"excerpt":{"rendered":"<p>[vc_row][vc_column][vc_column_text el_class=&#8221;titolo-pagina&#8221;] \u00a0 [\/vc_column_text][vc_single_image image=&#8221;6201&#8243; img_size=&#8221;full&#8221;][vc_empty_space][\/vc_column][\/vc_row][vc_row][vc_column][\/vc_column][\/vc_row][vc_row][vc_column width=&#8221;1\/6&#8243; css=&#8221;.vc_custom_1585920110662{background-color: #ffffff !important;}&#8221;][\/vc_column][vc_column width=&#8221;2\/3&#8243;][vc_column_text] Franco Marini (1933-2021) La Fondazione Donat-Cattin ricorda in Franco Marini uno dei suoi soci fondatori ed uno dei suoi punti di riferimento culturali. \u00c8 stato infatti tra i pi\u00f9 significativi\u00a0 interpreti di quel cattolicesimo sociale che si incarnava nella militanza sindacale e nell\u2019impegno politico, [&hellip;]<\/p>\n","protected":false},"author":11,"featured_media":0,"parent":0,"menu_order":0,"comment_status":"closed","ping_status":"closed","template":"","meta":{"footnotes":""},"_links":{"self":[{"href":"https:\/\/www.fondazionedonatcattin.it\/index.php?rest_route=\/wp\/v2\/pages\/6199"}],"collection":[{"href":"https:\/\/www.fondazionedonatcattin.it\/index.php?rest_route=\/wp\/v2\/pages"}],"about":[{"href":"https:\/\/www.fondazionedonatcattin.it\/index.php?rest_route=\/wp\/v2\/types\/page"}],"author":[{"embeddable":true,"href":"https:\/\/www.fondazionedonatcattin.it\/index.php?rest_route=\/wp\/v2\/users\/11"}],"replies":[{"embeddable":true,"href":"https:\/\/www.fondazionedonatcattin.it\/index.php?rest_route=%2Fwp%2Fv2%2Fcomments&post=6199"}],"version-history":[{"count":0,"href":"https:\/\/www.fondazionedonatcattin.it\/index.php?rest_route=\/wp\/v2\/pages\/6199\/revisions"}],"wp:attachment":[{"href":"https:\/\/www.fondazionedonatcattin.it\/index.php?rest_route=%2Fwp%2Fv2%2Fmedia&parent=6199"}],"curies":[{"name":"wp","href":"https:\/\/api.w.org\/{rel}","templated":true}]}}

<p>[vc_row][vc_column][vc_column_text el_class=&#8221;titolo-pagina&#8221;]</p>
<h2><span style="color: #ffffff;"> </span></h2>
<p>[/vc_column_text][vc_single_image image=&#8221;6201&#8243; img_size=&#8221;full&#8221;][vc_empty_space][/vc_column][/vc_row][vc_row][vc_column][/vc_column][/vc_row][vc_row][vc_column width=&#8221;1/6&#8243; css=&#8221;.vc_custom_1585920110662{background-color: #ffffff !important;}&#8221;][/vc_column][vc_column width=&#8221;2/3&#8243;][vc_column_text]</p>
<h2 style="text-align: justify;"><span style="color: #993300;"><strong>Franco Marini (1933-2021)</strong><br />
</span></h2>
<p style="text-align: justify;"><strong>La Fondazione Donat-Cattin ricorda in Franco Marini uno dei suoi soci fondatori ed uno dei suoi punti di riferimento culturali.</strong> È stato infatti tra i più significativi  interpreti di quel cattolicesimo sociale che si incarnava nella militanza sindacale e nell’impegno politico, cresciuto sia alla scuola sindacale della CISL di Firenze che nella militanza della sinistra democristiana. Nel sindacato e in politica Marini ha raggiunto i vertici più alti: Segretario Generale del Sindacato, Segretario Nazionale del PPI, Presidente del Senato. In queste diverse responsabilità ha portato  radicamento popolare, concretezza nella visione dei problemi, forte autonomia culturale e apertura al confronto. Dopo Carlo Donat-Cattin è stato il punto di riferimento di una sinistra sociale cattolica che si affacciava a tempi nuovi ed inesplorati, in cui non era facile coniugare la storia del passato con i cambiamenti politici e sociali del paese. Lo abbiamo avuto come amico. Lo avremo ancora come suggeritore di percorsi di ricerca e di riflessione.</p>
<p>[/vc_column_text][vc_video link=&#8221;https://vimeo.com/511417103&#8243;][vc_column_text]</p>
<h1 style="text-align: justify;"><span style="color: #993300;">Franco Marini, un uomo schietto e coerente<br />
</span></h1>
<p>di <strong>Giorgio Merlo</strong></p>
<p style="text-align: justify;"><strong>Con la scomparsa di Franco Marini se ne va un pezzo, ancorchè significativo e di grande qualità, della storica tradizione del cattolicesimo sociale nel nostro paese.</strong> Un filone ideale che ha accompagnato e arricchito la crescita e il consolidamento della democrazia nel nostro paese e che ha partecipato attivamente, attraverso i suoi leader, ad affrontare e a sciogliere i nodi politici più difficili che si affacciavano di volta in volta all’attenzione dell’agenda politica italiana. E Franco Marini queste sfide e queste difficoltà le ha vissute ed affrontate con la schiena dritta, sempre da protagonista e da combattente. Com’era, del resto, il suo carattere. Ruvido ma profondamente e autenticamente umano. Disponibile al dialogo e al confronto senza mai assumere atteggiamenti dettati da una valenza ideologica o riconducibili ad una chiusura pregiudiziale. Così è stato per lunghi anni nel sindacato, nella “sua” Cisl, e così è stato, a maggior ragione, nell’impegno politico, nel partito di ispirazione cristiana e come uomo delle istituzioni. Certo, era simpaticamente definito come “lupo marsicano” a conferma del suo radicamento territoriale e dell’amore per la sua terra d’origine, l’Abruzzo. Ma anche, e soprattutto, per richiamare la coerenza, la bontà e la solidità del suo carattere.</p>
<p style="text-align: justify;"><strong><img decoding="async" loading="lazy" class="alignright" src="http://www.fondazionedonatcattin.it/wp-content/uploads/2018/04/donat-marinimed.jpg" alt="" width="567" height="422" />Franco Marini però, al di là del suo lungo e ricco magistero sindacale, politico ed istituzionale, è stato anche e soprattutto un solido punto di riferimento della tradizione del cattolicesimo sociale nel nostro paese.</strong> La sinistra sociale di Forze Nuove, il suo fecondo e straordinario legame, umano e politico, con Carlo Donat-Cattin e con l’universo del popolarismo di ispirazione cristiana, hanno fatto di Marini per molti anni il punto di riferimento per eccellenza di questa nobile e qualificata corrente ideale. E proprio il protagonismo politico, sociale, culturale ed istituzionale dei cattolici popolari non poteva prescindere dal suo apporto, dalla sua storia e dal suo esempio concreto e tangibile. Un sodalizio, quello con Donat-Cattin, che ha segnato la sua presenza nella Cisl e nell’impegno concreto nella politica. Sempre all’insegna dei valori e della cultura del popolarismo di ispirazione cristiana. Una leadership, quella politica, che Marini assume in prima persona dopo la scomparsa di Donat-Cattin nel marzo del 1991. Prima attraverso la guida di Forze Nuove, la storica corrente della sinistra sociale nella Democrazia Cristiana e poi, dopo la fine della Dc, con l’impegno diretto nel Ppi, nella Margherita e infine nel Partito democratico. Una “bussola nella tempesta” per citare il titolo di uno dei suoi tanti editoriali scritti sulla rivista di Donat-Cattin, “Terza Fase”. E Franco Marini, per molti anni, è stato veramente un bussola decisiva per l’impegno politico concreto dei cattolici popolari e dei cattolici democratici nella società. Aiutato, certo, anche dal suo carattere e dalla sua indole. Un uomo schietto, coerente, dove la mediazione non era mai un cedimento al ribasso ma lo strumento per raggiungere un obiettivo che aveva nella difesa e nella promozione dei ceti popolari il suo naturale epilogo politico. Era un uomo che puntava alle scelte concrete. La sua formazione culturale, ma soprattutto il suo apprendistato sociale, non potevano sfociare mai in dissertazioni astratte o virtuali. Al centro di ogni riflessione e di ogni discussione &#8211; nella corrente di Forze Nuove come nel partito, negli articoli sulle riviste come negli interventi ai convegni – c’era sempre la sottolineatura dei bisogni, delle istanze, delle domande  e quindi della difesa dei ceti popolari. Un filo rosso che ha segnato la sua vita, il suo impegno sociale e politico, la sua presenza nelle istituzioni e anche e soprattutto il suo stile di vita.</p>
<p style="text-align: justify;"><strong>Ecco perché il magistero di Franco Marini non si ferma oggi.</strong> Prosegue. Va avanti. La sua testimonianza ricca di valori, di scelte, di cultura politica e di azione concreta richiedono un rinnovato impegno dei cattolici democratici e popolari nella società contemporanea. E anche per ricordare il suo “coraggio”. Perché Franco Marini era soprattutto un uomo coraggioso. Le sue scelte nelle diverse fasi storiche, concrete e sempre ispirate all’universo valoriale del cattolicesimo democratico, popolare e sociale,  fanno di Franco Marini un punto di riferimento insostituibile per chi vuole  continuare a testimoniare questa cultura e questi valori nella cittadella politica italiana attuale.</p>
<p>[/vc_column_text][vc_separator][vc_column_text]<span style="color: #993300;"><strong>Il Marini politico<br />
</strong></span><span style="color: #000000;">Intervista a Gianfranco Morgando, Direttore della Fondazione Carlo Donat-Cattin<br />
di <strong>Luca Rolandi</strong></span></p>
<p>&nbsp;[/vc_column_text][vc_video link=&#8221;https://vimeo.com/511177140/565575a815&#8243;][vc_separator][vc_column_text]<span style="color: #993300;"><strong>Franco Marini sindacalista<br />
</strong></span><span style="color: #000000;">Intervista a Gino Bella, già segretario  Federpubblici CISL, Torino<br />
di <strong>Luca Rolandi</strong></span></p>
<p>&nbsp;[/vc_column_text][vc_video link=&#8221;https://vimeo.com/511280348/5bddcf4c1f&#8221;][/vc_column][vc_column width=&#8221;1/6&#8243;][/vc_column][/vc_row][vc_row][vc_column width=&#8221;1/6&#8243;][/vc_column][vc_column width=&#8221;2/3&#8243;][/vc_column][vc_column width=&#8221;1/6&#8243;][/vc_column][/vc_row][vc_row][vc_column width=&#8221;1/6&#8243;][/vc_column][vc_column width=&#8221;2/6&#8243;][/vc_column][vc_column width=&#8221;2/6&#8243;][/vc_column][vc_column width=&#8221;1/6&#8243;][/vc_column][/vc_row][vc_row][vc_column][/vc_column][/vc_row][vc_row][vc_column][/vc_column][/vc_row][vc_row][vc_column][/vc_column][/vc_row][vc_row][vc_column][vc_separator color=&#8221;white&#8221;][/vc_column][/vc_row]</p>

<p>[vc_row][vc_column][vc_column_text el_class=&#8221;titolo-pagina&#8221;]   [/vc_column_text][vc_single_image image=&#8221;6201&#8243; img_size=&#8221;full&#8221;][vc_empty_space][/vc_column][/vc_row][vc_row][vc_column][/vc_column][/vc_row][vc_row][vc_column width=&#8221;1/6&#8243; css=&#8221;.vc_custom_1585920110662{background-color: #ffffff !important;}&#8221;][/vc_column][vc_column width=&#8221;2/3&#8243;][vc_column_text] Franco Marini (1933-2021) La Fondazione Donat-Cattin ricorda in Franco Marini uno dei suoi soci fondatori ed uno dei suoi punti di riferimento culturali. È stato infatti tra i più significativi  interpreti di quel cattolicesimo sociale che si incarnava nella militanza sindacale e nell’impegno politico, [&hellip;]</p>
