{"id":6101,"date":"2020-09-22T18:50:29","date_gmt":"2020-09-22T16:50:29","guid":{"rendered":"http:\/\/www.fondazionedonatcattin.it\/?page_id=6101"},"modified":"2021-01-22T14:30:24","modified_gmt":"2021-01-22T13:30:24","slug":"attivita-20-2-3-2-2-2-3-2-3-2-4-2-3-2-2-3-2-5-2-2-3-5-2-2-3-3-2-3-2-2-2-2","status":"publish","type":"page","link":"https:\/\/www.fondazionedonatcattin.it\/?page_id=6101","title":{"rendered":"In memoriam di &#8216;Celina&#8217; &#8211; 21 gennaio 2021"},"content":{"rendered":"<p>[vc_row][vc_column][\/vc_column][\/vc_row][vc_row][vc_column width=&#8221;1\/6&#8243;][\/vc_column][vc_column width=&#8221;2\/3&#8243;][vc_column_text]<\/p>\n<p style=\"text-align: justify;\"><span style=\"color: #993300;\"><strong><em>In memoriam<\/em> di &#8216;Celina&#8217;: con Camilla Ravera fond\u00f2 il Pcd&#8217;I a Torino<\/strong><\/span><\/p>\n<p style=\"text-align: justify;\">In questo anniversario tanto ricordato, direi quasi celebrato le donne, che pure c&#8217;erano e contribuirono alla nascita del Pcd&#8217;I, non compaiono mai o quasi.\u00a0 Per questo, ma non solo per questo vorremmo ricordarne una la cui vita \u00e8 legata alla vita della famiglia Donat-Cattin.<\/p>\n<p style=\"text-align: justify;\">Si chiamava <strong>Antonietta Roccia Rabitti,<\/strong> detta <strong>Celina<\/strong>.\u00a0 Fu tra i fondatori del Partito comunista d&#8217;Italia a Torino insieme a <strong>Camilla Ravera<\/strong> di cui parlava spesso con affetto e ammirazione. Aveva partecipato all&#8217;occupazione delle fabbriche durante il biennio rosso e aveva continuato per tutta la vita a credere nel comunismo. Durante le adunate fasciste si mischiava alla folla indossando una camicia rossa, sfidando in questo modo il regime. Nel corso della guerra, sfollata a Odalengo Grande nel Monferrato, aveva nascosto in casa sua due partigiani salvandoli dalla cattura dei Tedeschi. Questo, mentre il figlio Carlo era deportato Germania.<\/p>\n<p style=\"text-align: justify;\">Dotata di un&#8217;intelligenza acuta, pur avendo frequentato solo i primi anni della scuola elementare, le letture di cui si era nutrita sempre avevano fatto di lei una persona colta e curiosa. Nata a Pinerolo l&#8217;11 giugno del 1896, sposa a 19 anni, presto aveva scelto di crescere i suoi tre figli, Carlo, Fiorina e Rosa, da sola mal sopportando l&#8217;irresponsabilit\u00e0 del marito.<\/p>\n<p style=\"text-align: justify;\">Quando si era trovata in difficolt\u00e0 economiche, avendo perso il lavoro in fabbrica-a causa del le sue idee, aveva trovato accoglienza come governante nella famiglia di <strong>Attilio Donat-Cattin<\/strong>, \u00a0uno dei fondatori del <strong>Partito Popolare<\/strong>. Lui e sua moglie, che conoscevano le posizioni politiche di Celina, non avevano avuto dubbi ad accoglierla nella loro famiglia. Il legame con i Donat-Cattin sarebbe durato per tutto il corso della sua vita. Mio padre era sempre stato il prediletto tra i figli di Attilio. Forse perch\u00e9 portava lo stesso nome del suo Carlo, il figlio amatissimo morto a soli 33 anni, dopo la guerra per i postumi delle percosse e dei maltrattamenti subiti durante la deportazione. Cos\u00ec Celina continu\u00f2 a frequentare con assiduit\u00e0 la famiglia di Carlo per amicizia e per affetto. <strong>Carlo Donat-Cattin<\/strong>, dal canto suo, non mancava mai quando si recava a pregare sulle tombe dei suoi genitori di fermarsi davanti alla tomba di Carlo Rabitti sepolto nell&#8217;area riservata ai caduti, dalla parte giusta, durante la Seconda guerra mondiale nel Cimitero Monumentale di Torino.<\/p>\n<p style=\"text-align: justify;\">Tutto quello che sappiamo della sua vita \u00e8 frutto della memoria orale, vale a dire di ci\u00f2 che lei ha voluto raccontare ai suoi nipoti e ai nipoti aggiunti fra cui c&#8217;ero anch&#8217;io.<\/p>\n<p style=\"text-align: justify;\"><em>Mariapia Donat-Cattin<\/em><\/p>\n<p style=\"text-align: justify;\"><em>\u00a0<\/em><\/p>\n<p>[\/vc_column_text][vc_single_image image=&#8221;6119&#8243; img_size=&#8221;full&#8221;][vc_column_text]<em>Torino, 11 novembre 1973. Sulla destra, &#8216;Celina&#8217;\u00a0 al matrimonio di Mariapia Donat-Cattin.<\/em>[\/vc_column_text][\/vc_column][vc_column width=&#8221;1\/6&#8243;][\/vc_column][\/vc_row][vc_row][vc_column][\/vc_column][\/vc_row][vc_row][vc_column][\/vc_column][\/vc_row]<\/p>\n","protected":false},"excerpt":{"rendered":"<p>[vc_row][vc_column][\/vc_column][\/vc_row][vc_row][vc_column width=&#8221;1\/6&#8243;][\/vc_column][vc_column width=&#8221;2\/3&#8243;][vc_column_text] In memoriam di &#8216;Celina&#8217;: con Camilla Ravera fond\u00f2 il Pcd&#8217;I a Torino In questo anniversario tanto ricordato, direi quasi celebrato le donne, che pure c&#8217;erano e contribuirono alla nascita del Pcd&#8217;I, non compaiono mai o quasi.\u00a0 Per questo, ma non solo per questo vorremmo ricordarne una la cui vita \u00e8 legata alla [&hellip;]<\/p>\n","protected":false},"author":11,"featured_media":4011,"parent":0,"menu_order":0,"comment_status":"closed","ping_status":"closed","template":"","meta":{"footnotes":""},"_links":{"self":[{"href":"https:\/\/www.fondazionedonatcattin.it\/index.php?rest_route=\/wp\/v2\/pages\/6101"}],"collection":[{"href":"https:\/\/www.fondazionedonatcattin.it\/index.php?rest_route=\/wp\/v2\/pages"}],"about":[{"href":"https:\/\/www.fondazionedonatcattin.it\/index.php?rest_route=\/wp\/v2\/types\/page"}],"author":[{"embeddable":true,"href":"https:\/\/www.fondazionedonatcattin.it\/index.php?rest_route=\/wp\/v2\/users\/11"}],"replies":[{"embeddable":true,"href":"https:\/\/www.fondazionedonatcattin.it\/index.php?rest_route=%2Fwp%2Fv2%2Fcomments&post=6101"}],"version-history":[{"count":0,"href":"https:\/\/www.fondazionedonatcattin.it\/index.php?rest_route=\/wp\/v2\/pages\/6101\/revisions"}],"wp:featuredmedia":[{"embeddable":true,"href":"https:\/\/www.fondazionedonatcattin.it\/index.php?rest_route=\/wp\/v2\/media\/4011"}],"wp:attachment":[{"href":"https:\/\/www.fondazionedonatcattin.it\/index.php?rest_route=%2Fwp%2Fv2%2Fmedia&parent=6101"}],"curies":[{"name":"wp","href":"https:\/\/api.w.org\/{rel}","templated":true}]}}

<p>[vc_row][vc_column][/vc_column][/vc_row][vc_row][vc_column width=&#8221;1/6&#8243;][/vc_column][vc_column width=&#8221;2/3&#8243;][vc_column_text]</p>
<p style="text-align: justify;"><span style="color: #993300;"><strong><em>In memoriam</em> di &#8216;Celina&#8217;: con Camilla Ravera fondò il Pcd&#8217;I a Torino</strong></span></p>
<p style="text-align: justify;">In questo anniversario tanto ricordato, direi quasi celebrato le donne, che pure c&#8217;erano e contribuirono alla nascita del Pcd&#8217;I, non compaiono mai o quasi.  Per questo, ma non solo per questo vorremmo ricordarne una la cui vita è legata alla vita della famiglia Donat-Cattin.</p>
<p style="text-align: justify;">Si chiamava <strong>Antonietta Roccia Rabitti,</strong> detta <strong>Celina</strong>.  Fu tra i fondatori del Partito comunista d&#8217;Italia a Torino insieme a <strong>Camilla Ravera</strong> di cui parlava spesso con affetto e ammirazione. Aveva partecipato all&#8217;occupazione delle fabbriche durante il biennio rosso e aveva continuato per tutta la vita a credere nel comunismo. Durante le adunate fasciste si mischiava alla folla indossando una camicia rossa, sfidando in questo modo il regime. Nel corso della guerra, sfollata a Odalengo Grande nel Monferrato, aveva nascosto in casa sua due partigiani salvandoli dalla cattura dei Tedeschi. Questo, mentre il figlio Carlo era deportato Germania.</p>
<p style="text-align: justify;">Dotata di un&#8217;intelligenza acuta, pur avendo frequentato solo i primi anni della scuola elementare, le letture di cui si era nutrita sempre avevano fatto di lei una persona colta e curiosa. Nata a Pinerolo l&#8217;11 giugno del 1896, sposa a 19 anni, presto aveva scelto di crescere i suoi tre figli, Carlo, Fiorina e Rosa, da sola mal sopportando l&#8217;irresponsabilità del marito.</p>
<p style="text-align: justify;">Quando si era trovata in difficoltà economiche, avendo perso il lavoro in fabbrica-a causa del le sue idee, aveva trovato accoglienza come governante nella famiglia di <strong>Attilio Donat-Cattin</strong>,  uno dei fondatori del <strong>Partito Popolare</strong>. Lui e sua moglie, che conoscevano le posizioni politiche di Celina, non avevano avuto dubbi ad accoglierla nella loro famiglia. Il legame con i Donat-Cattin sarebbe durato per tutto il corso della sua vita. Mio padre era sempre stato il prediletto tra i figli di Attilio. Forse perché portava lo stesso nome del suo Carlo, il figlio amatissimo morto a soli 33 anni, dopo la guerra per i postumi delle percosse e dei maltrattamenti subiti durante la deportazione. Così Celina continuò a frequentare con assiduità la famiglia di Carlo per amicizia e per affetto. <strong>Carlo Donat-Cattin</strong>, dal canto suo, non mancava mai quando si recava a pregare sulle tombe dei suoi genitori di fermarsi davanti alla tomba di Carlo Rabitti sepolto nell&#8217;area riservata ai caduti, dalla parte giusta, durante la Seconda guerra mondiale nel Cimitero Monumentale di Torino.</p>
<p style="text-align: justify;">Tutto quello che sappiamo della sua vita è frutto della memoria orale, vale a dire di ciò che lei ha voluto raccontare ai suoi nipoti e ai nipoti aggiunti fra cui c&#8217;ero anch&#8217;io.</p>
<p style="text-align: justify;"><em>Mariapia Donat-Cattin</em></p>
<p style="text-align: justify;"><em> </em></p>
<p>[/vc_column_text][vc_single_image image=&#8221;6119&#8243; img_size=&#8221;full&#8221;][vc_column_text]<em>Torino, 11 novembre 1973. Sulla destra, &#8216;Celina&#8217;  al matrimonio di Mariapia Donat-Cattin.</em>[/vc_column_text][/vc_column][vc_column width=&#8221;1/6&#8243;][/vc_column][/vc_row][vc_row][vc_column][/vc_column][/vc_row][vc_row][vc_column][/vc_column][/vc_row]</p>

<p>[vc_row][vc_column][/vc_column][/vc_row][vc_row][vc_column width=&#8221;1/6&#8243;][/vc_column][vc_column width=&#8221;2/3&#8243;][vc_column_text] In memoriam di &#8216;Celina&#8217;: con Camilla Ravera fondò il Pcd&#8217;I a Torino In questo anniversario tanto ricordato, direi quasi celebrato le donne, che pure c&#8217;erano e contribuirono alla nascita del Pcd&#8217;I, non compaiono mai o quasi.  Per questo, ma non solo per questo vorremmo ricordarne una la cui vita è legata alla [&hellip;]</p>
