{"id":5589,"date":"2018-03-13T12:23:29","date_gmt":"2018-03-13T11:23:29","guid":{"rendered":"http:\/\/www.fondazionedonatcattin.it\/?page_id=5589"},"modified":"2021-05-19T06:54:12","modified_gmt":"2021-05-19T04:54:12","slug":"attivita-20-2-3-2-2-2-3-2-3-2-4-2-3-2-2-3-2-5-2-2-2-2-2","status":"publish","type":"page","link":"https:\/\/www.fondazionedonatcattin.it\/?page_id=5589","title":{"rendered":"Promessi sposi capitolo XXXI"},"content":{"rendered":"<p>[vc_row][vc_column][vc_single_image image=&#8221;5555&#8243; img_size=&#8221;full&#8221;][vc_column_text][\/vc_column_text][vc_empty_space][\/vc_column][\/vc_row][vc_row][vc_column width=&#8221;1\/6&#8243; css=&#8221;.vc_custom_1585920110662{background-color: #ffffff !important;}&#8221;][vc_single_image image=&#8221;5605&#8243; onclick=&#8221;custom_link&#8221; link=&#8221;http:\/\/www.fondazionedonatcattin.it\/?page_id=5552&#8243;][vc_column_text css=&#8221;.vc_custom_1604124895569{background-color: #ffffff !important;}&#8221;]<\/p>\n<h6><em><a href=\"http:\/\/www.fondazionedonatcattin.it\/?page_id=5552\">La peste di Manzoni<br \/>\ntra presente e passato<\/a><\/em><\/h6>\n<p>[\/vc_column_text][vc_single_image image=&#8221;5607&#8243; onclick=&#8221;custom_link&#8221; link=&#8221;http:\/\/www.fondazionedonatcattin.it\/?page_id=5174&#8243;][vc_column_text css=&#8221;.vc_custom_1621400043694{background-color: #ffffff !important;}&#8221;]<\/p>\n<h6><a href=\"http:\/\/www.fondazionedonatcattin.it\/?page_id=5174\" rel=\"noopener noreferrer\"><em>Note sulla<br \/>\nSanit\u00e0 a Milano<br \/>\nnel Seicento<\/em><\/a><\/p>\n<p><span style=\"color: #000000;\">di Cristiana Rosella Alegiani<\/span><\/h6>\n<p>[\/vc_column_text][\/vc_column][vc_column width=&#8221;2\/3&#8243;][vc_column_text]<\/p>\n<h2><span style=\"color: #993300;\">Raccontando e leggendo<\/span><\/h2>\n<p style=\"text-align: justify;\">Tra il 7 novembre del 1628, giorno in cui il romanzo inizia, e il\u00a0 novembre del 1630, quando finisce, tre terribili calamit\u00e0 si abbattono sul Milanese e buona parte d&#8217;Italia: la <strong>fame<\/strong>, causata dalla carestia che nella primavera del 1629 dilaga per scemare poi con il nuovo raccolto estivo, la <strong>guerra<\/strong> (nel settembre dello stesso anno l&#8217;esercito alemanno entra nel Ducato di Milano) e la <strong>peste<\/strong>. Il 20 di ottobre il protofisico Settala riferisce dei primi contagi nel Lecchese e nel Bergamasco, solo il 29 novembre la grida delle bullette &#8211; certificati di lasciapassare &#8211; viene pubblicata ma la peste ormai \u00e8 entrata a Milano. Durante l&#8217;inverno il morbo cova e serpeggia lentamente facendo vittime qua e l\u00e0, poi a partire da marzo le morti si fanno sempre pi\u00f9 frequenti in ogni quartiere della citt\u00e0. \u00c8 allora, esattamente il 30 marzo del 1630, che le istituzioni imbelli ed impotenti affidano ai padri cappuccini la direzione del lazzaretto. Il cardinale Federigo, dapprima contrario, cede alla richiesta pressante dei milanesi di far passare una grande processione per tutte le vie della citt\u00e0. Le autorit\u00e0, che pure conoscono bene i rischi, danno la loro autorizzazione. Siamo arrivati all&#8217;11 giugno e ai primi di luglio i dati sulla mortalit\u00e0 esplodono:\u00a0 si parla di pi\u00f9 di 500 casi al giorno che saliranno in seguito sino a 1500. Comincia cos\u00ec a crescere la voce, prima serpeggiante, che attribuisce ai cosiddetti &#8220;untori&#8221; la responsabilit\u00e0 del contagio. Ne faranno le spese dei poveri diavoli vittime della furia popolare e dell&#8217;ipocrisia dei potenti. A questa atroce vicenda, che viene narrata brevemente nel romanzo. Manzoni dedicher\u00e0 un intero saggio di inchiesta e di denuncia: <em>La Storia della colonna infame<\/em>.<\/p>\n<p style=\"text-align: justify;\">Leggeremo quasi tutto il capitolo XXXI del romanzo operando qua e l\u00e0 qualche piccolo taglio e parti meno consistenti del cap. XXXII. Poich\u00e9 nessuna ricostruzione storica di una tragedia cos\u00ec immane ci pare pi\u00f9 efficace di quella compiuta dal Manzoni. Nessuna cos\u00ec completa, nessuna cos\u00ec acuta, nessuna cos\u00ec veritiera, nessuna cos\u00ec umana.<\/p>\n<p>[\/vc_column_text][vc_column_text]<span style=\"color: #993300;\"><strong>Capitolo XXXI<br \/>\n<\/strong><\/span>Lettura di Eleni Molos[\/vc_column_text][\/vc_column][vc_column width=&#8221;1\/6&#8243;][\/vc_column][\/vc_row][vc_row][vc_column width=&#8221;1\/6&#8243;][\/vc_column][vc_column width=&#8221;2\/3&#8243;][vc_video link=&#8221;https:\/\/vimeo.com\/473995495\/a3a7dd2512&#8243;][vc_empty_space][vc_column_text css=&#8221;.vc_custom_1604135947675{margin-top: 0px !important;border-top-width: 0px !important;padding-top: 0px !important;}&#8221;]<span style=\"color: #993300;\"><strong>Capitolo XXXII<\/strong><\/span><br \/>\nLettura di Eleni Molos[\/vc_column_text][vc_video link=&#8221;https:\/\/vimeo.com\/474004734\/1b8b9001bc&#8221;][\/vc_column][vc_column width=&#8221;1\/6&#8243;][\/vc_column][\/vc_row]<\/p>\n","protected":false},"excerpt":{"rendered":"<p>[vc_row][vc_column][vc_single_image image=&#8221;5555&#8243; img_size=&#8221;full&#8221;][vc_column_text][\/vc_column_text][vc_empty_space][\/vc_column][\/vc_row][vc_row][vc_column width=&#8221;1\/6&#8243; css=&#8221;.vc_custom_1585920110662{background-color: #ffffff !important;}&#8221;][vc_single_image image=&#8221;5605&#8243; onclick=&#8221;custom_link&#8221; link=&#8221;http:\/\/www.fondazionedonatcattin.it\/?page_id=5552&#8243;][vc_column_text css=&#8221;.vc_custom_1604124895569{background-color: #ffffff !important;}&#8221;] La peste di Manzoni tra presente e passato [\/vc_column_text][vc_single_image image=&#8221;5607&#8243; onclick=&#8221;custom_link&#8221; link=&#8221;http:\/\/www.fondazionedonatcattin.it\/?page_id=5174&#8243;][vc_column_text css=&#8221;.vc_custom_1621400043694{background-color: #ffffff !important;}&#8221;] Note sulla Sanit\u00e0 a Milano nel Seicento di Cristiana Rosella Alegiani [\/vc_column_text][\/vc_column][vc_column width=&#8221;2\/3&#8243;][vc_column_text] Raccontando e leggendo Tra il 7 novembre del 1628, giorno in cui il romanzo [&hellip;]<\/p>\n","protected":false},"author":11,"featured_media":0,"parent":0,"menu_order":0,"comment_status":"closed","ping_status":"closed","template":"","meta":{"footnotes":""},"_links":{"self":[{"href":"https:\/\/www.fondazionedonatcattin.it\/index.php?rest_route=\/wp\/v2\/pages\/5589"}],"collection":[{"href":"https:\/\/www.fondazionedonatcattin.it\/index.php?rest_route=\/wp\/v2\/pages"}],"about":[{"href":"https:\/\/www.fondazionedonatcattin.it\/index.php?rest_route=\/wp\/v2\/types\/page"}],"author":[{"embeddable":true,"href":"https:\/\/www.fondazionedonatcattin.it\/index.php?rest_route=\/wp\/v2\/users\/11"}],"replies":[{"embeddable":true,"href":"https:\/\/www.fondazionedonatcattin.it\/index.php?rest_route=%2Fwp%2Fv2%2Fcomments&post=5589"}],"version-history":[{"count":0,"href":"https:\/\/www.fondazionedonatcattin.it\/index.php?rest_route=\/wp\/v2\/pages\/5589\/revisions"}],"wp:attachment":[{"href":"https:\/\/www.fondazionedonatcattin.it\/index.php?rest_route=%2Fwp%2Fv2%2Fmedia&parent=5589"}],"curies":[{"name":"wp","href":"https:\/\/api.w.org\/{rel}","templated":true}]}}

<p>[vc_row][vc_column][vc_single_image image=&#8221;5555&#8243; img_size=&#8221;full&#8221;][vc_column_text][/vc_column_text][vc_empty_space][/vc_column][/vc_row][vc_row][vc_column width=&#8221;1/6&#8243; css=&#8221;.vc_custom_1585920110662{background-color: #ffffff !important;}&#8221;][vc_single_image image=&#8221;5605&#8243; onclick=&#8221;custom_link&#8221; link=&#8221;http://www.fondazionedonatcattin.it/?page_id=5552&#8243;][vc_column_text css=&#8221;.vc_custom_1604124895569{background-color: #ffffff !important;}&#8221;]</p>
<h6><em><a href="http://www.fondazionedonatcattin.it/?page_id=5552">La peste di Manzoni<br />
tra presente e passato</a></em></h6>
<p>[/vc_column_text][vc_single_image image=&#8221;5607&#8243; onclick=&#8221;custom_link&#8221; link=&#8221;http://www.fondazionedonatcattin.it/?page_id=5174&#8243;][vc_column_text css=&#8221;.vc_custom_1621400043694{background-color: #ffffff !important;}&#8221;]</p>
<h6><a href="http://www.fondazionedonatcattin.it/?page_id=5174" rel="noopener noreferrer"><em>Note sulla<br />
Sanità a Milano<br />
nel Seicento</em></a></p>
<p><span style="color: #000000;">di Cristiana Rosella Alegiani</span></h6>
<p>[/vc_column_text][/vc_column][vc_column width=&#8221;2/3&#8243;][vc_column_text]</p>
<h2><span style="color: #993300;">Raccontando e leggendo</span></h2>
<p style="text-align: justify;">Tra il 7 novembre del 1628, giorno in cui il romanzo inizia, e il  novembre del 1630, quando finisce, tre terribili calamità si abbattono sul Milanese e buona parte d&#8217;Italia: la <strong>fame</strong>, causata dalla carestia che nella primavera del 1629 dilaga per scemare poi con il nuovo raccolto estivo, la <strong>guerra</strong> (nel settembre dello stesso anno l&#8217;esercito alemanno entra nel Ducato di Milano) e la <strong>peste</strong>. Il 20 di ottobre il protofisico Settala riferisce dei primi contagi nel Lecchese e nel Bergamasco, solo il 29 novembre la grida delle bullette &#8211; certificati di lasciapassare &#8211; viene pubblicata ma la peste ormai è entrata a Milano. Durante l&#8217;inverno il morbo cova e serpeggia lentamente facendo vittime qua e là, poi a partire da marzo le morti si fanno sempre più frequenti in ogni quartiere della città. È allora, esattamente il 30 marzo del 1630, che le istituzioni imbelli ed impotenti affidano ai padri cappuccini la direzione del lazzaretto. Il cardinale Federigo, dapprima contrario, cede alla richiesta pressante dei milanesi di far passare una grande processione per tutte le vie della città. Le autorità, che pure conoscono bene i rischi, danno la loro autorizzazione. Siamo arrivati all&#8217;11 giugno e ai primi di luglio i dati sulla mortalità esplodono:  si parla di più di 500 casi al giorno che saliranno in seguito sino a 1500. Comincia così a crescere la voce, prima serpeggiante, che attribuisce ai cosiddetti &#8220;untori&#8221; la responsabilità del contagio. Ne faranno le spese dei poveri diavoli vittime della furia popolare e dell&#8217;ipocrisia dei potenti. A questa atroce vicenda, che viene narrata brevemente nel romanzo. Manzoni dedicherà un intero saggio di inchiesta e di denuncia: <em>La Storia della colonna infame</em>.</p>
<p style="text-align: justify;">Leggeremo quasi tutto il capitolo XXXI del romanzo operando qua e là qualche piccolo taglio e parti meno consistenti del cap. XXXII. Poiché nessuna ricostruzione storica di una tragedia così immane ci pare più efficace di quella compiuta dal Manzoni. Nessuna così completa, nessuna così acuta, nessuna così veritiera, nessuna così umana.</p>
<p>[/vc_column_text][vc_column_text]<span style="color: #993300;"><strong>Capitolo XXXI<br />
</strong></span>Lettura di Eleni Molos[/vc_column_text][/vc_column][vc_column width=&#8221;1/6&#8243;][/vc_column][/vc_row][vc_row][vc_column width=&#8221;1/6&#8243;][/vc_column][vc_column width=&#8221;2/3&#8243;][vc_video link=&#8221;https://vimeo.com/473995495/a3a7dd2512&#8243;][vc_empty_space][vc_column_text css=&#8221;.vc_custom_1604135947675{margin-top: 0px !important;border-top-width: 0px !important;padding-top: 0px !important;}&#8221;]<span style="color: #993300;"><strong>Capitolo XXXII</strong></span><br />
Lettura di Eleni Molos[/vc_column_text][vc_video link=&#8221;https://vimeo.com/474004734/1b8b9001bc&#8221;][/vc_column][vc_column width=&#8221;1/6&#8243;][/vc_column][/vc_row]</p>

<p>[vc_row][vc_column][vc_single_image image=&#8221;5555&#8243; img_size=&#8221;full&#8221;][vc_column_text][/vc_column_text][vc_empty_space][/vc_column][/vc_row][vc_row][vc_column width=&#8221;1/6&#8243; css=&#8221;.vc_custom_1585920110662{background-color: #ffffff !important;}&#8221;][vc_single_image image=&#8221;5605&#8243; onclick=&#8221;custom_link&#8221; link=&#8221;http://www.fondazionedonatcattin.it/?page_id=5552&#8243;][vc_column_text css=&#8221;.vc_custom_1604124895569{background-color: #ffffff !important;}&#8221;] La peste di Manzoni tra presente e passato [/vc_column_text][vc_single_image image=&#8221;5607&#8243; onclick=&#8221;custom_link&#8221; link=&#8221;http://www.fondazionedonatcattin.it/?page_id=5174&#8243;][vc_column_text css=&#8221;.vc_custom_1621400043694{background-color: #ffffff !important;}&#8221;] Note sulla Sanità a Milano nel Seicento di Cristiana Rosella Alegiani [/vc_column_text][/vc_column][vc_column width=&#8221;2/3&#8243;][vc_column_text] Raccontando e leggendo Tra il 7 novembre del 1628, giorno in cui il romanzo [&hellip;]</p>
