{"id":5391,"date":"2020-09-22T18:50:29","date_gmt":"2020-09-22T16:50:29","guid":{"rendered":"http:\/\/www.fondazionedonatcattin.it\/?page_id=5391"},"modified":"2020-09-23T03:51:21","modified_gmt":"2020-09-23T01:51:21","slug":"attivita-20-2-3-2-2-2-3-2-3-2-4-2-3-2-2-3-2-5-2-2-3-5-2-2-3-3-2","status":"publish","type":"page","link":"https:\/\/www.fondazionedonatcattin.it\/?page_id=5391","title":{"rendered":"Per un diverso stato sociale Poggi &#8211; 25 settembre 2020"},"content":{"rendered":"<p>[vc_row][vc_column][vc_single_image image=&#8221;5398&#8243; img_size=&#8221;full&#8221;][\/vc_column][\/vc_row][vc_row][vc_column width=&#8221;1\/6&#8243;][\/vc_column][vc_column width=&#8221;2\/3&#8243;][vc_column_text]<\/p>\n<div>\n<p><span style=\"color: #993300;\"><strong>Per un \u00abdiverso\u00bb Stato sociale. La parabola del diritto all\u2019istruzione nel nostro Paese <\/strong><\/span><\/p>\n<p>Presentazione del libro <em>Per un <\/em><em>\u00abdiverso<\/em><em>\u00bb Stato sociale. La parabola del diritto all\u2019istruzione nel nostro Paese<\/em> (il Mulino, 2019)<br \/>\ndella Professoressa\u00a0<strong>Anna Maria Poggi<\/strong>.<\/p>\n<p><em>venerd\u00ec 25 Settembre | 18.00<\/em><br \/>\n<em>Polo del &#8216;900, Sala &#8216;900, Via del Carmine 14, Torino<br \/>\n<\/em><a href=\"https:\/\/polodel900.secure.force.com\/eventi?IdEvt=a0C1t0000036W5D\">Evento gratuito con prenotazione obbligatoria al seguente<\/a><a href=\"https:\/\/polodel900.secure.force.com\/eventi?IdEvt=a0C1t0000036W5D\"> link.<\/a><em><br \/>\n<\/em><\/p>\n<p style=\"text-align: justify;\"><img decoding=\"async\" loading=\"lazy\" class=\"wp-image-5392 alignright\" src=\"http:\/\/www.fondazionedonatcattin.it\/wp-content\/uploads\/2020\/09\/per-un-diverso-stato-sociale-la-parabola-del-diritto-all-istruzione-nel-nostro-paese-anna-maria-poggi-copertina.png\" alt=\"\" width=\"229\" height=\"353\" \/>La parabola del diritto all&#8217;istruzione nel nostro Paese \u00e8 una chiave di lettura assai significativa delle vicende che hanno caratterizzato lo Stato sociale. Poste a cardine della nascita dello Stato unitario, le politiche dell&#8217;istruzione riacquisirono centralit\u00e0 dopo le due guerre mondiali, per poi subire, dagli anni Settanta, una netta perdita di importanza, i cui esiti si evidenziano oggi in tutta la loro gravit\u00e0. Come ha sottolineato Ritter, il tema dello Stato sociale \u00e8 stato per molto tempo trattato unicamente sotto il profilo della previdenza sociale e della lotta alla povert\u00e0 e non, invece, come tema chiave della legittimazione dello Stato moderno. In tal modo esso ha assunto le vesti di un potente redistributore e integratore dei redditi pi\u00f9 bassi, all&#8217;interno del quale le leve prestazionali sono state utilizzate prevalentemente in chiave assistenziale. Il che ha in parte indotto la sua crisi: la mera protezione non collegata a politiche di sviluppo delle potenzialit\u00e0 delle persone, converte, drammaticamente, l&#8217;intervento statale in assistenza per l&#8217;intero corso della vita. Oggi lo Stato sociale deve ridefinirsi per poter svolgere adeguatamente il proprio ruolo: deve coniugare il volto dello Stato assistenziale con quello dello Stato promozionale, che collega le prestazioni allo sviluppo delle personalit\u00e0. Perci\u00f2, \u00e8 urgente riportare al centro delle politiche sociali l&#8217;istruzione, ridefinendo in termini prescrittivi diritti e doveri dello Stato e diritti e doveri dei cittadini.<\/p>\n<p><span style=\"color: #993300;\"><strong>Programma<\/strong><\/span><\/p>\n<p>Saluti istituzionali<\/p>\n<ul>\n<li><strong>Paola Borgna<\/strong><\/li>\n<li><strong>Sergio Soave<\/strong><\/li>\n<li><strong>Gianfranco Morgando<\/strong><\/li>\n<\/ul>\n<p>Dialogano con l\u2019autrice<\/p>\n<ul>\n<li><strong>Giorgio Chiosso<\/strong><\/li>\n<li><strong>Marco Goria<\/strong><\/li>\n<li><strong>Michele Rosboch<\/strong><\/li>\n<\/ul>\n<p>Introduce e modera: <strong>Luca Rolandi<\/strong>.<\/p>\n<p>Iniziativa promossa dal <strong>Polo del &#8216;900<\/strong>, <strong>Centro Culturale Pier Giorgio Frassati,<\/strong> <strong>Fondazione Giovanni Goria,<\/strong> <strong>Fondazione Carlo Donat-Cattin<\/strong> e <strong>Fondazione per la Scuola della Compagnia di San Paolo.<\/strong><\/p>\n<\/div>\n<p>[\/vc_column_text][\/vc_column][vc_column width=&#8221;1\/6&#8243;][\/vc_column][\/vc_row]<\/p>\n","protected":false},"excerpt":{"rendered":"<p>[vc_row][vc_column][vc_single_image image=&#8221;5398&#8243; img_size=&#8221;full&#8221;][\/vc_column][\/vc_row][vc_row][vc_column width=&#8221;1\/6&#8243;][\/vc_column][vc_column width=&#8221;2\/3&#8243;][vc_column_text] Per un \u00abdiverso\u00bb Stato sociale. La parabola del diritto all\u2019istruzione nel nostro Paese Presentazione del libro Per un \u00abdiverso\u00bb Stato sociale. La parabola del diritto all\u2019istruzione nel nostro Paese (il Mulino, 2019) della Professoressa\u00a0Anna Maria Poggi. venerd\u00ec 25 Settembre | 18.00 Polo del &#8216;900, Sala &#8216;900, Via del Carmine 14, [&hellip;]<\/p>\n","protected":false},"author":11,"featured_media":4011,"parent":0,"menu_order":0,"comment_status":"closed","ping_status":"closed","template":"","meta":{"footnotes":""},"_links":{"self":[{"href":"https:\/\/www.fondazionedonatcattin.it\/index.php?rest_route=\/wp\/v2\/pages\/5391"}],"collection":[{"href":"https:\/\/www.fondazionedonatcattin.it\/index.php?rest_route=\/wp\/v2\/pages"}],"about":[{"href":"https:\/\/www.fondazionedonatcattin.it\/index.php?rest_route=\/wp\/v2\/types\/page"}],"author":[{"embeddable":true,"href":"https:\/\/www.fondazionedonatcattin.it\/index.php?rest_route=\/wp\/v2\/users\/11"}],"replies":[{"embeddable":true,"href":"https:\/\/www.fondazionedonatcattin.it\/index.php?rest_route=%2Fwp%2Fv2%2Fcomments&post=5391"}],"version-history":[{"count":0,"href":"https:\/\/www.fondazionedonatcattin.it\/index.php?rest_route=\/wp\/v2\/pages\/5391\/revisions"}],"wp:featuredmedia":[{"embeddable":true,"href":"https:\/\/www.fondazionedonatcattin.it\/index.php?rest_route=\/wp\/v2\/media\/4011"}],"wp:attachment":[{"href":"https:\/\/www.fondazionedonatcattin.it\/index.php?rest_route=%2Fwp%2Fv2%2Fmedia&parent=5391"}],"curies":[{"name":"wp","href":"https:\/\/api.w.org\/{rel}","templated":true}]}}

<p>[vc_row][vc_column][vc_single_image image=&#8221;5398&#8243; img_size=&#8221;full&#8221;][/vc_column][/vc_row][vc_row][vc_column width=&#8221;1/6&#8243;][/vc_column][vc_column width=&#8221;2/3&#8243;][vc_column_text]</p>
<div>
<p><span style="color: #993300;"><strong>Per un «diverso» Stato sociale. La parabola del diritto all’istruzione nel nostro Paese </strong></span></p>
<p>Presentazione del libro <em>Per un </em><em>«diverso</em><em>» Stato sociale. La parabola del diritto all’istruzione nel nostro Paese</em> (il Mulino, 2019)<br />
della Professoressa <strong>Anna Maria Poggi</strong>.</p>
<p><em>venerdì 25 Settembre | 18.00</em><br />
<em>Polo del &#8216;900, Sala &#8216;900, Via del Carmine 14, Torino<br />
</em><a href="https://polodel900.secure.force.com/eventi?IdEvt=a0C1t0000036W5D">Evento gratuito con prenotazione obbligatoria al seguente</a><a href="https://polodel900.secure.force.com/eventi?IdEvt=a0C1t0000036W5D"> link.</a><em><br />
</em></p>
<p style="text-align: justify;"><img decoding="async" loading="lazy" class="wp-image-5392 alignright" src="http://www.fondazionedonatcattin.it/wp-content/uploads/2020/09/per-un-diverso-stato-sociale-la-parabola-del-diritto-all-istruzione-nel-nostro-paese-anna-maria-poggi-copertina.png" alt="" width="229" height="353" />La parabola del diritto all&#8217;istruzione nel nostro Paese è una chiave di lettura assai significativa delle vicende che hanno caratterizzato lo Stato sociale. Poste a cardine della nascita dello Stato unitario, le politiche dell&#8217;istruzione riacquisirono centralità dopo le due guerre mondiali, per poi subire, dagli anni Settanta, una netta perdita di importanza, i cui esiti si evidenziano oggi in tutta la loro gravità. Come ha sottolineato Ritter, il tema dello Stato sociale è stato per molto tempo trattato unicamente sotto il profilo della previdenza sociale e della lotta alla povertà e non, invece, come tema chiave della legittimazione dello Stato moderno. In tal modo esso ha assunto le vesti di un potente redistributore e integratore dei redditi più bassi, all&#8217;interno del quale le leve prestazionali sono state utilizzate prevalentemente in chiave assistenziale. Il che ha in parte indotto la sua crisi: la mera protezione non collegata a politiche di sviluppo delle potenzialità delle persone, converte, drammaticamente, l&#8217;intervento statale in assistenza per l&#8217;intero corso della vita. Oggi lo Stato sociale deve ridefinirsi per poter svolgere adeguatamente il proprio ruolo: deve coniugare il volto dello Stato assistenziale con quello dello Stato promozionale, che collega le prestazioni allo sviluppo delle personalità. Perciò, è urgente riportare al centro delle politiche sociali l&#8217;istruzione, ridefinendo in termini prescrittivi diritti e doveri dello Stato e diritti e doveri dei cittadini.</p>
<p><span style="color: #993300;"><strong>Programma</strong></span></p>
<p>Saluti istituzionali</p>
<ul>
<li><strong>Paola Borgna</strong></li>
<li><strong>Sergio Soave</strong></li>
<li><strong>Gianfranco Morgando</strong></li>
</ul>
<p>Dialogano con l’autrice</p>
<ul>
<li><strong>Giorgio Chiosso</strong></li>
<li><strong>Marco Goria</strong></li>
<li><strong>Michele Rosboch</strong></li>
</ul>
<p>Introduce e modera: <strong>Luca Rolandi</strong>.</p>
<p>Iniziativa promossa dal <strong>Polo del &#8216;900</strong>, <strong>Centro Culturale Pier Giorgio Frassati,</strong> <strong>Fondazione Giovanni Goria,</strong> <strong>Fondazione Carlo Donat-Cattin</strong> e <strong>Fondazione per la Scuola della Compagnia di San Paolo.</strong></p>
</div>
<p>[/vc_column_text][/vc_column][vc_column width=&#8221;1/6&#8243;][/vc_column][/vc_row]</p>

<p>[vc_row][vc_column][vc_single_image image=&#8221;5398&#8243; img_size=&#8221;full&#8221;][/vc_column][/vc_row][vc_row][vc_column width=&#8221;1/6&#8243;][/vc_column][vc_column width=&#8221;2/3&#8243;][vc_column_text] Per un «diverso» Stato sociale. La parabola del diritto all’istruzione nel nostro Paese Presentazione del libro Per un «diverso» Stato sociale. La parabola del diritto all’istruzione nel nostro Paese (il Mulino, 2019) della Professoressa Anna Maria Poggi. venerdì 25 Settembre | 18.00 Polo del &#8216;900, Sala &#8216;900, Via del Carmine 14, [&hellip;]</p>
