{"id":4677,"date":"2018-03-13T12:23:29","date_gmt":"2018-03-13T11:23:29","guid":{"rendered":"http:\/\/www.fondazionedonatcattin.it\/?page_id=4677"},"modified":"2021-09-21T09:23:19","modified_gmt":"2021-09-21T07:23:19","slug":"attivita-19-2-2-3-2-2","status":"publish","type":"page","link":"https:\/\/www.fondazionedonatcattin.it\/?page_id=4677","title":{"rendered":"Statuto dei lavoratori &#8211; Materiali per un convegno &#8211; Intervista Stefano Musso"},"content":{"rendered":"<p>[vc_row][vc_column][vc_column_text el_class=&#8221;titolo-pagina-long&#8221;]<\/p>\n<h2><span style=\"color: #ffffff;\">Materiali<\/span><br \/>\n<span style=\"color: #ffffff;\">per un convegno<\/span><\/h2>\n<p>[\/vc_column_text][vc_single_image image=&#8221;2864&#8243; img_size=&#8221;full&#8221;][\/vc_column][\/vc_row][vc_row][vc_column width=&#8221;1\/6&#8243;][vc_column_text]<\/p>\n<h6><a href=\"http:\/\/www.fondazionedonatcattin.it\/?page_id=4306\"><strong>A 50 anni<br \/>\ndallo Statuto<\/strong><\/a><\/p>\n<p>Materiali<br \/>\nper un convegno:<br \/>\npiano di lavoro<\/h6>\n<p>[\/vc_column_text][vc_single_image image=&#8221;4331&#8243; onclick=&#8221;custom_link&#8221; link=&#8221;http:\/\/www.fondazionedonatcattin.it\/?page_id=4325&#8243;][vc_column_text]<\/p>\n<h6><a href=\"http:\/\/www.fondazionedonatcattin.it\/?page_id=4325\"><span style=\"color: #993300;\"><strong>Intervista<br \/>\nad Alessandro Parola<br \/>\n<\/strong><\/span><\/a><\/h6>\n<p>[\/vc_column_text][vc_single_image image=&#8221;4729&#8243; onclick=&#8221;custom_link&#8221; link=&#8221;http:\/\/www.fondazionedonatcattin.it\/?page_id=4711&#8243;][vc_column_text]<\/p>\n<h6><a href=\"http:\/\/www.fondazionedonatcattin.it\/?page_id=4711\"><strong>Lo Statuto<br \/>\ndi Carlo<br \/>\nDonat-Cattin<\/strong><\/a><\/p>\n<p>di Giorgio Aimetti<\/h6>\n<p>[\/vc_column_text][vc_single_image image=&#8221;5122&#8243; onclick=&#8221;custom_link&#8221; link=&#8221;http:\/\/www.fondazionedonatcattin.it\/?page_id=5063&#8243;][vc_column_text]<\/p>\n<h6><a href=\"http:\/\/www.fondazionedonatcattin.it\/?page_id=5063\"><strong>Le interviste<\/strong><\/a><\/p>\n<p>di Alessandro Parola<\/h6>\n<p>[\/vc_column_text][\/vc_column][vc_column width=&#8221;2\/3&#8243;][vc_column_text]<\/p>\n<h1><span style=\"color: #993300;\"><strong>LA PAROLA AGLI STORICI<\/strong><\/span><br \/>\n<span style=\"color: #993300;\">Lo Statuto dei lavoratori tra dibattito politico e lotte sociali<\/span><br \/>\nMateriali per un convegno<\/h1>\n<p>[\/vc_column_text][vc_column_text]<strong>Prof. Stefano Musso<\/strong><br \/>\nDocente di Storia contemporanea all&#8217;Universit\u00e0 di Torino<\/p>\n<p><strong>Intervistato da Luca Rolandi<\/strong><br \/>\nRicercatore Fondazione Donat-Cattin[\/vc_column_text]<div id=\"ts-vcsc-youtube-7393472\" class=\"ts-video-container  ts-video-overlay-false\"  style=\"\"><iframe class=\"ts-video-iframe\" width=\"100%\" height=\"auto\"  src=\"https:\/\/www.youtube.com\/embed\/lDI0FgmnY_M?autoplay=0&showinfo=1&controls=1&autohide=1&rel=0&loop=0&modestbranding=0&wmode=opaque\" frameborder=\"0\" webkitallowfullscreen mozallowfullscreen allowfullscreen><\/iframe><\/div>[vc_column_text]<\/p>\n<p style=\"text-align: justify;\"><strong>Il professor Stefano Musso, \u00e8 docente di Storia contemporanea all&#8217;Universit\u00e0 di Torino, e soprattutto uno dei maggiori e pi\u00f9 autorevoli studiosi sulla storia del lavoro in Italia e nel mondo.<\/strong><br \/>\nNella sua riflessione riprende analisi e considerazioni che sono oggetto della sua ricerca sulla genesi e la definizione dello Statuto dei lavoratori sul tema &#8220;Lo Statuto dei lavoratori tra dibattito politico e lotte sociali&#8221;, che oggi presentiamo in questa versione digitale, in attesa di poter realizzare il convegno &#8220;A cinquant&#8217;anni dallo Statuto dei lavoratori. I diritti tra storia ed attualit\u00e0&#8221;.[\/vc_column_text][\/vc_column][vc_column width=&#8221;1\/6&#8243;][vc_single_image image=&#8221;4889&#8243; onclick=&#8221;custom_link&#8221; link=&#8221;http:\/\/www.fondazionedonatcattin.it\/?page_id=4756&#8243;][vc_column_text]<\/p>\n<h6><a href=\"http:\/\/www.fondazionedonatcattin.it\/?page_id=4756\"><span style=\"color: #993300;\"><strong>Rassegna<br \/>\nstampa<\/strong><\/span><\/a><\/h6>\n<p>[\/vc_column_text][\/vc_column][\/vc_row]<\/p>\n","protected":false},"excerpt":{"rendered":"<p>[vc_row][vc_column][vc_column_text el_class=&#8221;titolo-pagina-long&#8221;] Materiali per un convegno [\/vc_column_text][vc_single_image image=&#8221;2864&#8243; img_size=&#8221;full&#8221;][\/vc_column][\/vc_row][vc_row][vc_column width=&#8221;1\/6&#8243;][vc_column_text] A 50 anni dallo Statuto Materiali per un convegno: piano di lavoro [\/vc_column_text][vc_single_image image=&#8221;4331&#8243; onclick=&#8221;custom_link&#8221; link=&#8221;http:\/\/www.fondazionedonatcattin.it\/?page_id=4325&#8243;][vc_column_text] Intervista ad Alessandro Parola [\/vc_column_text][vc_single_image image=&#8221;4729&#8243; onclick=&#8221;custom_link&#8221; link=&#8221;http:\/\/www.fondazionedonatcattin.it\/?page_id=4711&#8243;][vc_column_text] Lo Statuto di Carlo Donat-Cattin di Giorgio Aimetti [\/vc_column_text][vc_single_image image=&#8221;5122&#8243; onclick=&#8221;custom_link&#8221; link=&#8221;http:\/\/www.fondazionedonatcattin.it\/?page_id=5063&#8243;][vc_column_text] Le interviste di Alessandro Parola [\/vc_column_text][\/vc_column][vc_column width=&#8221;2\/3&#8243;][vc_column_text] LA PAROLA [&hellip;]<\/p>\n","protected":false},"author":11,"featured_media":0,"parent":0,"menu_order":0,"comment_status":"closed","ping_status":"closed","template":"","meta":{"footnotes":""},"_links":{"self":[{"href":"https:\/\/www.fondazionedonatcattin.it\/index.php?rest_route=\/wp\/v2\/pages\/4677"}],"collection":[{"href":"https:\/\/www.fondazionedonatcattin.it\/index.php?rest_route=\/wp\/v2\/pages"}],"about":[{"href":"https:\/\/www.fondazionedonatcattin.it\/index.php?rest_route=\/wp\/v2\/types\/page"}],"author":[{"embeddable":true,"href":"https:\/\/www.fondazionedonatcattin.it\/index.php?rest_route=\/wp\/v2\/users\/11"}],"replies":[{"embeddable":true,"href":"https:\/\/www.fondazionedonatcattin.it\/index.php?rest_route=%2Fwp%2Fv2%2Fcomments&post=4677"}],"version-history":[{"count":0,"href":"https:\/\/www.fondazionedonatcattin.it\/index.php?rest_route=\/wp\/v2\/pages\/4677\/revisions"}],"wp:attachment":[{"href":"https:\/\/www.fondazionedonatcattin.it\/index.php?rest_route=%2Fwp%2Fv2%2Fmedia&parent=4677"}],"curies":[{"name":"wp","href":"https:\/\/api.w.org\/{rel}","templated":true}]}}

<p>[vc_row][vc_column][vc_column_text el_class=&#8221;titolo-pagina-long&#8221;]</p>
<h2><span style="color: #ffffff;">Materiali</span><br />
<span style="color: #ffffff;">per un convegno</span></h2>
<p>[/vc_column_text][vc_single_image image=&#8221;2864&#8243; img_size=&#8221;full&#8221;][/vc_column][/vc_row][vc_row][vc_column width=&#8221;1/6&#8243;][vc_column_text]</p>
<h6><a href="http://www.fondazionedonatcattin.it/?page_id=4306"><strong>A 50 anni<br />
dallo Statuto</strong></a></p>
<p>Materiali<br />
per un convegno:<br />
piano di lavoro</h6>
<p>[/vc_column_text][vc_single_image image=&#8221;4331&#8243; onclick=&#8221;custom_link&#8221; link=&#8221;http://www.fondazionedonatcattin.it/?page_id=4325&#8243;][vc_column_text]</p>
<h6><a href="http://www.fondazionedonatcattin.it/?page_id=4325"><span style="color: #993300;"><strong>Intervista<br />
ad Alessandro Parola<br />
</strong></span></a></h6>
<p>[/vc_column_text][vc_single_image image=&#8221;4729&#8243; onclick=&#8221;custom_link&#8221; link=&#8221;http://www.fondazionedonatcattin.it/?page_id=4711&#8243;][vc_column_text]</p>
<h6><a href="http://www.fondazionedonatcattin.it/?page_id=4711"><strong>Lo Statuto<br />
di Carlo<br />
Donat-Cattin</strong></a></p>
<p>di Giorgio Aimetti</h6>
<p>[/vc_column_text][vc_single_image image=&#8221;5122&#8243; onclick=&#8221;custom_link&#8221; link=&#8221;http://www.fondazionedonatcattin.it/?page_id=5063&#8243;][vc_column_text]</p>
<h6><a href="http://www.fondazionedonatcattin.it/?page_id=5063"><strong>Le interviste</strong></a></p>
<p>di Alessandro Parola</h6>
<p>[/vc_column_text][/vc_column][vc_column width=&#8221;2/3&#8243;][vc_column_text]</p>
<h1><span style="color: #993300;"><strong>LA PAROLA AGLI STORICI</strong></span><br />
<span style="color: #993300;">Lo Statuto dei lavoratori tra dibattito politico e lotte sociali</span><br />
Materiali per un convegno</h1>
<p>[/vc_column_text][vc_column_text]<strong>Prof. Stefano Musso</strong><br />
Docente di Storia contemporanea all&#8217;Università di Torino</p>
<p><strong>Intervistato da Luca Rolandi</strong><br />
Ricercatore Fondazione Donat-Cattin[/vc_column_text]<div id="ts-vcsc-youtube-7393472" class="ts-video-container  ts-video-overlay-false"  style=""><iframe class="ts-video-iframe" width="100%" height="auto"  src="https://www.youtube.com/embed/lDI0FgmnY_M?autoplay=0&showinfo=1&controls=1&autohide=1&rel=0&loop=0&modestbranding=0&wmode=opaque" frameborder="0" webkitallowfullscreen mozallowfullscreen allowfullscreen></iframe></div>[vc_column_text]</p>
<p style="text-align: justify;"><strong>Il professor Stefano Musso, è docente di Storia contemporanea all&#8217;Università di Torino, e soprattutto uno dei maggiori e più autorevoli studiosi sulla storia del lavoro in Italia e nel mondo.</strong><br />
Nella sua riflessione riprende analisi e considerazioni che sono oggetto della sua ricerca sulla genesi e la definizione dello Statuto dei lavoratori sul tema &#8220;Lo Statuto dei lavoratori tra dibattito politico e lotte sociali&#8221;, che oggi presentiamo in questa versione digitale, in attesa di poter realizzare il convegno &#8220;A cinquant&#8217;anni dallo Statuto dei lavoratori. I diritti tra storia ed attualità&#8221;.[/vc_column_text][/vc_column][vc_column width=&#8221;1/6&#8243;][vc_single_image image=&#8221;4889&#8243; onclick=&#8221;custom_link&#8221; link=&#8221;http://www.fondazionedonatcattin.it/?page_id=4756&#8243;][vc_column_text]</p>
<h6><a href="http://www.fondazionedonatcattin.it/?page_id=4756"><span style="color: #993300;"><strong>Rassegna<br />
stampa</strong></span></a></h6>
<p>[/vc_column_text][/vc_column][/vc_row]</p>
