{"id":3824,"date":"2018-03-13T12:23:40","date_gmt":"2018-03-13T11:23:40","guid":{"rendered":"http:\/\/www.fondazionedonatcattin.it\/?page_id=3824"},"modified":"2022-12-16T11:01:29","modified_gmt":"2022-12-16T10:01:29","slug":"pubblicazioni-2-3","status":"publish","type":"page","link":"https:\/\/www.fondazionedonatcattin.it\/?page_id=3824","title":{"rendered":"&#8211;il coraggio della politica"},"content":{"rendered":"<p>[vc_row][vc_column][\/vc_column][\/vc_row][vc_row][vc_column width=&#8221;1\/6&#8243;][\/vc_column][vc_column width=&#8221;2\/3&#8243;][vc_row_inner][vc_column_inner width=&#8221;1\/4&#8243;][vc_single_image image=&#8221;3825&#8243; img_size=&#8221;330&#215;450&#8243; style=&#8221;vc_box_shadow_3d&#8221; onclick=&#8221;link_image&#8221;][\/vc_column_inner][vc_column_inner width=&#8221;3\/4&#8243;][vc_column_text]Alberto Luna (curatore)<\/p>\n<p><strong><span style=\"color: #993300;\">Carlo Donat-Cattin<\/span><\/strong><br \/>\n<span style=\"color: #000000;\"><strong>Il coraggio della politica<\/strong><\/span><\/p>\n<p>Terza Fase Libri, Roma 1991[\/vc_column_text][\/vc_column_inner][\/vc_row_inner][vc_column_text]<\/p>\n<p style=\"text-align: justify;\"><strong>Terzafase<\/strong> \u00e8 stata fondata da Carlo Donat-Cattin insieme a un gruppo di cattolici impegnati all\u2019interno della DC. Il volume raccoglie gli editoriali che ogni mese, fino al gennaio 1991, Donat-Cattin ha scritto per la rivista, presentandoli in ordine cronologico e raccolti per argomenti. Una testimonianza importante dell\u2019attivit\u00e0 politica e culturale di un militante democristiano fedele alle proprie idee, disposto al confronto con tutti ma orgoglioso della propria matrice, attento ai mutamenti della societ\u00e0 e alieno da ogni soggezione rispetto alle mode e alle culture cosiddette dominanti. Nelle pagine di questo libro ritroviamo gli elementi pi\u00f9 significativi, le analisi pi\u00f9 acute e i giudizi pi\u00f9 penetranti che hanno contribuito a dare a Carlo Donat-Cattin una posizione preminente e originale fra i politici italiani del dopoguerra.<\/p>\n<p>[\/vc_column_text][\/vc_column][vc_column width=&#8221;1\/6&#8243;][\/vc_column][\/vc_row]<\/p>\n","protected":false},"excerpt":{"rendered":"<p>[vc_row][vc_column][\/vc_column][\/vc_row][vc_row][vc_column width=&#8221;1\/6&#8243;][\/vc_column][vc_column width=&#8221;2\/3&#8243;][vc_row_inner][vc_column_inner width=&#8221;1\/4&#8243;][vc_single_image image=&#8221;3825&#8243; img_size=&#8221;330&#215;450&#8243; style=&#8221;vc_box_shadow_3d&#8221; onclick=&#8221;link_image&#8221;][\/vc_column_inner][vc_column_inner width=&#8221;3\/4&#8243;][vc_column_text]Alberto Luna (curatore) Carlo Donat-Cattin Il coraggio della politica Terza Fase Libri, Roma 1991[\/vc_column_text][\/vc_column_inner][\/vc_row_inner][vc_column_text] Terzafase \u00e8 stata fondata da Carlo Donat-Cattin insieme a un gruppo di cattolici impegnati all\u2019interno della DC. Il volume raccoglie gli editoriali che ogni mese, fino al gennaio 1991, Donat-Cattin ha scritto per [&hellip;]<\/p>\n","protected":false},"author":11,"featured_media":0,"parent":19,"menu_order":0,"comment_status":"closed","ping_status":"closed","template":"","meta":{"footnotes":""},"_links":{"self":[{"href":"https:\/\/www.fondazionedonatcattin.it\/index.php?rest_route=\/wp\/v2\/pages\/3824"}],"collection":[{"href":"https:\/\/www.fondazionedonatcattin.it\/index.php?rest_route=\/wp\/v2\/pages"}],"about":[{"href":"https:\/\/www.fondazionedonatcattin.it\/index.php?rest_route=\/wp\/v2\/types\/page"}],"author":[{"embeddable":true,"href":"https:\/\/www.fondazionedonatcattin.it\/index.php?rest_route=\/wp\/v2\/users\/11"}],"replies":[{"embeddable":true,"href":"https:\/\/www.fondazionedonatcattin.it\/index.php?rest_route=%2Fwp%2Fv2%2Fcomments&post=3824"}],"version-history":[{"count":0,"href":"https:\/\/www.fondazionedonatcattin.it\/index.php?rest_route=\/wp\/v2\/pages\/3824\/revisions"}],"up":[{"embeddable":true,"href":"https:\/\/www.fondazionedonatcattin.it\/index.php?rest_route=\/wp\/v2\/pages\/19"}],"wp:attachment":[{"href":"https:\/\/www.fondazionedonatcattin.it\/index.php?rest_route=%2Fwp%2Fv2%2Fmedia&parent=3824"}],"curies":[{"name":"wp","href":"https:\/\/api.w.org\/{rel}","templated":true}]}}