{"id":2293,"date":"2018-03-13T12:23:29","date_gmt":"2018-03-13T11:23:29","guid":{"rendered":"http:\/\/www.fondazionedonatcattin.it?page_id=2293"},"modified":"2022-10-23T10:00:35","modified_gmt":"2022-10-23T08:00:35","slug":"attivita-20-2-3-2-2-2-3-2-2","status":"publish","type":"page","link":"https:\/\/www.fondazionedonatcattin.it\/?page_id=2293","title":{"rendered":"2018 &#8211; 19 aprile &#8211; Il calcio sopra le barricate"},"content":{"rendered":"<p>[vc_row disable_element=&#8221;yes&#8221;][vc_column][vc_column_text el_class=&#8221;titolo-pagina&#8221;]<\/p>\n<h2><span style=\"color: #ffffff;\">Attivit\u00e0<\/span><\/h2>\n<p>[\/vc_column_text][vc_single_image image=&#8221;1656&#8243; img_size=&#8221;full&#8221;][\/vc_column][\/vc_row][vc_row][vc_column width=&#8221;1\/4&#8243;][\/vc_column][vc_column width=&#8221;1\/2&#8243;][vc_column_text]<strong><img decoding=\"async\" loading=\"lazy\" class=\"aligncenter wp-image-10083\" src=\"http:\/\/www.fondazionedonatcattin.it\/wp-content\/uploads\/2022\/02\/incontri-con-gli-autori.jpg\" alt=\"\" width=\"180\" height=\"51\" srcset=\"https:\/\/www.fondazionedonatcattin.it\/wp-content\/uploads\/2022\/02\/incontri-con-gli-autori.jpg 1113w, https:\/\/www.fondazionedonatcattin.it\/wp-content\/uploads\/2022\/02\/incontri-con-gli-autori-1024x292.jpg 1024w, https:\/\/www.fondazionedonatcattin.it\/wp-content\/uploads\/2022\/02\/incontri-con-gli-autori-768x219.jpg 768w\" sizes=\"(max-width: 180px) 100vw, 180px\" \/><\/strong><\/p>\n<p><strong>Francesco Caremani<\/strong><\/p>\n<h2><strong>Il calcio sopra le barricate<\/strong><\/h2>\n<p><strong>19 aprile 2018 <\/strong><\/p>\n<p>Bradipolibri, 2017<\/p>\n<p>&nbsp;<\/p>\n<p><strong>Polo del &#8216;900, Sala Voltoni<\/strong><br \/>\nVia del Carmine 14 &#8211; Torino<\/p>\n<p>&nbsp;<\/p>\n<p style=\"text-align: justify;\">Il &#8217;68 per molti ha rappresentato lo spartiacque della seconda met\u00e0 del Novecento; la coscienza della societ\u00e0 borghese occidentale che \u00e8 stata costretta a guardarsi pubblicamente allo specchio. Un&#8217;intera generazione \u00e8 passata attraverso un momento totalizzante che per alcuni \u00e8 durato un anno, per altri di pi\u00f9, per altri ancora mai finito. In mezzo a tutto questo, alle occupazioni universitarie, alla guerriglia urbana, a una nuova coscienza popolare, l&#8217;Italia del calcio realizzava il sogno, vincendo l&#8217;Europeo, dopo la delusione dei Mondiali inglesi e la beffa coreana. Valcareggi vince dopo gli allori di Pozzo degli anni Trenta. Una vittoria inattesa, per questo ancora pi\u00f9 bella, la vittoria di una generazione di giocatori, la meglio giovent\u00f9, che sar\u00e0 ricordata per Italia-Germania 4-3. Caremani, attraverso le testimonianze dei protagonisti ha voluto ripercorrere quei momenti e fissare alcune, significative, immagini di quell&#8217;epoca. Fotografia di una generazione che ha portato la fantasia al potere solamente rincorrendo un pallone. A met\u00e0 tra l&#8217;aneddoto e il ricordo, cercando di cogliere quel cono d&#8217;ombra che ogni cambiamento generazionale lascia dentro ognuno di noi. Era il 1968.<\/p>\n<p>&nbsp;<\/p>\n<p style=\"text-align: left;\"><img decoding=\"async\" loading=\"lazy\" class=\"alignnone wp-image-2294\" src=\"http:\/\/www.fondazionedonatcattin.it\/wp-content\/uploads\/2019\/01\/Il-calcio-sopra-le-barricate-324x450.jpg\" alt=\"\" width=\"285\" height=\"396\" srcset=\"https:\/\/www.fondazionedonatcattin.it\/wp-content\/uploads\/2019\/01\/Il-calcio-sopra-le-barricate-324x450.jpg 324w, https:\/\/www.fondazionedonatcattin.it\/wp-content\/uploads\/2019\/01\/Il-calcio-sopra-le-barricate.jpg 535w\" sizes=\"(max-width: 285px) 100vw, 285px\" \/><\/p>\n<p>&nbsp;<\/p>\n<p style=\"text-align: justify;\">Interventi di:<br \/>\n<strong>Salvatore Lo Presti<br \/>\nLuca Rolandi<\/strong><\/p>\n<p style=\"text-align: justify;\"><strong>Sar\u00e0 presente l\u2019autore<\/strong><\/p>\n<p>[\/vc_column_text][\/vc_column][vc_column width=&#8221;1\/4&#8243;][\/vc_column][\/vc_row]<\/p>\n","protected":false},"excerpt":{"rendered":"<p>[vc_row disable_element=&#8221;yes&#8221;][vc_column][vc_column_text el_class=&#8221;titolo-pagina&#8221;] Attivit\u00e0 [\/vc_column_text][vc_single_image image=&#8221;1656&#8243; img_size=&#8221;full&#8221;][\/vc_column][\/vc_row][vc_row][vc_column width=&#8221;1\/4&#8243;][\/vc_column][vc_column width=&#8221;1\/2&#8243;][vc_column_text] Francesco Caremani Il calcio sopra le barricate 19 aprile 2018 Bradipolibri, 2017 &nbsp; Polo del &#8216;900, Sala Voltoni Via del Carmine 14 &#8211; Torino &nbsp; Il &#8217;68 per molti ha rappresentato lo spartiacque della seconda met\u00e0 del Novecento; la coscienza della societ\u00e0 borghese occidentale che \u00e8 [&hellip;]<\/p>\n","protected":false},"author":5,"featured_media":0,"parent":490,"menu_order":0,"comment_status":"closed","ping_status":"closed","template":"","meta":{"footnotes":""},"_links":{"self":[{"href":"https:\/\/www.fondazionedonatcattin.it\/index.php?rest_route=\/wp\/v2\/pages\/2293"}],"collection":[{"href":"https:\/\/www.fondazionedonatcattin.it\/index.php?rest_route=\/wp\/v2\/pages"}],"about":[{"href":"https:\/\/www.fondazionedonatcattin.it\/index.php?rest_route=\/wp\/v2\/types\/page"}],"author":[{"embeddable":true,"href":"https:\/\/www.fondazionedonatcattin.it\/index.php?rest_route=\/wp\/v2\/users\/5"}],"replies":[{"embeddable":true,"href":"https:\/\/www.fondazionedonatcattin.it\/index.php?rest_route=%2Fwp%2Fv2%2Fcomments&post=2293"}],"version-history":[{"count":0,"href":"https:\/\/www.fondazionedonatcattin.it\/index.php?rest_route=\/wp\/v2\/pages\/2293\/revisions"}],"up":[{"embeddable":true,"href":"https:\/\/www.fondazionedonatcattin.it\/index.php?rest_route=\/wp\/v2\/pages\/490"}],"wp:attachment":[{"href":"https:\/\/www.fondazionedonatcattin.it\/index.php?rest_route=%2Fwp%2Fv2%2Fmedia&parent=2293"}],"curies":[{"name":"wp","href":"https:\/\/api.w.org\/{rel}","templated":true}]}}

<p>[vc_row disable_element=&#8221;yes&#8221;][vc_column][vc_column_text el_class=&#8221;titolo-pagina&#8221;]</p>
<h2><span style="color: #ffffff;">Attività</span></h2>
<p>[/vc_column_text][vc_single_image image=&#8221;1656&#8243; img_size=&#8221;full&#8221;][/vc_column][/vc_row][vc_row][vc_column width=&#8221;1/4&#8243;][/vc_column][vc_column width=&#8221;1/2&#8243;][vc_column_text]<strong><img decoding="async" loading="lazy" class="aligncenter wp-image-10083" src="http://www.fondazionedonatcattin.it/wp-content/uploads/2022/02/incontri-con-gli-autori.jpg" alt="" width="180" height="51" srcset="https://www.fondazionedonatcattin.it/wp-content/uploads/2022/02/incontri-con-gli-autori.jpg 1113w, https://www.fondazionedonatcattin.it/wp-content/uploads/2022/02/incontri-con-gli-autori-1024x292.jpg 1024w, https://www.fondazionedonatcattin.it/wp-content/uploads/2022/02/incontri-con-gli-autori-768x219.jpg 768w" sizes="(max-width: 180px) 100vw, 180px" /></strong></p>
<p><strong>Francesco Caremani</strong></p>
<h2><strong>Il calcio sopra le barricate</strong></h2>
<p><strong>19 aprile 2018 </strong></p>
<p>Bradipolibri, 2017</p>
<p>&nbsp;</p>
<p><strong>Polo del &#8216;900, Sala Voltoni</strong><br />
Via del Carmine 14 &#8211; Torino</p>
<p>&nbsp;</p>
<p style="text-align: justify;">Il &#8217;68 per molti ha rappresentato lo spartiacque della seconda metà del Novecento; la coscienza della società borghese occidentale che è stata costretta a guardarsi pubblicamente allo specchio. Un&#8217;intera generazione è passata attraverso un momento totalizzante che per alcuni è durato un anno, per altri di più, per altri ancora mai finito. In mezzo a tutto questo, alle occupazioni universitarie, alla guerriglia urbana, a una nuova coscienza popolare, l&#8217;Italia del calcio realizzava il sogno, vincendo l&#8217;Europeo, dopo la delusione dei Mondiali inglesi e la beffa coreana. Valcareggi vince dopo gli allori di Pozzo degli anni Trenta. Una vittoria inattesa, per questo ancora più bella, la vittoria di una generazione di giocatori, la meglio gioventù, che sarà ricordata per Italia-Germania 4-3. Caremani, attraverso le testimonianze dei protagonisti ha voluto ripercorrere quei momenti e fissare alcune, significative, immagini di quell&#8217;epoca. Fotografia di una generazione che ha portato la fantasia al potere solamente rincorrendo un pallone. A metà tra l&#8217;aneddoto e il ricordo, cercando di cogliere quel cono d&#8217;ombra che ogni cambiamento generazionale lascia dentro ognuno di noi. Era il 1968.</p>
<p>&nbsp;</p>
<p style="text-align: left;"><img decoding="async" loading="lazy" class="alignnone wp-image-2294" src="http://www.fondazionedonatcattin.it/wp-content/uploads/2019/01/Il-calcio-sopra-le-barricate-324x450.jpg" alt="" width="285" height="396" srcset="https://www.fondazionedonatcattin.it/wp-content/uploads/2019/01/Il-calcio-sopra-le-barricate-324x450.jpg 324w, https://www.fondazionedonatcattin.it/wp-content/uploads/2019/01/Il-calcio-sopra-le-barricate.jpg 535w" sizes="(max-width: 285px) 100vw, 285px" /></p>
<p>&nbsp;</p>
<p style="text-align: justify;">Interventi di:<br />
<strong>Salvatore Lo Presti<br />
Luca Rolandi</strong></p>
<p style="text-align: justify;"><strong>Sarà presente l’autore</strong></p>
<p>[/vc_column_text][/vc_column][vc_column width=&#8221;1/4&#8243;][/vc_column][/vc_row]</p>

<p>[vc_row disable_element=&#8221;yes&#8221;][vc_column][vc_column_text el_class=&#8221;titolo-pagina&#8221;] Attività [/vc_column_text][vc_single_image image=&#8221;1656&#8243; img_size=&#8221;full&#8221;][/vc_column][/vc_row][vc_row][vc_column width=&#8221;1/4&#8243;][/vc_column][vc_column width=&#8221;1/2&#8243;][vc_column_text] Francesco Caremani Il calcio sopra le barricate 19 aprile 2018 Bradipolibri, 2017 &nbsp; Polo del &#8216;900, Sala Voltoni Via del Carmine 14 &#8211; Torino &nbsp; Il &#8217;68 per molti ha rappresentato lo spartiacque della seconda metà del Novecento; la coscienza della società borghese occidentale che è [&hellip;]</p>
