{"id":18607,"date":"2021-04-29T17:10:29","date_gmt":"2021-04-29T15:10:29","guid":{"rendered":"https:\/\/www.fondazionedonatcattin.it\/?page_id=18607"},"modified":"2026-03-28T08:44:06","modified_gmt":"2026-03-28T07:44:06","slug":"attivita-20-2-3-2-2-2-3-2-3-2-4-2-3-2-2-3-2-5-2-2-3-5-2-2-3-3-2-3-3-2-3-2-2-2-2-2-2-2-2-3-2-2-2-2-2-2-2-3-2-2-3-3-2-2-3-3-2-2-3-2-2-2-2-3-2-2-3-3-3-2-2-3-2-3-2-2-2-2-2-2-3-2-2-2","status":"publish","type":"page","link":"https:\/\/www.fondazionedonatcattin.it\/?page_id=18607","title":{"rendered":"Le religioni nel mondo globale &#8211; 27 marzo 2026"},"content":{"rendered":"<p>[vc_row disable_element=&#8221;yes&#8221;][vc_column][vc_single_image image=&#8221;18214&#8243; img_size=&#8221;full&#8221;][\/vc_column][\/vc_row][vc_row][vc_column width=&#8221;1\/6&#8243;][\/vc_column][vc_column width=&#8221;2\/3&#8243;][vc_column_text]<img decoding=\"async\" loading=\"lazy\" class=\"wp-image-10083 alignleft\" src=\"https:\/\/www.fondazionedonatcattin.it\/wp-content\/uploads\/2022\/02\/incontri-con-gli-autori.jpg\" alt=\"\" width=\"180\" height=\"51\" srcset=\"https:\/\/www.fondazionedonatcattin.it\/wp-content\/uploads\/2022\/02\/incontri-con-gli-autori.jpg 1113w, https:\/\/www.fondazionedonatcattin.it\/wp-content\/uploads\/2022\/02\/incontri-con-gli-autori-1024x292.jpg 1024w, https:\/\/www.fondazionedonatcattin.it\/wp-content\/uploads\/2022\/02\/incontri-con-gli-autori-768x219.jpg 768w\" sizes=\"(max-width: 180px) 100vw, 180px\" \/><\/p>\n<p>&nbsp;<\/p>\n<p>&nbsp;<\/p>\n<p>La Fondazione Carlo Donat-Cattin invita alla presentazione del libro di Franco Garelli e Stefania Palmisano<\/p>\n<p><span style=\"color: #993300;\"><strong>Le religioni nel mondo globale<\/strong><\/span><\/p>\n<p>il Mulino, 2025[\/vc_column_text][vc_column_text]<strong>Venerd\u00ec 27 marzo 2026 | ore 17:30 | <\/strong><em><a href=\"https:\/\/calendar.google.com\/calendar\/r\/eventedit?text=Le%20religioni%20nel%20mondo%20globale&amp;dates=20260327T173000\/20260327T000000&amp;details=Di%20Franco%20Garelli%20e%20Stefania%20Palmisano+%3Cbr%3E+https:\/\/polodel900.it\/eventi\/le-religioni-nel-mondo-globale\/&amp;location=Sala%20Conferenze%20|%20Palazzo%20San%20Celso%20|%20Polo%20del%20%27900%20|%20Piazzetta%20Antonicelli,%20Torino&amp;sf=true&amp;output=xml\" target=\"_blank\" rel=\"noopener\">aggiungi al calendario<\/a><\/em><\/p>\n<p><em>Ingresso gratuito &#8211; <a href=\"https:\/\/polodel900.my.salesforce-sites.com\/eventi?IdEvt=a0CSW00005gj3dJ\" target=\"_blank\" rel=\"noopener\">Prenota qui il tuo posto\u27a6<\/a><\/em><\/p>\n<p><strong>TORINO<\/strong><br \/>\n<strong>Sala Conferenze I Palazzo San Celso I Polo del &#8216;900<\/strong><br \/>\nPiazzetta Antonicelli I Ingresso da corso Valdocco 4\/A[\/vc_column_text][vc_video link=&#8221;https:\/\/vimeo.com\/1177889894\/ebebcebed9&#8243;][vc_column_text]<\/p>\n<p style=\"text-align: justify;\">Il panorama delle fedi nel mondo \u00e8 oggi in rapida trasformazione. Il cristianesimo \u00e8 ancora la religione con il maggior numero di fedeli, ma il suo baricentro va spostandosi sempre pi\u00f9 verso il sud del globo. Dal canto suo l\u2019islam continua a dominare in Medio Oriente, tuttavia\u00a0il suo polo pi\u00f9 diffuso si trova nel continente asiatico. L\u2019ateismo e l\u2019agnosticismo dilagano, ma il 75% della popolazione mondiale professa ancora la propria appartenenza a una fede. Il volume fornisce le chiavi di lettura per interpretare questa complessa realt\u00e0, scandagliando nuovi approcci e mettendo in relazione domanda e offerta religiosa, nella consapevolezza che la religione, pur avendo una minore presa sulle coscienze individuali, svolge tuttora un ruolo pubblico di primo piano.<\/p>\n<p>[\/vc_column_text][vc_column_text]<\/p>\n<p style=\"text-align: justify;\">Gli autori dialogano con<br \/>\n<strong>Ermis Segatti<\/strong><\/p>\n<p style=\"text-align: justify;\">Modera<br \/>\n<strong>Alberto Riccadonna<\/strong>[\/vc_column_text][vc_single_image image=&#8221;18608&#8243; img_size=&#8221;full&#8221;][\/vc_column][vc_column width=&#8221;1\/6&#8243;][\/vc_column][\/vc_row]<\/p>\n","protected":false},"excerpt":{"rendered":"<p>[vc_row disable_element=&#8221;yes&#8221;][vc_column][vc_single_image image=&#8221;18214&#8243; img_size=&#8221;full&#8221;][\/vc_column][\/vc_row][vc_row][vc_column width=&#8221;1\/6&#8243;][\/vc_column][vc_column width=&#8221;2\/3&#8243;][vc_column_text] &nbsp; &nbsp; La Fondazione Carlo Donat-Cattin invita alla presentazione del libro di Franco Garelli e Stefania Palmisano Le religioni nel mondo globale il Mulino, 2025[\/vc_column_text][vc_column_text]Venerd\u00ec 27 marzo 2026 | ore 17:30 | aggiungi al calendario Ingresso gratuito &#8211; Prenota qui il tuo posto\u27a6 TORINO Sala Conferenze I Palazzo San [&hellip;]<\/p>\n","protected":false},"author":11,"featured_media":0,"parent":0,"menu_order":0,"comment_status":"closed","ping_status":"closed","template":"","meta":{"footnotes":""},"_links":{"self":[{"href":"https:\/\/www.fondazionedonatcattin.it\/index.php?rest_route=\/wp\/v2\/pages\/18607"}],"collection":[{"href":"https:\/\/www.fondazionedonatcattin.it\/index.php?rest_route=\/wp\/v2\/pages"}],"about":[{"href":"https:\/\/www.fondazionedonatcattin.it\/index.php?rest_route=\/wp\/v2\/types\/page"}],"author":[{"embeddable":true,"href":"https:\/\/www.fondazionedonatcattin.it\/index.php?rest_route=\/wp\/v2\/users\/11"}],"replies":[{"embeddable":true,"href":"https:\/\/www.fondazionedonatcattin.it\/index.php?rest_route=%2Fwp%2Fv2%2Fcomments&post=18607"}],"version-history":[{"count":5,"href":"https:\/\/www.fondazionedonatcattin.it\/index.php?rest_route=\/wp\/v2\/pages\/18607\/revisions"}],"predecessor-version":[{"id":18673,"href":"https:\/\/www.fondazionedonatcattin.it\/index.php?rest_route=\/wp\/v2\/pages\/18607\/revisions\/18673"}],"wp:attachment":[{"href":"https:\/\/www.fondazionedonatcattin.it\/index.php?rest_route=%2Fwp%2Fv2%2Fmedia&parent=18607"}],"curies":[{"name":"wp","href":"https:\/\/api.w.org\/{rel}","templated":true}]}}