{"id":18476,"date":"2021-04-29T17:10:29","date_gmt":"2021-04-29T15:10:29","guid":{"rendered":"https:\/\/www.fondazionedonatcattin.it\/?page_id=18476"},"modified":"2026-02-26T03:11:11","modified_gmt":"2026-02-26T02:11:11","slug":"attivita-20-2-3-2-2-2-3-2-3-2-4-2-3-2-2-3-2-5-2-2-3-5-2-2-3-3-2-3-3-2-3-2-2-2-2-2-2-2-2-3-2-2-2-2-2-2-2-3-2-2-3-3-2-2-3-3-2-2-3-2-2-2-2-3-2-2-3-3-3-2-2-3-2-3-2-2-2-2-2-2","status":"publish","type":"page","link":"https:\/\/www.fondazionedonatcattin.it\/?page_id=18476","title":{"rendered":"L\u2019ultimo operaio &#8211; 25 febbraio 2026"},"content":{"rendered":"<p>[vc_row disable_element=&#8221;yes&#8221;][vc_column][vc_single_image image=&#8221;18214&#8243; img_size=&#8221;full&#8221;][\/vc_column][\/vc_row][vc_row][vc_column width=&#8221;1\/6&#8243;][\/vc_column][vc_column width=&#8221;2\/3&#8243;][vc_column_text]<span style=\"color: #993300;\"><strong><img decoding=\"async\" loading=\"lazy\" class=\"alignleft wp-image-10083\" src=\"https:\/\/www.fondazionedonatcattin.it\/wp-content\/uploads\/2022\/02\/incontri-con-gli-autori.jpg\" alt=\"\" width=\"180\" height=\"51\" srcset=\"https:\/\/www.fondazionedonatcattin.it\/wp-content\/uploads\/2022\/02\/incontri-con-gli-autori.jpg 1113w, https:\/\/www.fondazionedonatcattin.it\/wp-content\/uploads\/2022\/02\/incontri-con-gli-autori-1024x292.jpg 1024w, https:\/\/www.fondazionedonatcattin.it\/wp-content\/uploads\/2022\/02\/incontri-con-gli-autori-768x219.jpg 768w\" sizes=\"(max-width: 180px) 100vw, 180px\" \/><\/strong><\/span><\/p>\n<p>&nbsp;<\/p>\n<p>&nbsp;<\/p>\n<p><span style=\"color: #993300;\"><strong>L\u2019ultimo operaio<\/strong><\/span><br \/>\nCanto finale della grande fabbrica<\/p>\n<p>di <strong>Niccol\u00f2 Zancan<\/strong><br \/>\n(Einaudi, 2026)[\/vc_column_text][vc_column_text]<\/p>\n<p dir=\"ltr\"><strong>Mercoled\u00ec 25 febbraio 2026 \u2013 ore 18:00<\/strong><br \/>\nTORINO<br \/>\nSala Conferenze | Palazzo San Celso | Polo del &#8216;900<br \/>\nPiazzetta Antonicelli | ingresso da corso Valdocco 4\/A<\/p>\n<p dir=\"ltr\"><em>Ingresso gratuito \u2013 <a href=\"https:\/\/polodel900.my.salesforce-sites.com\/eventi?IdEvt=a0CSW00005hruG6\" target=\"_blank\" rel=\"noopener\" data-saferedirecturl=\"https:\/\/www.google.com\/url?q=https:\/\/fondazionedonatcattin.us5.list-manage.com\/track\/click?u%3D94a40b5292c7c7ccef8f73f58%26id%3Db06f9aa62f%26e%3D786183d137&amp;source=gmail&amp;ust=1768997854632000&amp;usg=AOvVaw2BUx-98PY_7IvQDjaPGKZ5\">prenota qui il tuo posto<\/a>.<\/em><\/p>\n<p>[\/vc_column_text][vc_single_image image=&#8221;18477&#8243; img_size=&#8221;medium&#8221;][vc_column_text]<\/p>\n<p style=\"text-align: justify;\"><strong>Niccol\u00f2 Zancan<\/strong> \u00e8 dovuto andare via da Torino per mettere a fuoco le cose. Ed \u00e8 dovuto tornare per trovare l\u2019ultimo operaio e ascoltare la sua storia unica e fiera, prima che tutto questo mondo novecentesco svanisse dietro la curva del secolo. Anche in questo libro Zancan riesce a raccontare la cronaca urticante del nostro presente attraverso il suo peculiare stile poetico, senza venir meno alla critica sociale e civile.<\/p>\n<p style=\"text-align: justify;\">\u00abLo senti questo silenzio? \u00c8 la fabbrica che sta morendo\u00bb. L\u2019ultimo operaio di Mirafiori sta per andare in pensione. L\u2019ultimo che ha indossato la tuta blu, l\u2019ultimo che ha visto l\u2019avvocato Agnelli e che ha tifato Juventus per riconoscenza. Non \u00e8 pi\u00f9 Cipputi, perch\u00e9 \u00e8 un operaio ancora pi\u00f9\u00a0disilluso e solo, ormai uscito persino dalle parole del mondo. Se ne va in dissolvenza, testimone di un passaggio storico. Mirafiori era la pi\u00f9 grande fabbrica d\u2019Europa. Oggi restano 4.080 operai addetti alla produzione, ma sono quasi sempre in cassa integrazione. Fissano il vuoto dai palazzi costruiti per loro, che si stanno spopolando come la citt\u00e0 che li aveva accolti.<\/p>\n<p>[\/vc_column_text][vc_column_text]<em>Intervengono con l\u2019autore<\/em><\/p>\n<p><strong>Franco Aloia<\/strong> ex sindacalista<br \/>\n<strong>Ettore Boffano<\/strong> giornalista[\/vc_column_text][vc_images_carousel images=&#8221;18521,18525,18517,18513,18523,18515,18519&#8243; img_size=&#8221;medium&#8221; autoplay=&#8221;yes&#8221; wrap=&#8221;yes&#8221;][\/vc_column][vc_column width=&#8221;1\/6&#8243;][\/vc_column][\/vc_row]<\/p>\n","protected":false},"excerpt":{"rendered":"<p>[vc_row disable_element=&#8221;yes&#8221;][vc_column][vc_single_image image=&#8221;18214&#8243; img_size=&#8221;full&#8221;][\/vc_column][\/vc_row][vc_row][vc_column width=&#8221;1\/6&#8243;][\/vc_column][vc_column width=&#8221;2\/3&#8243;][vc_column_text] &nbsp; &nbsp; L\u2019ultimo operaio Canto finale della grande fabbrica di Niccol\u00f2 Zancan (Einaudi, 2026)[\/vc_column_text][vc_column_text] Mercoled\u00ec 25 febbraio 2026 \u2013 ore 18:00 TORINO Sala Conferenze | Palazzo San Celso | Polo del &#8216;900 Piazzetta Antonicelli | ingresso da corso Valdocco 4\/A Ingresso gratuito \u2013 prenota qui il tuo posto. [\/vc_column_text][vc_single_image [&hellip;]<\/p>\n","protected":false},"author":11,"featured_media":0,"parent":0,"menu_order":0,"comment_status":"closed","ping_status":"closed","template":"","meta":{"footnotes":""},"_links":{"self":[{"href":"https:\/\/www.fondazionedonatcattin.it\/index.php?rest_route=\/wp\/v2\/pages\/18476"}],"collection":[{"href":"https:\/\/www.fondazionedonatcattin.it\/index.php?rest_route=\/wp\/v2\/pages"}],"about":[{"href":"https:\/\/www.fondazionedonatcattin.it\/index.php?rest_route=\/wp\/v2\/types\/page"}],"author":[{"embeddable":true,"href":"https:\/\/www.fondazionedonatcattin.it\/index.php?rest_route=\/wp\/v2\/users\/11"}],"replies":[{"embeddable":true,"href":"https:\/\/www.fondazionedonatcattin.it\/index.php?rest_route=%2Fwp%2Fv2%2Fcomments&post=18476"}],"version-history":[{"count":4,"href":"https:\/\/www.fondazionedonatcattin.it\/index.php?rest_route=\/wp\/v2\/pages\/18476\/revisions"}],"predecessor-version":[{"id":18528,"href":"https:\/\/www.fondazionedonatcattin.it\/index.php?rest_route=\/wp\/v2\/pages\/18476\/revisions\/18528"}],"wp:attachment":[{"href":"https:\/\/www.fondazionedonatcattin.it\/index.php?rest_route=%2Fwp%2Fv2%2Fmedia&parent=18476"}],"curies":[{"name":"wp","href":"https:\/\/api.w.org\/{rel}","templated":true}]}}

<p>[vc_row disable_element=&#8221;yes&#8221;][vc_column][vc_single_image image=&#8221;18214&#8243; img_size=&#8221;full&#8221;][/vc_column][/vc_row][vc_row][vc_column width=&#8221;1/6&#8243;][/vc_column][vc_column width=&#8221;2/3&#8243;][vc_column_text]<span style="color: #993300;"><strong><img decoding="async" loading="lazy" class="alignleft wp-image-10083" src="https://www.fondazionedonatcattin.it/wp-content/uploads/2022/02/incontri-con-gli-autori.jpg" alt="" width="180" height="51" srcset="https://www.fondazionedonatcattin.it/wp-content/uploads/2022/02/incontri-con-gli-autori.jpg 1113w, https://www.fondazionedonatcattin.it/wp-content/uploads/2022/02/incontri-con-gli-autori-1024x292.jpg 1024w, https://www.fondazionedonatcattin.it/wp-content/uploads/2022/02/incontri-con-gli-autori-768x219.jpg 768w" sizes="(max-width: 180px) 100vw, 180px" /></strong></span></p>
<p>&nbsp;</p>
<p>&nbsp;</p>
<p><span style="color: #993300;"><strong>L’ultimo operaio</strong></span><br />
Canto finale della grande fabbrica</p>
<p>di <strong>Niccolò Zancan</strong><br />
(Einaudi, 2026)[/vc_column_text][vc_column_text]</p>
<p dir="ltr"><strong>Mercoledì 25 febbraio 2026 – ore 18:00</strong><br />
TORINO<br />
Sala Conferenze | Palazzo San Celso | Polo del &#8216;900<br />
Piazzetta Antonicelli | ingresso da corso Valdocco 4/A</p>
<p dir="ltr"><em>Ingresso gratuito – <a href="https://polodel900.my.salesforce-sites.com/eventi?IdEvt=a0CSW00005hruG6" target="_blank" rel="noopener" data-saferedirecturl="https://www.google.com/url?q=https://fondazionedonatcattin.us5.list-manage.com/track/click?u%3D94a40b5292c7c7ccef8f73f58%26id%3Db06f9aa62f%26e%3D786183d137&amp;source=gmail&amp;ust=1768997854632000&amp;usg=AOvVaw2BUx-98PY_7IvQDjaPGKZ5">prenota qui il tuo posto</a>.</em></p>
<p>[/vc_column_text][vc_single_image image=&#8221;18477&#8243; img_size=&#8221;medium&#8221;][vc_column_text]</p>
<p style="text-align: justify;"><strong>Niccolò Zancan</strong> è dovuto andare via da Torino per mettere a fuoco le cose. Ed è dovuto tornare per trovare l’ultimo operaio e ascoltare la sua storia unica e fiera, prima che tutto questo mondo novecentesco svanisse dietro la curva del secolo. Anche in questo libro Zancan riesce a raccontare la cronaca urticante del nostro presente attraverso il suo peculiare stile poetico, senza venir meno alla critica sociale e civile.</p>
<p style="text-align: justify;">«Lo senti questo silenzio? È la fabbrica che sta morendo». L’ultimo operaio di Mirafiori sta per andare in pensione. L’ultimo che ha indossato la tuta blu, l’ultimo che ha visto l’avvocato Agnelli e che ha tifato Juventus per riconoscenza. Non è più Cipputi, perché è un operaio ancora più disilluso e solo, ormai uscito persino dalle parole del mondo. Se ne va in dissolvenza, testimone di un passaggio storico. Mirafiori era la più grande fabbrica d’Europa. Oggi restano 4.080 operai addetti alla produzione, ma sono quasi sempre in cassa integrazione. Fissano il vuoto dai palazzi costruiti per loro, che si stanno spopolando come la città che li aveva accolti.</p>
<p>[/vc_column_text][vc_column_text]<em>Intervengono con l’autore</em></p>
<p><strong>Franco Aloia</strong> ex sindacalista<br />
<strong>Ettore Boffano</strong> giornalista[/vc_column_text][vc_images_carousel images=&#8221;18521,18525,18517,18513,18523,18515,18519&#8243; img_size=&#8221;medium&#8221; autoplay=&#8221;yes&#8221; wrap=&#8221;yes&#8221;][/vc_column][vc_column width=&#8221;1/6&#8243;][/vc_column][/vc_row]</p>

<p>[vc_row disable_element=&#8221;yes&#8221;][vc_column][vc_single_image image=&#8221;18214&#8243; img_size=&#8221;full&#8221;][/vc_column][/vc_row][vc_row][vc_column width=&#8221;1/6&#8243;][/vc_column][vc_column width=&#8221;2/3&#8243;][vc_column_text] &nbsp; &nbsp; L’ultimo operaio Canto finale della grande fabbrica di Niccolò Zancan (Einaudi, 2026)[/vc_column_text][vc_column_text] Mercoledì 25 febbraio 2026 – ore 18:00 TORINO Sala Conferenze | Palazzo San Celso | Polo del &#8216;900 Piazzetta Antonicelli | ingresso da corso Valdocco 4/A Ingresso gratuito – prenota qui il tuo posto. [/vc_column_text][vc_single_image [&hellip;]</p>
