{"id":17165,"date":"2021-04-29T17:10:29","date_gmt":"2021-04-29T15:10:29","guid":{"rendered":"https:\/\/www.fondazionedonatcattin.it\/?page_id=17165"},"modified":"2025-01-09T12:45:38","modified_gmt":"2025-01-09T11:45:38","slug":"attivita-20-2-3-2-2-2-3-2-3-2-4-2-3-2-2-3-2-5-2-2-3-5-2-2-3-3-2-3-3-2-3-2-2-2-2-2-2-2-2-3-2-2-2-2-2-2-2-3-2-2-3-3-2-2-2","status":"publish","type":"page","link":"https:\/\/www.fondazionedonatcattin.it\/?page_id=17165","title":{"rendered":"Winter school &#8211;  5-6-7 novembre 2024"},"content":{"rendered":"<p>[vc_row disable_element=&#8221;yes&#8221;][vc_column][vc_single_image image=&#8221;17156&#8243; img_size=&#8221;full&#8221;][\/vc_column][\/vc_row][vc_row][vc_column width=&#8221;1\/6&#8243;][\/vc_column][vc_column width=&#8221;2\/3&#8243;][vc_single_image image=&#8221;17167&#8243; img_size=&#8221;full&#8221; alignment=&#8221;center&#8221; onclick=&#8221;link_image&#8221;][vc_column_text]<strong>Winter school<\/strong><\/p>\n<p><strong><span style=\"color: #993300;\">Sconfinati.<\/span><\/strong><br \/>\n<strong><span style=\"color: #993300;\">Gli sguardi della storia sulle migrazioni contemporanee<\/span><\/strong><br \/>\n<strong>5-6-7 novembre 2024<\/strong><br \/>\nPolo del \u2019900, Piazzetta Antonicelli \u2013 Torino[\/vc_column_text][vc_column_text]<\/p>\n<p style=\"text-align: justify;\">Tre giorni di attivit\u00e0 laboratoriali incentrate sull\u2019approfondimento in chiave storica delle migrazioni del XX e del XXI secolo, <strong>rivolte a 75 giovani di et\u00e0 compresa tra i 18 e i 29 anni<\/strong>.<br \/>\nUn palinsesto\u00a0di<strong>\u00a024 laboratori\u00a0<\/strong>tenuti da<strong>\u00a0docenti universitari, ricercatori e ricercatrici, operatori e operatrici sul campo, attivisti e attiviste, scrittori e scrittrici.\u00a0<\/strong>Al centro del programma, molteplici sguardi e prospettive sull\u2019intero spettro dei fenomeni migratori contemporanei, che si differenziano tra loro per tipologia, cause, area geografica, periodo storico.<br \/>\nI laboratori offerti dalla winter school si sono concentrati sia su specifiche rotte e movimenti migratori, sia su dimensioni pi\u00f9 trasversali, come la dimensione di genere, la questione climatica, la dimensione giuridica, la salute, le narrazioni e i linguaggi.<br \/>\nA fungere da collante ed elemento di continuit\u00e0 tra i diversi workshop, il punto di vista storico e storicizzante, anche sui fenomeni di pi\u00f9 stretta attualit\u00e0.<\/p>\n<p style=\"text-align: justify;\">Due i laboratori a cura\u00a0della <strong>Fondazione Carlo Donat-Cattin<\/strong>:<\/p>\n<ul style=\"text-align: justify;\">\n<li><strong>5 novembre<\/strong>, ore 13:30-15:30: <a href=\"https:\/\/www.fondazioneveranocentini.it\/eventi\/scritture-di-migrazione\/\"><em>Scritture di migrazione<\/em><\/a>\u00a0di<strong>\u00a0Giovanna Cann\u00ec<\/strong>\u00a0(Societ\u00e0 Italiana delle Letterate), laboratorio interattivo di scrittura creativa, a partire dal variegato panorama delle \u201cscritture migranti\u201d;<\/li>\n<li><strong>6 novembre<\/strong>, ore 15-18: <em><a href=\"https:\/\/www.fondazioneveranocentini.it\/eventi\/appartenenze-multiple\/\">Appartenenze multiple. Esplorare e realizzare un podcast sulle migrazioni<\/a><\/em>\u00a0di\u00a0<strong>Daniela Finocchi<\/strong>\u00a0e\u00a0<strong>Elena Pineschi<\/strong>\u00a0(co-autrici del podcast <em>Migranti: femminile plurale<\/em>), workshop sulla narrazione in formato-podcast della migrazione al femminile (in collaborazione con Istoreto).<\/li>\n<\/ul>\n<p>[\/vc_column_text][vc_separator][vc_column_text]<strong>Sfoglia il programma<\/strong>[\/vc_column_text][vc_column_text]<div class=\"_3d-flip-book  fb3d-fullscreen-mode full-size\" data-id=\"17173\" data-mode=\"fullscreen\" data-title=\"false\" data-template=\"short-white-book-view\" data-lightbox=\"dark-shadow\" data-urlparam=\"fb3d-page\" data-page-n=\"0\" data-pdf=\"\" data-tax=\"null\" data-thumbnail=\"\" data-cols=\"3\" data-book-template=\"default\"><\/div><script type=\"text\/javascript\">window.FB3D_CLIENT_DATA = window.FB3D_CLIENT_DATA || [];window.FB3D_CLIENT_DATA.push('eyJwb3N0cyI6eyIxNzE3MyI6eyJJRCI6MTcxNzMsInRpdGxlIjoiU2NvbmZpbmF0aSAtIDVcLzcgbm92ZW1icmUgMjAyNCIsInR5cGUiOiJwZGYiLCJyZWFkeV9mdW5jdGlvbiI6IiIsImJvb2tfc3R5bGUiOiJ2b2x1bWUiLCJib29rX3RlbXBsYXRlIjoibm9uZSIsIm91dGxpbmUiOltdLCJkYXRhIjp7InBvc3RfSUQiOiIxNzE3NCIsImd1aWQiOiJodHRwczpcL1wvd3d3LmZvbmRhemlvbmVkb25hdGNhdHRpbi5pdFwvd3AtY29udGVudFwvdXBsb2Fkc1wvMjAyNVwvMDFcL3Njb25maW5hdGlfMDAxLnBkZiIsInBkZl9wYWdlcyI6IjgiLCJwYWdlc19jdXN0b21pemF0aW9uIjoibm9uZSJ9LCJ0aHVtYm5haWwiOnsiZGF0YSI6eyJwb3N0X0lEIjoiMCJ9LCJ0eXBlIjoiYXV0byJ9LCJwcm9wcyI6eyJiYWNrZ3JvdW5kQ29sb3IiOiJhdXRvIiwiYmFja2dyb3VuZEltYWdlIjoiYXV0byIsImJhY2tncm91bmRTdHlsZSI6ImF1dG8iLCJoaWdobGlnaHRMaW5rcyI6ImF1dG8iLCJsaWdodGluZyI6ImF1dG8iLCJjYWNoZWRQYWdlcyI6ImF1dG8iLCJyZW5kZXJJbmFjdGl2ZVBhZ2VzIjoiYXV0byIsInJlbmRlckluYWN0aXZlUGFnZXNPbk1vYmlsZSI6ImF1dG8iLCJyZW5kZXJXaGlsZUZsaXBwaW5nIjoiYXV0byIsInByZWxvYWRQYWdlcyI6ImF1dG8iLCJhdXRvUGxheUR1cmF0aW9uIjoiYXV0byIsInJ0bCI6ImF1dG8iLCJpbnRlcmFjdGl2ZUNvcm5lcnMiOiJhdXRvIiwibWF4RGVwdGgiOiJhdXRvIiwic2hlZXQiOnsic3RhcnRWZWxvY2l0eSI6ImF1dG8iLCJ3YXZlIjoiYXV0byIsInNoYXBlIjoiYXV0byIsIndpZHRoVGV4ZWxzIjoiYXV0byIsImNvbG9yIjoiYXV0byIsInNpZGUiOiJhdXRvIiwiY29ybmVyRGV2aWF0aW9uIjoiYXV0byIsImZsZXhpYmlsaXR5IjoiYXV0byIsImZsZXhpYmxlQ29ybmVyIjoiYXV0byIsImJlbmRpbmciOiJhdXRvIiwiaGVpZ2h0VGV4ZWxzIjoiYXV0byJ9LCJjb3ZlciI6eyJ3YXZlIjoiYXV0byIsImNvbG9yIjoiYXV0byIsInNpZGUiOiJhdXRvIiwiYmluZGVyVGV4dHVyZSI6ImF1dG8iLCJkZXB0aCI6ImF1dG8iLCJwYWRkaW5nIjoiYXV0byIsInN0YXJ0VmVsb2NpdHkiOiJhdXRvIiwiZmxleGliaWxpdHkiOiJhdXRvIiwiZmxleGlibGVDb3JuZXIiOiJhdXRvIiwiYmVuZGluZyI6ImF1dG8iLCJ3aWR0aFRleGVscyI6ImF1dG8iLCJoZWlnaHRUZXhlbHMiOiJhdXRvIiwibWFzcyI6ImF1dG8iLCJzaGFwZSI6ImF1dG8ifSwicGFnZSI6eyJ3YXZlIjoiYXV0byIsImNvbG9yIjoiYXV0byIsInNpZGUiOiJhdXRvIiwiZGVwdGgiOiJhdXRvIiwic3RhcnRWZWxvY2l0eSI6ImF1dG8iLCJmbGV4aWJpbGl0eSI6ImF1dG8iLCJmbGV4aWJsZUNvcm5lciI6ImF1dG8iLCJiZW5kaW5nIjoiYXV0byIsIndpZHRoVGV4ZWxzIjoiYXV0byIsImhlaWdodFRleGVscyI6ImF1dG8iLCJtYXNzIjoiYXV0byIsInNoYXBlIjoiYXV0byJ9LCJoZWlnaHQiOiJhdXRvIiwid2lkdGgiOiJhdXRvIiwiZ3Jhdml0eSI6ImF1dG8iLCJwYWdlc0ZvclByZWRpY3RpbmciOiJhdXRvIn0sImNvbnRyb2xQcm9wcyI6eyJhY3Rpb25zIjp7ImNtZFRvYyI6eyJlbmFibGVkIjoiYXV0byIsImVuYWJsZWRJbk5hcnJvdyI6ImF1dG8iLCJhY3RpdmUiOiJhdXRvIiwiZGVmYXVsdFRhYiI6ImF1dG8ifSwiY21kQXV0b1BsYXkiOnsiZW5hYmxlZCI6ImF1dG8iLCJlbmFibGVkSW5OYXJyb3ciOiJhdXRvIiwiYWN0aXZlIjoiYXV0byJ9LCJjbWRTYXZlIjp7ImVuYWJsZWQiOiJhdXRvIiwiZW5hYmxlZEluTmFycm93IjoiYXV0byJ9LCJjbWRQcmludCI6eyJlbmFibGVkIjoiYXV0byIsImVuYWJsZWRJbk5hcnJvdyI6ImF1dG8ifSwiY21kU2luZ2xlUGFnZSI6eyJlbmFibGVkIjoiYXV0byIsImVuYWJsZWRJbk5hcnJvdyI6ImF1dG8iLCJhY3RpdmUiOiJhdXRvIiwiYWN0aXZlRm9yTW9iaWxlIjoiYXV0byJ9LCJ3aWRUb29sYmFyIjp7ImVuYWJsZWQiOiJhdXRvIiwiZW5hYmxlZEluTmFycm93IjoiYXV0byJ9fX0sImF1dG9UaHVtYm5haWwiOiJodHRwczpcL1wvd3d3LmZvbmRhemlvbmVkb25hdGNhdHRpbi5pdFwvd3AtY29udGVudFwvdXBsb2Fkc1wvM2QtZmxpcC1ib29rXC9hdXRvLXRodW1ibmFpbHNcLzE3MTczLnBuZyIsInBvc3RfbmFtZSI6InNjb25maW5hdGktNS03LW5vdmVtYnJlLTIwMjQiLCJwb3N0X3R5cGUiOiIzZC1mbGlwLWJvb2sifX0sInBhZ2VzIjpbXSwiZmlyc3RQYWdlcyI6W119');window.FB3D_CLIENT_LOCALE && window.FB3D_CLIENT_LOCALE.render();<\/script>[\/vc_column_text][\/vc_column][vc_column width=&#8221;1\/6&#8243;][\/vc_column][\/vc_row]<\/p>\n","protected":false},"excerpt":{"rendered":"<p>[vc_row disable_element=&#8221;yes&#8221;][vc_column][vc_single_image image=&#8221;17156&#8243; img_size=&#8221;full&#8221;][\/vc_column][\/vc_row][vc_row][vc_column width=&#8221;1\/6&#8243;][\/vc_column][vc_column width=&#8221;2\/3&#8243;][vc_single_image image=&#8221;17167&#8243; img_size=&#8221;full&#8221; alignment=&#8221;center&#8221; onclick=&#8221;link_image&#8221;][vc_column_text]Winter school Sconfinati. Gli sguardi della storia sulle migrazioni contemporanee 5-6-7 novembre 2024 Polo del \u2019900, Piazzetta Antonicelli \u2013 Torino[\/vc_column_text][vc_column_text] Tre giorni di attivit\u00e0 laboratoriali incentrate sull\u2019approfondimento in chiave storica delle migrazioni del XX e del XXI secolo, rivolte a 75 giovani di et\u00e0 compresa tra [&hellip;]<\/p>\n","protected":false},"author":11,"featured_media":0,"parent":0,"menu_order":0,"comment_status":"closed","ping_status":"closed","template":"","meta":{"footnotes":""},"_links":{"self":[{"href":"https:\/\/www.fondazionedonatcattin.it\/index.php?rest_route=\/wp\/v2\/pages\/17165"}],"collection":[{"href":"https:\/\/www.fondazionedonatcattin.it\/index.php?rest_route=\/wp\/v2\/pages"}],"about":[{"href":"https:\/\/www.fondazionedonatcattin.it\/index.php?rest_route=\/wp\/v2\/types\/page"}],"author":[{"embeddable":true,"href":"https:\/\/www.fondazionedonatcattin.it\/index.php?rest_route=\/wp\/v2\/users\/11"}],"replies":[{"embeddable":true,"href":"https:\/\/www.fondazionedonatcattin.it\/index.php?rest_route=%2Fwp%2Fv2%2Fcomments&post=17165"}],"version-history":[{"count":0,"href":"https:\/\/www.fondazionedonatcattin.it\/index.php?rest_route=\/wp\/v2\/pages\/17165\/revisions"}],"wp:attachment":[{"href":"https:\/\/www.fondazionedonatcattin.it\/index.php?rest_route=%2Fwp%2Fv2%2Fmedia&parent=17165"}],"curies":[{"name":"wp","href":"https:\/\/api.w.org\/{rel}","templated":true}]}}

<p>[vc_row disable_element=&#8221;yes&#8221;][vc_column][vc_single_image image=&#8221;17156&#8243; img_size=&#8221;full&#8221;][/vc_column][/vc_row][vc_row][vc_column width=&#8221;1/6&#8243;][/vc_column][vc_column width=&#8221;2/3&#8243;][vc_single_image image=&#8221;17167&#8243; img_size=&#8221;full&#8221; alignment=&#8221;center&#8221; onclick=&#8221;link_image&#8221;][vc_column_text]<strong>Winter school</strong></p>
<p><strong><span style="color: #993300;">Sconfinati.</span></strong><br />
<strong><span style="color: #993300;">Gli sguardi della storia sulle migrazioni contemporanee</span></strong><br />
<strong>5-6-7 novembre 2024</strong><br />
Polo del ’900, Piazzetta Antonicelli – Torino[/vc_column_text][vc_column_text]</p>
<p style="text-align: justify;">Tre giorni di attività laboratoriali incentrate sull’approfondimento in chiave storica delle migrazioni del XX e del XXI secolo, <strong>rivolte a 75 giovani di età compresa tra i 18 e i 29 anni</strong>.<br />
Un palinsesto di<strong> 24 laboratori </strong>tenuti da<strong> docenti universitari, ricercatori e ricercatrici, operatori e operatrici sul campo, attivisti e attiviste, scrittori e scrittrici. </strong>Al centro del programma, molteplici sguardi e prospettive sull’intero spettro dei fenomeni migratori contemporanei, che si differenziano tra loro per tipologia, cause, area geografica, periodo storico.<br />
I laboratori offerti dalla winter school si sono concentrati sia su specifiche rotte e movimenti migratori, sia su dimensioni più trasversali, come la dimensione di genere, la questione climatica, la dimensione giuridica, la salute, le narrazioni e i linguaggi.<br />
A fungere da collante ed elemento di continuità tra i diversi workshop, il punto di vista storico e storicizzante, anche sui fenomeni di più stretta attualità.</p>
<p style="text-align: justify;">Due i laboratori a cura della <strong>Fondazione Carlo Donat-Cattin</strong>:</p>
<ul style="text-align: justify;">
<li><strong>5 novembre</strong>, ore 13:30-15:30: <a href="https://www.fondazioneveranocentini.it/eventi/scritture-di-migrazione/"><em>Scritture di migrazione</em></a> di<strong> Giovanna Cannì</strong> (Società Italiana delle Letterate), laboratorio interattivo di scrittura creativa, a partire dal variegato panorama delle “scritture migranti”;</li>
<li><strong>6 novembre</strong>, ore 15-18: <em><a href="https://www.fondazioneveranocentini.it/eventi/appartenenze-multiple/">Appartenenze multiple. Esplorare e realizzare un podcast sulle migrazioni</a></em> di <strong>Daniela Finocchi</strong> e <strong>Elena Pineschi</strong> (co-autrici del podcast <em>Migranti: femminile plurale</em>), workshop sulla narrazione in formato-podcast della migrazione al femminile (in collaborazione con Istoreto).</li>
</ul>
<p>[/vc_column_text][vc_separator][vc_column_text]<strong>Sfoglia il programma</strong>[/vc_column_text][vc_column_text]<div class="_3d-flip-book  fb3d-fullscreen-mode full-size" data-id="17173" data-mode="fullscreen" data-title="false" data-template="short-white-book-view" data-lightbox="dark-shadow" data-urlparam="fb3d-page" data-page-n="0" data-pdf="" data-tax="null" data-thumbnail="" data-cols="3" data-book-template="default"></div><script type="text/javascript">window.FB3D_CLIENT_DATA = window.FB3D_CLIENT_DATA || [];window.FB3D_CLIENT_DATA.push('eyJwb3N0cyI6eyIxNzE3MyI6eyJJRCI6MTcxNzMsInRpdGxlIjoiU2NvbmZpbmF0aSAtIDVcLzcgbm92ZW1icmUgMjAyNCIsInR5cGUiOiJwZGYiLCJyZWFkeV9mdW5jdGlvbiI6IiIsImJvb2tfc3R5bGUiOiJ2b2x1bWUiLCJib29rX3RlbXBsYXRlIjoibm9uZSIsIm91dGxpbmUiOltdLCJkYXRhIjp7InBvc3RfSUQiOiIxNzE3NCIsImd1aWQiOiJodHRwczpcL1wvd3d3LmZvbmRhemlvbmVkb25hdGNhdHRpbi5pdFwvd3AtY29udGVudFwvdXBsb2Fkc1wvMjAyNVwvMDFcL3Njb25maW5hdGlfMDAxLnBkZiIsInBkZl9wYWdlcyI6IjgiLCJwYWdlc19jdXN0b21pemF0aW9uIjoibm9uZSJ9LCJ0aHVtYm5haWwiOnsiZGF0YSI6eyJwb3N0X0lEIjoiMCJ9LCJ0eXBlIjoiYXV0byJ9LCJwcm9wcyI6eyJiYWNrZ3JvdW5kQ29sb3IiOiJhdXRvIiwiYmFja2dyb3VuZEltYWdlIjoiYXV0byIsImJhY2tncm91bmRTdHlsZSI6ImF1dG8iLCJoaWdobGlnaHRMaW5rcyI6ImF1dG8iLCJsaWdodGluZyI6ImF1dG8iLCJjYWNoZWRQYWdlcyI6ImF1dG8iLCJyZW5kZXJJbmFjdGl2ZVBhZ2VzIjoiYXV0byIsInJlbmRlckluYWN0aXZlUGFnZXNPbk1vYmlsZSI6ImF1dG8iLCJyZW5kZXJXaGlsZUZsaXBwaW5nIjoiYXV0byIsInByZWxvYWRQYWdlcyI6ImF1dG8iLCJhdXRvUGxheUR1cmF0aW9uIjoiYXV0byIsInJ0bCI6ImF1dG8iLCJpbnRlcmFjdGl2ZUNvcm5lcnMiOiJhdXRvIiwibWF4RGVwdGgiOiJhdXRvIiwic2hlZXQiOnsic3RhcnRWZWxvY2l0eSI6ImF1dG8iLCJ3YXZlIjoiYXV0byIsInNoYXBlIjoiYXV0byIsIndpZHRoVGV4ZWxzIjoiYXV0byIsImNvbG9yIjoiYXV0byIsInNpZGUiOiJhdXRvIiwiY29ybmVyRGV2aWF0aW9uIjoiYXV0byIsImZsZXhpYmlsaXR5IjoiYXV0byIsImZsZXhpYmxlQ29ybmVyIjoiYXV0byIsImJlbmRpbmciOiJhdXRvIiwiaGVpZ2h0VGV4ZWxzIjoiYXV0byJ9LCJjb3ZlciI6eyJ3YXZlIjoiYXV0byIsImNvbG9yIjoiYXV0byIsInNpZGUiOiJhdXRvIiwiYmluZGVyVGV4dHVyZSI6ImF1dG8iLCJkZXB0aCI6ImF1dG8iLCJwYWRkaW5nIjoiYXV0byIsInN0YXJ0VmVsb2NpdHkiOiJhdXRvIiwiZmxleGliaWxpdHkiOiJhdXRvIiwiZmxleGlibGVDb3JuZXIiOiJhdXRvIiwiYmVuZGluZyI6ImF1dG8iLCJ3aWR0aFRleGVscyI6ImF1dG8iLCJoZWlnaHRUZXhlbHMiOiJhdXRvIiwibWFzcyI6ImF1dG8iLCJzaGFwZSI6ImF1dG8ifSwicGFnZSI6eyJ3YXZlIjoiYXV0byIsImNvbG9yIjoiYXV0byIsInNpZGUiOiJhdXRvIiwiZGVwdGgiOiJhdXRvIiwic3RhcnRWZWxvY2l0eSI6ImF1dG8iLCJmbGV4aWJpbGl0eSI6ImF1dG8iLCJmbGV4aWJsZUNvcm5lciI6ImF1dG8iLCJiZW5kaW5nIjoiYXV0byIsIndpZHRoVGV4ZWxzIjoiYXV0byIsImhlaWdodFRleGVscyI6ImF1dG8iLCJtYXNzIjoiYXV0byIsInNoYXBlIjoiYXV0byJ9LCJoZWlnaHQiOiJhdXRvIiwid2lkdGgiOiJhdXRvIiwiZ3Jhdml0eSI6ImF1dG8iLCJwYWdlc0ZvclByZWRpY3RpbmciOiJhdXRvIn0sImNvbnRyb2xQcm9wcyI6eyJhY3Rpb25zIjp7ImNtZFRvYyI6eyJlbmFibGVkIjoiYXV0byIsImVuYWJsZWRJbk5hcnJvdyI6ImF1dG8iLCJhY3RpdmUiOiJhdXRvIiwiZGVmYXVsdFRhYiI6ImF1dG8ifSwiY21kQXV0b1BsYXkiOnsiZW5hYmxlZCI6ImF1dG8iLCJlbmFibGVkSW5OYXJyb3ciOiJhdXRvIiwiYWN0aXZlIjoiYXV0byJ9LCJjbWRTYXZlIjp7ImVuYWJsZWQiOiJhdXRvIiwiZW5hYmxlZEluTmFycm93IjoiYXV0byJ9LCJjbWRQcmludCI6eyJlbmFibGVkIjoiYXV0byIsImVuYWJsZWRJbk5hcnJvdyI6ImF1dG8ifSwiY21kU2luZ2xlUGFnZSI6eyJlbmFibGVkIjoiYXV0byIsImVuYWJsZWRJbk5hcnJvdyI6ImF1dG8iLCJhY3RpdmUiOiJhdXRvIiwiYWN0aXZlRm9yTW9iaWxlIjoiYXV0byJ9LCJ3aWRUb29sYmFyIjp7ImVuYWJsZWQiOiJhdXRvIiwiZW5hYmxlZEluTmFycm93IjoiYXV0byJ9fX0sImF1dG9UaHVtYm5haWwiOiJodHRwczpcL1wvd3d3LmZvbmRhemlvbmVkb25hdGNhdHRpbi5pdFwvd3AtY29udGVudFwvdXBsb2Fkc1wvM2QtZmxpcC1ib29rXC9hdXRvLXRodW1ibmFpbHNcLzE3MTczLnBuZyIsInBvc3RfbmFtZSI6InNjb25maW5hdGktNS03LW5vdmVtYnJlLTIwMjQiLCJwb3N0X3R5cGUiOiIzZC1mbGlwLWJvb2sifX0sInBhZ2VzIjpbXSwiZmlyc3RQYWdlcyI6W119');window.FB3D_CLIENT_LOCALE && window.FB3D_CLIENT_LOCALE.render();</script>[/vc_column_text][/vc_column][vc_column width=&#8221;1/6&#8243;][/vc_column][/vc_row]</p>

<p>[vc_row disable_element=&#8221;yes&#8221;][vc_column][vc_single_image image=&#8221;17156&#8243; img_size=&#8221;full&#8221;][/vc_column][/vc_row][vc_row][vc_column width=&#8221;1/6&#8243;][/vc_column][vc_column width=&#8221;2/3&#8243;][vc_single_image image=&#8221;17167&#8243; img_size=&#8221;full&#8221; alignment=&#8221;center&#8221; onclick=&#8221;link_image&#8221;][vc_column_text]Winter school Sconfinati. Gli sguardi della storia sulle migrazioni contemporanee 5-6-7 novembre 2024 Polo del ’900, Piazzetta Antonicelli – Torino[/vc_column_text][vc_column_text] Tre giorni di attività laboratoriali incentrate sull’approfondimento in chiave storica delle migrazioni del XX e del XXI secolo, rivolte a 75 giovani di età compresa tra [&hellip;]</p>
