{"id":16922,"date":"2020-07-06T18:50:29","date_gmt":"2020-07-06T16:50:29","guid":{"rendered":"https:\/\/www.fondazionedonatcattin.it\/?page_id=16922"},"modified":"2024-09-06T15:10:09","modified_gmt":"2024-09-06T13:10:09","slug":"attivita-20-2-3-2-2-2-3-2-3-2-4-2-3-2-2-3-2-5-2-2-3-5-2-2-3-3-3-2-3-2-2-2-3","status":"publish","type":"page","link":"https:\/\/www.fondazionedonatcattin.it\/?page_id=16922","title":{"rendered":"Elio Fontana &#8211; 5 settembre 2023"},"content":{"rendered":"<p>[vc_row disable_element=&#8221;yes&#8221;][vc_column][vc_single_image image=&#8221;13766&#8243; img_size=&#8221;full&#8221;][\/vc_column][\/vc_row][vc_row][vc_column width=&#8221;1\/6&#8243;][\/vc_column][vc_column width=&#8221;2\/3&#8243;][vc_row_inner][vc_column_inner][vc_column_text]<\/p>\n<h2>Elio Fontana, un vero democristiano<\/h2>\n<p>di <strong>Giorgio Merlo<\/strong>[\/vc_column_text][vc_single_image image=&#8221;16931&#8243; img_size=&#8221;medium&#8221;][vc_column_text]<\/p>\n<p style=\"text-align: justify;\"><strong>Con Elio Fontana se ne va un altro pezzo significativo della storia della Dc bresciana e nazionale. <\/strong>Elio faceva parte di una famiglia da sempre impegnata nella politica. Con Sandro, gi\u00e0 parlamentare italiano ed europeo e ministro nonch\u00e9 esponente di primo piano della sinistra sociale di Forze Nuove, Elio ha condiviso per lunghi anni la militanza politica a livello locale e nazionale. Gianfranco, l\u2019altro fratello, \u00e8 stato Sindaco a Collebeato.<br \/>\nElio Fontana, iscritto al gruppo parlamentare della Democrazia Cristiana, \u00e8 stato eletto alla Camera nel giugno del 1979 e poi per tre legislature al Senato. Ha ricoperto anche l\u2019incarico di sottosegretario al ministero del Lavoro e della Previdenza sociale nel primo governo presieduto da Ciriaco De Mita.<br \/>\nMa Elio Fontana, oltre alla dimensione istituzionale e parlamentare, \u00e8 stato anche e soprattutto un dirigente politico. Un esponente importante di quella sinistra sociale di ispirazione cristiana che a Brescia, nel suo territorio, e nell\u2019intera Lombardia ha svolto un ruolo politico decisivo non solo all\u2019interno del partito di riferimento, la Dc, ma anche nel mondo cattolico e nell\u2019intera societ\u00e0. Un ruolo che ha fatto di Elio un punto di riferimento qualificato per l\u2019esperienza di Forze Nuove e, soprattutto, per i cattolici impegnati in politica. Una esperienza che, come quella che ha vissuto Elio in prima linea, \u00e8 partita dal basso e che attraverso un percorso di militanza territoriale, di presenza politica e di elaborazione culturale \u00e8 diventato poi dirigente a livello locale e nazionale. Anche per questi motivi Elio Fontana ha contribuito, con la sua azione e la sua testimonianza ricca e feconda, a ridare qualit\u00e0 e nobilt\u00e0 alla politica e credibilit\u00e0 alle istituzioni democratiche.[\/vc_column_text][\/vc_column_inner][\/vc_row_inner][\/vc_column][vc_column width=&#8221;1\/6&#8243;][\/vc_column][\/vc_row][vc_row][vc_column][\/vc_column][\/vc_row]<\/p>\n","protected":false},"excerpt":{"rendered":"<p>[vc_row disable_element=&#8221;yes&#8221;][vc_column][vc_single_image image=&#8221;13766&#8243; img_size=&#8221;full&#8221;][\/vc_column][\/vc_row][vc_row][vc_column width=&#8221;1\/6&#8243;][\/vc_column][vc_column width=&#8221;2\/3&#8243;][vc_row_inner][vc_column_inner][vc_column_text] Elio Fontana, un vero democristiano di Giorgio Merlo[\/vc_column_text][vc_single_image image=&#8221;16931&#8243; img_size=&#8221;medium&#8221;][vc_column_text] Con Elio Fontana se ne va un altro pezzo significativo della storia della Dc bresciana e nazionale. Elio faceva parte di una famiglia da sempre impegnata nella politica. Con Sandro, gi\u00e0 parlamentare italiano ed europeo e ministro nonch\u00e9 esponente [&hellip;]<\/p>\n","protected":false},"author":11,"featured_media":4011,"parent":0,"menu_order":0,"comment_status":"closed","ping_status":"closed","template":"","meta":{"footnotes":""},"_links":{"self":[{"href":"https:\/\/www.fondazionedonatcattin.it\/index.php?rest_route=\/wp\/v2\/pages\/16922"}],"collection":[{"href":"https:\/\/www.fondazionedonatcattin.it\/index.php?rest_route=\/wp\/v2\/pages"}],"about":[{"href":"https:\/\/www.fondazionedonatcattin.it\/index.php?rest_route=\/wp\/v2\/types\/page"}],"author":[{"embeddable":true,"href":"https:\/\/www.fondazionedonatcattin.it\/index.php?rest_route=\/wp\/v2\/users\/11"}],"replies":[{"embeddable":true,"href":"https:\/\/www.fondazionedonatcattin.it\/index.php?rest_route=%2Fwp%2Fv2%2Fcomments&post=16922"}],"version-history":[{"count":0,"href":"https:\/\/www.fondazionedonatcattin.it\/index.php?rest_route=\/wp\/v2\/pages\/16922\/revisions"}],"wp:featuredmedia":[{"embeddable":true,"href":"https:\/\/www.fondazionedonatcattin.it\/index.php?rest_route=\/wp\/v2\/media\/4011"}],"wp:attachment":[{"href":"https:\/\/www.fondazionedonatcattin.it\/index.php?rest_route=%2Fwp%2Fv2%2Fmedia&parent=16922"}],"curies":[{"name":"wp","href":"https:\/\/api.w.org\/{rel}","templated":true}]}}

<p>[vc_row disable_element=&#8221;yes&#8221;][vc_column][vc_single_image image=&#8221;13766&#8243; img_size=&#8221;full&#8221;][/vc_column][/vc_row][vc_row][vc_column width=&#8221;1/6&#8243;][/vc_column][vc_column width=&#8221;2/3&#8243;][vc_row_inner][vc_column_inner][vc_column_text]</p>
<h2>Elio Fontana, un vero democristiano</h2>
<p>di <strong>Giorgio Merlo</strong>[/vc_column_text][vc_single_image image=&#8221;16931&#8243; img_size=&#8221;medium&#8221;][vc_column_text]</p>
<p style="text-align: justify;"><strong>Con Elio Fontana se ne va un altro pezzo significativo della storia della Dc bresciana e nazionale. </strong>Elio faceva parte di una famiglia da sempre impegnata nella politica. Con Sandro, già parlamentare italiano ed europeo e ministro nonché esponente di primo piano della sinistra sociale di Forze Nuove, Elio ha condiviso per lunghi anni la militanza politica a livello locale e nazionale. Gianfranco, l’altro fratello, è stato Sindaco a Collebeato.<br />
Elio Fontana, iscritto al gruppo parlamentare della Democrazia Cristiana, è stato eletto alla Camera nel giugno del 1979 e poi per tre legislature al Senato. Ha ricoperto anche l’incarico di sottosegretario al ministero del Lavoro e della Previdenza sociale nel primo governo presieduto da Ciriaco De Mita.<br />
Ma Elio Fontana, oltre alla dimensione istituzionale e parlamentare, è stato anche e soprattutto un dirigente politico. Un esponente importante di quella sinistra sociale di ispirazione cristiana che a Brescia, nel suo territorio, e nell’intera Lombardia ha svolto un ruolo politico decisivo non solo all’interno del partito di riferimento, la Dc, ma anche nel mondo cattolico e nell’intera società. Un ruolo che ha fatto di Elio un punto di riferimento qualificato per l’esperienza di Forze Nuove e, soprattutto, per i cattolici impegnati in politica. Una esperienza che, come quella che ha vissuto Elio in prima linea, è partita dal basso e che attraverso un percorso di militanza territoriale, di presenza politica e di elaborazione culturale è diventato poi dirigente a livello locale e nazionale. Anche per questi motivi Elio Fontana ha contribuito, con la sua azione e la sua testimonianza ricca e feconda, a ridare qualità e nobiltà alla politica e credibilità alle istituzioni democratiche.[/vc_column_text][/vc_column_inner][/vc_row_inner][/vc_column][vc_column width=&#8221;1/6&#8243;][/vc_column][/vc_row][vc_row][vc_column][/vc_column][/vc_row]</p>

<p>[vc_row disable_element=&#8221;yes&#8221;][vc_column][vc_single_image image=&#8221;13766&#8243; img_size=&#8221;full&#8221;][/vc_column][/vc_row][vc_row][vc_column width=&#8221;1/6&#8243;][/vc_column][vc_column width=&#8221;2/3&#8243;][vc_row_inner][vc_column_inner][vc_column_text] Elio Fontana, un vero democristiano di Giorgio Merlo[/vc_column_text][vc_single_image image=&#8221;16931&#8243; img_size=&#8221;medium&#8221;][vc_column_text] Con Elio Fontana se ne va un altro pezzo significativo della storia della Dc bresciana e nazionale. Elio faceva parte di una famiglia da sempre impegnata nella politica. Con Sandro, già parlamentare italiano ed europeo e ministro nonché esponente [&hellip;]</p>
