{"id":16822,"date":"2021-04-29T17:10:29","date_gmt":"2021-04-29T15:10:29","guid":{"rendered":"https:\/\/www.fondazionedonatcattin.it\/?page_id=16822"},"modified":"2024-07-13T07:28:36","modified_gmt":"2024-07-13T05:28:36","slug":"attivita-20-2-3-2-2-2-3-2-3-2-4-2-3-2-2-3-2-5-2-2-3-5-2-2-3-3-2-3-3-2-3-2-2-2-2-2-2-2-2-3-2-2-2-2-2-2-2-3-2-2","status":"publish","type":"page","link":"https:\/\/www.fondazionedonatcattin.it\/?page_id=16822","title":{"rendered":"Luigi Bettazzi. Un vescovo alla sinistra di Dio di Alberto Chiara &#8211;  12 luglio 2024"},"content":{"rendered":"<p>[vc_row disable_element=&#8221;yes&#8221;][vc_column][vc_single_image image=&#8221;16781&#8243; img_size=&#8221;full&#8221;][\/vc_column][\/vc_row][vc_row][vc_column width=&#8221;1\/6&#8243;][\/vc_column][vc_column width=&#8221;2\/3&#8243;][vc_column_text]<strong><img decoding=\"async\" loading=\"lazy\" class=\"wp-image-10083 alignnone\" src=\"https:\/\/www.fondazionedonatcattin.it\/wp-content\/uploads\/2022\/02\/incontri-con-gli-autori.jpg\" alt=\"\" width=\"180\" height=\"51\" srcset=\"https:\/\/www.fondazionedonatcattin.it\/wp-content\/uploads\/2022\/02\/incontri-con-gli-autori.jpg 1113w, https:\/\/www.fondazionedonatcattin.it\/wp-content\/uploads\/2022\/02\/incontri-con-gli-autori-1024x292.jpg 1024w, https:\/\/www.fondazionedonatcattin.it\/wp-content\/uploads\/2022\/02\/incontri-con-gli-autori-768x219.jpg 768w\" sizes=\"(max-width: 180px) 100vw, 180px\" \/><\/strong><\/p>\n<p><strong>Alberto Chiara<\/strong><\/p>\n<h2>Luigi Bettazzi<br \/>\nUn vescovo alla sinistra di Dio<\/h2>\n<p><strong>Prefazione di Andrea Riccardi<\/strong><br \/>\n<strong>Postfazione di monsignor Andrea Ricchiuti<\/strong><\/p>\n<p>Edizioni San Paolo, 2024[\/vc_column_text][vc_column_text]<strong>Venerd\u00ec 12 luglio 2024 | ore 17:30<br \/>\n<\/strong>TORINO<br \/>\nPolo del \u2019900 | Palazzo San Daniele | Auditorium<br \/>\nVia del Carmine 14[\/vc_column_text][vc_single_image image=&#8221;16825&#8243; img_size=&#8221;medium&#8221;][vc_column_text]<\/p>\n<p style=\"text-align: justify;\">La Fondazione Carlo Donat-Cattin ricorda monsignor Luigi Bettazzi, a un anno dalla scomparsa avvenuta il 16 luglio 2023 all&#8217;et\u00e0 di 99 anni, e \u2013 in collaborazione con le Edizioni San Paolo \u2013 presenta in anteprima italiana il libro del giornalista Alberto Chiara <em>Luigi Bettazzi. Un vescovo alla sinistra di Dio<\/em>. Il volume ripercorre l\u2019itinerario umano e spirituale del vescovo di Ivrea: nato a Treviso, ma da una famiglia di origini piemontesi e formatosi nella chiesa di Bologna.<\/p>\n<p style=\"text-align: justify;\">Al momento della sua scomparsa, monsignor Bettazzi era l\u2019ultimo vescovo italiano in vita ad aver partecipato al Concilio Vaticano II (1962-1965) e di quella grande assise universale della Chiesa fu testimone per tutta la sua lunga vita. Nato a Treviso nel 1923, in giovent\u00f9 si era trasferito a Bologna (citt\u00e0 natia della madre): l\u00ec fu ordinato sacerdote nel 1946. Nel 1963 fu nominato vescovo titolare di Tagaste e ausiliare di Bologna, dove era arcivescovo il cardinale Giacomo Lercaro. In quegli anni partecip\u00f2 a tre sessioni del Concilio e al termine fu ordinato vescovo di Ivrea. Guid\u00f2 la diocesi piemontese fino al 1999. Nel 1968 divenne presidente nazionale di Pax Christi, e dieci anni dopo fu chiamato alla carica di presidente internazionale, incarico che mantenne fino al 1985. Per la sua instancabile azione di promozione della pace, gli fu assegnato il Premio Internazionale dell\u2019Unesco per l\u2019Educazione alla Pace. Uomo di dialogo, capace di parlare a tutti e con tutti, credenti e non credenti, \u00e8 stato promotore di centinaia di incontri e azioni pastorali nella sua diocesi e nella Chiesa universale. Scrivendo libri, articoli e migliaia di pagine che contengono, ancora oggi \u2013 nel mondo delle tante guerre, nell&#8217;Europa della tragedia ucraina e nel Medio Oriente delle stragi \u2013 riflessioni e pensieri di stringente attualit\u00e0.<\/p>\n<p>[\/vc_column_text][vc_single_image image=&#8221;16829&#8243; img_size=&#8221;full&#8221;][vc_column_text]<strong>Programma<\/strong><\/p>\n<p><em>Saluti<\/em><br \/>\n<strong>Mariapia Donat-Cattin<\/strong> presidente Fondazione Carlo Donat-Cattin<\/p>\n<p><em>Con l&#8217;Autore, dialogano<\/em><br \/>\n<strong>S.Em. Cardinale Arrigo Miglio<\/strong> Arcivescovo emerito di Cagliari e successore di Luigi Bettazzi alla guida della diocesi di Ivrea<br \/>\n<strong>Marta Margotti<\/strong> storica, Universit\u00e0 di Torino<br \/>\n<strong>Sergio Bocchini<\/strong> biografo di Luigi Bettazzi<br \/>\n<strong>Don Renato Sacco<\/strong> consigliere di Pax Christi<\/p>\n<p><em>Modera<\/em><br \/>\n<strong>Luca Rolandi<\/strong> giornalista, Fondazione Carlo Donat-Cattin[\/vc_column_text][vc_gallery type=&#8221;image_grid&#8221; images=&#8221;16850,16864,16852,16862,16846,16854,16856,16858,16860,16848,16866&#8243;][\/vc_column][vc_column width=&#8221;1\/6&#8243;][\/vc_column][\/vc_row]<\/p>\n","protected":false},"excerpt":{"rendered":"<p>[vc_row disable_element=&#8221;yes&#8221;][vc_column][vc_single_image image=&#8221;16781&#8243; img_size=&#8221;full&#8221;][\/vc_column][\/vc_row][vc_row][vc_column width=&#8221;1\/6&#8243;][\/vc_column][vc_column width=&#8221;2\/3&#8243;][vc_column_text] Alberto Chiara Luigi Bettazzi Un vescovo alla sinistra di Dio Prefazione di Andrea Riccardi Postfazione di monsignor Andrea Ricchiuti Edizioni San Paolo, 2024[\/vc_column_text][vc_column_text]Venerd\u00ec 12 luglio 2024 | ore 17:30 TORINO Polo del \u2019900 | Palazzo San Daniele | Auditorium Via del Carmine 14[\/vc_column_text][vc_single_image image=&#8221;16825&#8243; img_size=&#8221;medium&#8221;][vc_column_text] La Fondazione Carlo Donat-Cattin [&hellip;]<\/p>\n","protected":false},"author":11,"featured_media":0,"parent":0,"menu_order":0,"comment_status":"closed","ping_status":"closed","template":"","meta":{"footnotes":""},"_links":{"self":[{"href":"https:\/\/www.fondazionedonatcattin.it\/index.php?rest_route=\/wp\/v2\/pages\/16822"}],"collection":[{"href":"https:\/\/www.fondazionedonatcattin.it\/index.php?rest_route=\/wp\/v2\/pages"}],"about":[{"href":"https:\/\/www.fondazionedonatcattin.it\/index.php?rest_route=\/wp\/v2\/types\/page"}],"author":[{"embeddable":true,"href":"https:\/\/www.fondazionedonatcattin.it\/index.php?rest_route=\/wp\/v2\/users\/11"}],"replies":[{"embeddable":true,"href":"https:\/\/www.fondazionedonatcattin.it\/index.php?rest_route=%2Fwp%2Fv2%2Fcomments&post=16822"}],"version-history":[{"count":0,"href":"https:\/\/www.fondazionedonatcattin.it\/index.php?rest_route=\/wp\/v2\/pages\/16822\/revisions"}],"wp:attachment":[{"href":"https:\/\/www.fondazionedonatcattin.it\/index.php?rest_route=%2Fwp%2Fv2%2Fmedia&parent=16822"}],"curies":[{"name":"wp","href":"https:\/\/api.w.org\/{rel}","templated":true}]}}

<p>[vc_row disable_element=&#8221;yes&#8221;][vc_column][vc_single_image image=&#8221;16781&#8243; img_size=&#8221;full&#8221;][/vc_column][/vc_row][vc_row][vc_column width=&#8221;1/6&#8243;][/vc_column][vc_column width=&#8221;2/3&#8243;][vc_column_text]<strong><img decoding="async" loading="lazy" class="wp-image-10083 alignnone" src="https://www.fondazionedonatcattin.it/wp-content/uploads/2022/02/incontri-con-gli-autori.jpg" alt="" width="180" height="51" srcset="https://www.fondazionedonatcattin.it/wp-content/uploads/2022/02/incontri-con-gli-autori.jpg 1113w, https://www.fondazionedonatcattin.it/wp-content/uploads/2022/02/incontri-con-gli-autori-1024x292.jpg 1024w, https://www.fondazionedonatcattin.it/wp-content/uploads/2022/02/incontri-con-gli-autori-768x219.jpg 768w" sizes="(max-width: 180px) 100vw, 180px" /></strong></p>
<p><strong>Alberto Chiara</strong></p>
<h2>Luigi Bettazzi<br />
Un vescovo alla sinistra di Dio</h2>
<p><strong>Prefazione di Andrea Riccardi</strong><br />
<strong>Postfazione di monsignor Andrea Ricchiuti</strong></p>
<p>Edizioni San Paolo, 2024[/vc_column_text][vc_column_text]<strong>Venerdì 12 luglio 2024 | ore 17:30<br />
</strong>TORINO<br />
Polo del ’900 | Palazzo San Daniele | Auditorium<br />
Via del Carmine 14[/vc_column_text][vc_single_image image=&#8221;16825&#8243; img_size=&#8221;medium&#8221;][vc_column_text]</p>
<p style="text-align: justify;">La Fondazione Carlo Donat-Cattin ricorda monsignor Luigi Bettazzi, a un anno dalla scomparsa avvenuta il 16 luglio 2023 all&#8217;età di 99 anni, e – in collaborazione con le Edizioni San Paolo – presenta in anteprima italiana il libro del giornalista Alberto Chiara <em>Luigi Bettazzi. Un vescovo alla sinistra di Dio</em>. Il volume ripercorre l’itinerario umano e spirituale del vescovo di Ivrea: nato a Treviso, ma da una famiglia di origini piemontesi e formatosi nella chiesa di Bologna.</p>
<p style="text-align: justify;">Al momento della sua scomparsa, monsignor Bettazzi era l’ultimo vescovo italiano in vita ad aver partecipato al Concilio Vaticano II (1962-1965) e di quella grande assise universale della Chiesa fu testimone per tutta la sua lunga vita. Nato a Treviso nel 1923, in gioventù si era trasferito a Bologna (città natia della madre): lì fu ordinato sacerdote nel 1946. Nel 1963 fu nominato vescovo titolare di Tagaste e ausiliare di Bologna, dove era arcivescovo il cardinale Giacomo Lercaro. In quegli anni partecipò a tre sessioni del Concilio e al termine fu ordinato vescovo di Ivrea. Guidò la diocesi piemontese fino al 1999. Nel 1968 divenne presidente nazionale di Pax Christi, e dieci anni dopo fu chiamato alla carica di presidente internazionale, incarico che mantenne fino al 1985. Per la sua instancabile azione di promozione della pace, gli fu assegnato il Premio Internazionale dell’Unesco per l’Educazione alla Pace. Uomo di dialogo, capace di parlare a tutti e con tutti, credenti e non credenti, è stato promotore di centinaia di incontri e azioni pastorali nella sua diocesi e nella Chiesa universale. Scrivendo libri, articoli e migliaia di pagine che contengono, ancora oggi – nel mondo delle tante guerre, nell&#8217;Europa della tragedia ucraina e nel Medio Oriente delle stragi – riflessioni e pensieri di stringente attualità.</p>
<p>[/vc_column_text][vc_single_image image=&#8221;16829&#8243; img_size=&#8221;full&#8221;][vc_column_text]<strong>Programma</strong></p>
<p><em>Saluti</em><br />
<strong>Mariapia Donat-Cattin</strong> presidente Fondazione Carlo Donat-Cattin</p>
<p><em>Con l&#8217;Autore, dialogano</em><br />
<strong>S.Em. Cardinale Arrigo Miglio</strong> Arcivescovo emerito di Cagliari e successore di Luigi Bettazzi alla guida della diocesi di Ivrea<br />
<strong>Marta Margotti</strong> storica, Università di Torino<br />
<strong>Sergio Bocchini</strong> biografo di Luigi Bettazzi<br />
<strong>Don Renato Sacco</strong> consigliere di Pax Christi</p>
<p><em>Modera</em><br />
<strong>Luca Rolandi</strong> giornalista, Fondazione Carlo Donat-Cattin[/vc_column_text][vc_gallery type=&#8221;image_grid&#8221; images=&#8221;16850,16864,16852,16862,16846,16854,16856,16858,16860,16848,16866&#8243;][/vc_column][vc_column width=&#8221;1/6&#8243;][/vc_column][/vc_row]</p>

<p>[vc_row disable_element=&#8221;yes&#8221;][vc_column][vc_single_image image=&#8221;16781&#8243; img_size=&#8221;full&#8221;][/vc_column][/vc_row][vc_row][vc_column width=&#8221;1/6&#8243;][/vc_column][vc_column width=&#8221;2/3&#8243;][vc_column_text] Alberto Chiara Luigi Bettazzi Un vescovo alla sinistra di Dio Prefazione di Andrea Riccardi Postfazione di monsignor Andrea Ricchiuti Edizioni San Paolo, 2024[/vc_column_text][vc_column_text]Venerdì 12 luglio 2024 | ore 17:30 TORINO Polo del ’900 | Palazzo San Daniele | Auditorium Via del Carmine 14[/vc_column_text][vc_single_image image=&#8221;16825&#8243; img_size=&#8221;medium&#8221;][vc_column_text] La Fondazione Carlo Donat-Cattin [&hellip;]</p>
