{"id":14416,"date":"2020-07-06T18:50:29","date_gmt":"2020-07-06T16:50:29","guid":{"rendered":"https:\/\/www.fondazionedonatcattin.it\/?page_id=14416"},"modified":"2023-05-10T10:46:05","modified_gmt":"2023-05-10T08:46:05","slug":"attivita-20-2-3-2-2-2-3-2-3-2-4-2-3-2-2-3-2-5-2-2-3-5-2-2-3-3-3-2-3-3-3-2-3-2-2-3-2-3","status":"publish","type":"page","link":"https:\/\/www.fondazionedonatcattin.it\/?page_id=14416","title":{"rendered":"100 anni dal Congresso di Torino PPI &#8211; 10 maggio 2023"},"content":{"rendered":"<p>[vc_row disable_element=&#8221;yes&#8221;][vc_column][vc_single_image image=&#8221;13692&#8243; img_size=&#8221;full&#8221;][\/vc_column][\/vc_row][vc_row][vc_column width=&#8221;1\/6&#8243;][\/vc_column][vc_column width=&#8221;2\/3&#8243;][vc_column_text]<\/p>\n<h2>Democrazia e fascismo<\/h2>\n<p><strong>A cento anni dal Congresso Ppi di Torino (1923)<\/strong><\/p>\n<p><strong>10 maggio 2023 &#8211; dalle ore 10.00<\/strong><br \/>\n<strong>Istituto Luigi Sturzo<\/strong>, Sala Perin del Vaga<br \/>\nVia delle Coppelle 35, Roma<\/p>\n<p>Diretta streaming sul canale YouTube e sulla pagina Facebook dell&#8217;Istituto Luigi Sturzo e sul sito <a href=\"http:\/\/www.fondazionedonatcattin.it\">www.fondazionedonatcattin.it<\/a>[\/vc_column_text][vc_column_text]<\/p>\n<p style=\"text-align: justify;\"><strong>Il\u00a0IV Congresso del Partito popolare italiano, aperto a Torino il 12 aprile 1923 con la relazione di Luigi Sturzo<\/strong>, sancisce la scelta antifascista del partito. Vince la linea di Sturzo, che difende l\u2019autonomia del PPI e rifiuta il suo assorbimento da parte del movimento fascista. Un Congresso di svolta, di chiarificazione e di lacerazione, che sar\u00e0 per\u00f2 fondamentale per salvare la dignit\u00e0 politica dei cattolici italiani.<\/p>\n<p>[\/vc_column_text][vc_video link=&#8221;https:\/\/www.youtube.com\/embed\/HopU5U1NfR8&#8243;][vc_column_text]<strong>Programma<\/strong><\/p>\n<p>Introduce<br \/>\n<strong>Mariapia Donat-Cattin<\/strong><\/p>\n<p>Interventi<br \/>\n<strong>Nicola Antonetti <\/strong><br \/>\n<strong>Luigi Giorgi <\/strong><br \/>\n<strong>Vittorio Rapetti <\/strong><br \/>\n<strong>Francesco Malgeri <\/strong><br \/>\n<strong>Francesco Traniello<\/strong>[\/vc_column_text][vc_single_image image=&#8221;14417&#8243; img_size=&#8221;full&#8221;][\/vc_column][vc_column width=&#8221;1\/6&#8243;][\/vc_column][\/vc_row]<\/p>\n","protected":false},"excerpt":{"rendered":"<p>[vc_row disable_element=&#8221;yes&#8221;][vc_column][vc_single_image image=&#8221;13692&#8243; img_size=&#8221;full&#8221;][\/vc_column][\/vc_row][vc_row][vc_column width=&#8221;1\/6&#8243;][\/vc_column][vc_column width=&#8221;2\/3&#8243;][vc_column_text] Democrazia e fascismo A cento anni dal Congresso Ppi di Torino (1923) 10 maggio 2023 &#8211; dalle ore 10.00 Istituto Luigi Sturzo, Sala Perin del Vaga Via delle Coppelle 35, Roma Diretta streaming sul canale YouTube e sulla pagina Facebook dell&#8217;Istituto Luigi Sturzo e sul sito www.fondazionedonatcattin.it[\/vc_column_text][vc_column_text] Il\u00a0IV Congresso [&hellip;]<\/p>\n","protected":false},"author":11,"featured_media":4011,"parent":0,"menu_order":0,"comment_status":"closed","ping_status":"closed","template":"","meta":{"footnotes":""},"_links":{"self":[{"href":"https:\/\/www.fondazionedonatcattin.it\/index.php?rest_route=\/wp\/v2\/pages\/14416"}],"collection":[{"href":"https:\/\/www.fondazionedonatcattin.it\/index.php?rest_route=\/wp\/v2\/pages"}],"about":[{"href":"https:\/\/www.fondazionedonatcattin.it\/index.php?rest_route=\/wp\/v2\/types\/page"}],"author":[{"embeddable":true,"href":"https:\/\/www.fondazionedonatcattin.it\/index.php?rest_route=\/wp\/v2\/users\/11"}],"replies":[{"embeddable":true,"href":"https:\/\/www.fondazionedonatcattin.it\/index.php?rest_route=%2Fwp%2Fv2%2Fcomments&post=14416"}],"version-history":[{"count":0,"href":"https:\/\/www.fondazionedonatcattin.it\/index.php?rest_route=\/wp\/v2\/pages\/14416\/revisions"}],"wp:featuredmedia":[{"embeddable":true,"href":"https:\/\/www.fondazionedonatcattin.it\/index.php?rest_route=\/wp\/v2\/media\/4011"}],"wp:attachment":[{"href":"https:\/\/www.fondazionedonatcattin.it\/index.php?rest_route=%2Fwp%2Fv2%2Fmedia&parent=14416"}],"curies":[{"name":"wp","href":"https:\/\/api.w.org\/{rel}","templated":true}]}}

<p>[vc_row disable_element=&#8221;yes&#8221;][vc_column][vc_single_image image=&#8221;13692&#8243; img_size=&#8221;full&#8221;][/vc_column][/vc_row][vc_row][vc_column width=&#8221;1/6&#8243;][/vc_column][vc_column width=&#8221;2/3&#8243;][vc_column_text]</p>
<h2>Democrazia e fascismo</h2>
<p><strong>A cento anni dal Congresso Ppi di Torino (1923)</strong></p>
<p><strong>10 maggio 2023 &#8211; dalle ore 10.00</strong><br />
<strong>Istituto Luigi Sturzo</strong>, Sala Perin del Vaga<br />
Via delle Coppelle 35, Roma</p>
<p>Diretta streaming sul canale YouTube e sulla pagina Facebook dell&#8217;Istituto Luigi Sturzo e sul sito <a href="http://www.fondazionedonatcattin.it">www.fondazionedonatcattin.it</a>[/vc_column_text][vc_column_text]</p>
<p style="text-align: justify;"><strong>Il IV Congresso del Partito popolare italiano, aperto a Torino il 12 aprile 1923 con la relazione di Luigi Sturzo</strong>, sancisce la scelta antifascista del partito. Vince la linea di Sturzo, che difende l’autonomia del PPI e rifiuta il suo assorbimento da parte del movimento fascista. Un Congresso di svolta, di chiarificazione e di lacerazione, che sarà però fondamentale per salvare la dignità politica dei cattolici italiani.</p>
<p>[/vc_column_text][vc_video link=&#8221;https://www.youtube.com/embed/HopU5U1NfR8&#8243;][vc_column_text]<strong>Programma</strong></p>
<p>Introduce<br />
<strong>Mariapia Donat-Cattin</strong></p>
<p>Interventi<br />
<strong>Nicola Antonetti </strong><br />
<strong>Luigi Giorgi </strong><br />
<strong>Vittorio Rapetti </strong><br />
<strong>Francesco Malgeri </strong><br />
<strong>Francesco Traniello</strong>[/vc_column_text][vc_single_image image=&#8221;14417&#8243; img_size=&#8221;full&#8221;][/vc_column][vc_column width=&#8221;1/6&#8243;][/vc_column][/vc_row]</p>
