{"id":14396,"date":"2020-07-06T18:50:29","date_gmt":"2020-07-06T16:50:29","guid":{"rendered":"https:\/\/www.fondazionedonatcattin.it\/?page_id=14396"},"modified":"2023-05-01T17:53:35","modified_gmt":"2023-05-01T15:53:35","slug":"attivita-20-2-3-2-2-2-3-2-3-2-4-2-3-2-2-3-2-5-2-2-3-5-2-2-3-3-3-2-3-3-3-2-3-2-2-3-2","status":"publish","type":"page","link":"https:\/\/www.fondazionedonatcattin.it\/?page_id=14396","title":{"rendered":"La Resistenza e la rinascita dell\u2019idea europea (1942-1947) &#8211; 6 maggio 2023"},"content":{"rendered":"<p>[vc_row disable_element=&#8221;yes&#8221;][vc_column][vc_single_image image=&#8221;13692&#8243; img_size=&#8221;full&#8221;][\/vc_column][\/vc_row][vc_row][vc_column width=&#8221;1\/6&#8243;][\/vc_column][vc_column width=&#8221;2\/3&#8243;][vc_column_text]<img decoding=\"async\" loading=\"lazy\" class=\"wp-image-10083 aligncenter\" src=\"https:\/\/www.fondazionedonatcattin.it\/wp-content\/uploads\/2022\/02\/incontri-con-gli-autori.jpg\" alt=\"\" width=\"180\" height=\"51\" srcset=\"https:\/\/www.fondazionedonatcattin.it\/wp-content\/uploads\/2022\/02\/incontri-con-gli-autori.jpg 1113w, https:\/\/www.fondazionedonatcattin.it\/wp-content\/uploads\/2022\/02\/incontri-con-gli-autori-1024x292.jpg 1024w, https:\/\/www.fondazionedonatcattin.it\/wp-content\/uploads\/2022\/02\/incontri-con-gli-autori-768x219.jpg 768w\" sizes=\"(max-width: 180px) 100vw, 180px\" \/><\/p>\n<p><strong>Robert B\u00e9lot<\/strong><\/p>\n<h2>La Resistenza e la rinascita dell\u2019idea europea (1942-1947)<\/h2>\n<p>Il Mulino 2022<\/p>\n<div><strong>Gioved\u00ec 4 maggio &#8211; Ore 17:30<br \/>\n<\/strong>Polo del \u2019900, Palazzo San Celso, Sala Memoria delle Alpi, Corso Valdocco 4\/a \u2013 Torino<\/div>\n<section><\/section>\n<p>Sar\u00e0 possibile seguire l\u2019evento anche via Zoom. Per ricevere il link iscriversi al <a href=\"https:\/\/docs.google.com\/forms\/d\/e\/1FAIpQLSealUGyaJsA_Ho4uv_25tXZwcAAFFMud83ALgvG0jkLobsPpw\/viewform\" target=\"_blank\" rel=\"noopener\" data-saferedirecturl=\"https:\/\/www.google.com\/url?q=https:\/\/docs.google.com\/forms\/d\/e\/1FAIpQLSealUGyaJsA_Ho4uv_25tXZwcAAFFMud83ALgvG0jkLobsPpw\/viewform&amp;source=gmail&amp;ust=1683015262090000&amp;usg=AOvVaw3aFfpsJBhHVWMrR6NCjUKD\">form<\/a>.<\/p>\n<div class=\"notranslate\" style=\"all: initial;\"><\/div>\n<p>[\/vc_column_text][vc_single_image image=&#8221;14399&#8243; img_size=&#8221;full&#8221;][vc_column_text]<\/p>\n<p style=\"text-align: justify;\"><strong>L&#8217;attuale propaganda antieuropeista mette talora in dubbio il ruolo e l&#8217;onest\u00e0 intellettuale dei pionieri dell&#8217;Europa unita<\/strong> che, dalle tragiche vicende che sprofondarono l&#8217;Europa nelle dittature e nelle guerre mondiali, seppero trarre insegnamento per superare le divisioni e proporre un progetto di Europa sovrannazionale. Descrivendo il percorso politico di Henri Frenay, fondatore di Combat, il pi\u00f9 importante movimento della Resistenza francese, ministro del governo de Gaulle alla Liberazione e in seguito tra i leader dell&#8217;Union europ\u00e9enne des f\u00e9d\u00e9ralistes, Robert Belot illumina una delle fonti pi\u00f9 vive dell&#8217;aspirazione all&#8217;unit\u00e0 dell&#8217;Europa e alla pace di coloro che rischiarono la vita per la libert\u00e0. Una scelta che incontr\u00f2 forti opposizioni, talvolta anche in seno alla Resistenza stessa, ostili al progetto di superamento della cultura sovranista, che si scontrava con il potere dei nazionalismi e del conformismo.<\/p>\n<p>[\/vc_column_text][vc_column_text]<\/p>\n<p style=\"text-align: justify;\"><span style=\"color: #000000;\"><em>Evento inserito nell&#8217;ambito delle iniziative per il 25 aprile 2023, organizzato da <strong>CESI<\/strong>, in collaborazione con <strong>Istituto Salvemini<\/strong>, <strong>Fondazione Istituto piemontese Antornio Gramsci<\/strong>, <strong>Fondazione Carlo Donat-Cattin<\/strong>, <strong>Istoreto<\/strong>, <strong>Museo Diffuso della Resistenza<\/strong>.<\/em><\/span><\/p>\n<p>[\/vc_column_text][\/vc_column][vc_column width=&#8221;1\/6&#8243;][\/vc_column][\/vc_row]<\/p>\n","protected":false},"excerpt":{"rendered":"<p>[vc_row disable_element=&#8221;yes&#8221;][vc_column][vc_single_image image=&#8221;13692&#8243; img_size=&#8221;full&#8221;][\/vc_column][\/vc_row][vc_row][vc_column width=&#8221;1\/6&#8243;][\/vc_column][vc_column width=&#8221;2\/3&#8243;][vc_column_text] Robert B\u00e9lot La Resistenza e la rinascita dell\u2019idea europea (1942-1947) Il Mulino 2022 Gioved\u00ec 4 maggio &#8211; Ore 17:30 Polo del \u2019900, Palazzo San Celso, Sala Memoria delle Alpi, Corso Valdocco 4\/a \u2013 Torino Sar\u00e0 possibile seguire l\u2019evento anche via Zoom. Per ricevere il link iscriversi al form. [\/vc_column_text][vc_single_image [&hellip;]<\/p>\n","protected":false},"author":11,"featured_media":4011,"parent":0,"menu_order":0,"comment_status":"closed","ping_status":"closed","template":"","meta":{"footnotes":""},"_links":{"self":[{"href":"https:\/\/www.fondazionedonatcattin.it\/index.php?rest_route=\/wp\/v2\/pages\/14396"}],"collection":[{"href":"https:\/\/www.fondazionedonatcattin.it\/index.php?rest_route=\/wp\/v2\/pages"}],"about":[{"href":"https:\/\/www.fondazionedonatcattin.it\/index.php?rest_route=\/wp\/v2\/types\/page"}],"author":[{"embeddable":true,"href":"https:\/\/www.fondazionedonatcattin.it\/index.php?rest_route=\/wp\/v2\/users\/11"}],"replies":[{"embeddable":true,"href":"https:\/\/www.fondazionedonatcattin.it\/index.php?rest_route=%2Fwp%2Fv2%2Fcomments&post=14396"}],"version-history":[{"count":0,"href":"https:\/\/www.fondazionedonatcattin.it\/index.php?rest_route=\/wp\/v2\/pages\/14396\/revisions"}],"wp:featuredmedia":[{"embeddable":true,"href":"https:\/\/www.fondazionedonatcattin.it\/index.php?rest_route=\/wp\/v2\/media\/4011"}],"wp:attachment":[{"href":"https:\/\/www.fondazionedonatcattin.it\/index.php?rest_route=%2Fwp%2Fv2%2Fmedia&parent=14396"}],"curies":[{"name":"wp","href":"https:\/\/api.w.org\/{rel}","templated":true}]}}

<p>[vc_row disable_element=&#8221;yes&#8221;][vc_column][vc_single_image image=&#8221;13692&#8243; img_size=&#8221;full&#8221;][/vc_column][/vc_row][vc_row][vc_column width=&#8221;1/6&#8243;][/vc_column][vc_column width=&#8221;2/3&#8243;][vc_column_text]<img decoding="async" loading="lazy" class="wp-image-10083 aligncenter" src="https://www.fondazionedonatcattin.it/wp-content/uploads/2022/02/incontri-con-gli-autori.jpg" alt="" width="180" height="51" srcset="https://www.fondazionedonatcattin.it/wp-content/uploads/2022/02/incontri-con-gli-autori.jpg 1113w, https://www.fondazionedonatcattin.it/wp-content/uploads/2022/02/incontri-con-gli-autori-1024x292.jpg 1024w, https://www.fondazionedonatcattin.it/wp-content/uploads/2022/02/incontri-con-gli-autori-768x219.jpg 768w" sizes="(max-width: 180px) 100vw, 180px" /></p>
<p><strong>Robert Bélot</strong></p>
<h2>La Resistenza e la rinascita dell’idea europea (1942-1947)</h2>
<p>Il Mulino 2022</p>
<div><strong>Giovedì 4 maggio &#8211; Ore 17:30<br />
</strong>Polo del ’900, Palazzo San Celso, Sala Memoria delle Alpi, Corso Valdocco 4/a – Torino</div>
<section></section>
<p>Sarà possibile seguire l’evento anche via Zoom. Per ricevere il link iscriversi al <a href="https://docs.google.com/forms/d/e/1FAIpQLSealUGyaJsA_Ho4uv_25tXZwcAAFFMud83ALgvG0jkLobsPpw/viewform" target="_blank" rel="noopener" data-saferedirecturl="https://www.google.com/url?q=https://docs.google.com/forms/d/e/1FAIpQLSealUGyaJsA_Ho4uv_25tXZwcAAFFMud83ALgvG0jkLobsPpw/viewform&amp;source=gmail&amp;ust=1683015262090000&amp;usg=AOvVaw3aFfpsJBhHVWMrR6NCjUKD">form</a>.</p>
<div class="notranslate" style="all: initial;"></div>
<p>[/vc_column_text][vc_single_image image=&#8221;14399&#8243; img_size=&#8221;full&#8221;][vc_column_text]</p>
<p style="text-align: justify;"><strong>L&#8217;attuale propaganda antieuropeista mette talora in dubbio il ruolo e l&#8217;onestà intellettuale dei pionieri dell&#8217;Europa unita</strong> che, dalle tragiche vicende che sprofondarono l&#8217;Europa nelle dittature e nelle guerre mondiali, seppero trarre insegnamento per superare le divisioni e proporre un progetto di Europa sovrannazionale. Descrivendo il percorso politico di Henri Frenay, fondatore di Combat, il più importante movimento della Resistenza francese, ministro del governo de Gaulle alla Liberazione e in seguito tra i leader dell&#8217;Union européenne des fédéralistes, Robert Belot illumina una delle fonti più vive dell&#8217;aspirazione all&#8217;unità dell&#8217;Europa e alla pace di coloro che rischiarono la vita per la libertà. Una scelta che incontrò forti opposizioni, talvolta anche in seno alla Resistenza stessa, ostili al progetto di superamento della cultura sovranista, che si scontrava con il potere dei nazionalismi e del conformismo.</p>
<p>[/vc_column_text][vc_column_text]</p>
<p style="text-align: justify;"><span style="color: #000000;"><em>Evento inserito nell&#8217;ambito delle iniziative per il 25 aprile 2023, organizzato da <strong>CESI</strong>, in collaborazione con <strong>Istituto Salvemini</strong>, <strong>Fondazione Istituto piemontese Antornio Gramsci</strong>, <strong>Fondazione Carlo Donat-Cattin</strong>, <strong>Istoreto</strong>, <strong>Museo Diffuso della Resistenza</strong>.</em></span></p>
<p>[/vc_column_text][/vc_column][vc_column width=&#8221;1/6&#8243;][/vc_column][/vc_row]</p>

<p>[vc_row disable_element=&#8221;yes&#8221;][vc_column][vc_single_image image=&#8221;13692&#8243; img_size=&#8221;full&#8221;][/vc_column][/vc_row][vc_row][vc_column width=&#8221;1/6&#8243;][/vc_column][vc_column width=&#8221;2/3&#8243;][vc_column_text] Robert Bélot La Resistenza e la rinascita dell’idea europea (1942-1947) Il Mulino 2022 Giovedì 4 maggio &#8211; Ore 17:30 Polo del ’900, Palazzo San Celso, Sala Memoria delle Alpi, Corso Valdocco 4/a – Torino Sarà possibile seguire l’evento anche via Zoom. Per ricevere il link iscriversi al form. [/vc_column_text][vc_single_image [&hellip;]</p>
