{"id":11784,"date":"2021-03-07T14:00:28","date_gmt":"2021-03-07T13:00:28","guid":{"rendered":"http:\/\/www.fondazionedonatcattin.it\/?page_id=11784"},"modified":"2026-03-27T08:16:02","modified_gmt":"2026-03-27T07:16:02","slug":"il-nostro-lavoro-al-tempo-del-covid-19-5-2-3-3-2-7","status":"publish","type":"page","link":"https:\/\/www.fondazionedonatcattin.it\/?page_id=11784","title":{"rendered":"Eventi e attivit\u00e0 2009"},"content":{"rendered":"<p>[vc_row][vc_column][vc_column_text el_class=&#8221;titolo-pagina&#8221;]<\/p>\n<h2><\/h2>\n<p>[\/vc_column_text][vc_single_image image=&#8221;12210&#8243; img_size=&#8221;2660&#215;937&#8243; css_animation=&#8221;none&#8221;][\/vc_column][\/vc_row][vc_row][vc_column][vc_column_text]<\/p>\n<h4>Eventi e attivit\u00e0 2009<\/h4>\n<p>[\/vc_column_text][vc_column_text]Convegni, Dibattiti, Didattica, Eventi, Incontri con gli autori, Letture, Memoria, Mostre, Pubblicazioni, Ricerche, Seminari, Spettacoli.[\/vc_column_text][vc_column_text]<a href=\"\/?page_id=18617\">2026<\/a> &#8211; <a href=\"\/?page_id=17214\">2025<\/a> &#8211; <a href=\"\/?page_id=15679\">2024<\/a> &#8211; <a href=\"\/?page_id=13504\">2023<\/a> &#8211; <a href=\"\/?page_id=10056\">2022<\/a> &#8211; <a href=\"\/?page_id=7665\">2021<\/a> &#8211; <a href=\"\/?page_id=6237\">2020<\/a> &#8211; <a href=\"\/?page_id=6266\">2019<\/a> &#8211; <a href=\"\/?page_id=7382\">2018<\/a> &#8211; <a href=\"\/?page_id=7467\">2017<\/a> &#8211; <a href=\"\/?page_id=7561\">2016<\/a> &#8211; <a href=\"\/?page_id=11391\">2015<\/a> &#8211; <a href=\"\/?page_id=11443\">2014<\/a> &#8211; <a href=\"\/?page_id=11559\">2013<\/a> &#8211; <a href=\"\/?page_id=11465\">2012<\/a> &#8211; <a href=\"\/?page_id=11585\">2011<\/a> &#8211; <a href=\"\/?page_id=11704\">2010<\/a> &#8211; <a href=\"\/?page_id=11784\"><strong>2009<\/strong><\/a> &#8211; <a href=\"\/?page_id=11386\">2008<\/a> &#8211; <a href=\"\/?page_id=11956\">2007<\/a> &#8211; <a href=\"\/?page_id=11960\">2006<\/a>[\/vc_column_text][\/vc_column][\/vc_row][vc_row][vc_column][vc_separator][\/vc_column][\/vc_row][vc_row gap=&#8221;10&#8243;][vc_column width=&#8221;1\/5&#8243; css=&#8221;.vc_custom_1628803137988{padding-top: 15px !important;background-color: #f4f4f4 !important;border-radius: 5px !important;}&#8221;][vc_single_image image=&#8221;11877&#8243; img_size=&#8221;600&#215;340&#8243;][vc_column_text]<\/p>\n<h5><strong>\u25a9 INCONTRI CON GLI AUTORI<br \/>\n<\/strong><\/h5>\n<p>[\/vc_column_text][vc_custom_heading text=&#8221;12 marzo 2009&#8243; font_container=&#8221;tag:h3|text_align:left&#8221; use_theme_fonts=&#8221;yes&#8221; css=&#8221;.vc_custom_1657868399942{margin-bottom: 10px !important;}&#8221;][vc_column_text]<strong>I pensieri di un malpensante<\/strong>. Arturo Carlo Jemolo e trentacinque anni di storia repubblicana, Marsilio, 2008. <strong>Arturo Carlo Jemolo, Coscienza laica<\/strong> a cura di Carlo Fantappi\u00e8, Morcelliana, 2008.[\/vc_column_text][vc_btn title=&#8221;leggi tutto&#8221; shape=&#8221;square&#8221; color=&#8221;white&#8221; size=&#8221;xs&#8221; i_type=&#8221;typicons&#8221; i_icon_typicons=&#8221;typcn typcn-document-text&#8221; add_icon=&#8221;true&#8221; link=&#8221;url:https%3A%2F%2Fwww.fondazionedonatcattin.it%2F%3Fpage_id%3D1362||target:%20_blank|&#8221;][\/vc_column][vc_column width=&#8221;1\/5&#8243; css=&#8221;.vc_custom_1628803154171{padding-top: 15px !important;background-color: #f4f4f4 !important;border-radius: 5px !important;}&#8221;][vc_single_image image=&#8221;11866&#8243; img_size=&#8221;600&#215;340&#8243;][vc_column_text]<\/p>\n<h5><strong>\u25a9 INCONTRI CON GLI AUTORI<br \/>\n<\/strong><\/h5>\n<p>[\/vc_column_text][vc_custom_heading text=&#8221;7 aprile 2009&#8243; font_container=&#8221;tag:h3|text_align:left&#8221; use_theme_fonts=&#8221;yes&#8221; css=&#8221;.vc_custom_1657865057676{margin-bottom: 10px !important;}&#8221;][vc_column_text]Momenti, problemi, progetti e realizzazioni nell&#8217;operato dell&#8217;istituzione provinciale torinese in vari ambiti, giuridico-istituzionali, politico-culturali, socio-assistenziali e infrastrutturali.[\/vc_column_text][vc_btn title=&#8221;leggi tutto&#8221; shape=&#8221;square&#8221; color=&#8221;white&#8221; size=&#8221;xs&#8221; i_type=&#8221;typicons&#8221; i_icon_typicons=&#8221;typcn typcn-document-text&#8221; add_icon=&#8221;true&#8221; link=&#8221;url:https%3A%2F%2Fwww.fondazionedonatcattin.it%2F%3Fpage_id%3D1360||target:%20_blank|&#8221;][\/vc_column][vc_column width=&#8221;1\/5&#8243; css=&#8221;.vc_custom_1628803173905{padding-top: 15px !important;background-color: #f4f4f4 !important;border-radius: 5px !important;}&#8221;][vc_single_image image=&#8221;11854&#8243; img_size=&#8221;600&#215;340&#8243;][vc_column_text]<\/p>\n<h5><strong>\u25a9 MEMORIA<br \/>\n<\/strong><\/h5>\n<p>[\/vc_column_text][vc_custom_heading text=&#8221;20 aprile 2009&#8243; font_container=&#8221;tag:h3|text_align:left&#8221; use_theme_fonts=&#8221;yes&#8221; css=&#8221;.vc_custom_1657864341648{margin-bottom: 10px !important;}&#8221;][vc_column_text]Brizio era nato l\u20198 luglio 1929 a Ciri\u00e8. Si dedic\u00f2 poi alla politica militando nella Democrazia Cristiana. Fu Sindaco di Ciri\u00e8, consigliere provinciale, regionale, Assessore e Presidente della Giunta regionale.[\/vc_column_text][vc_btn title=&#8221;leggi tutto&#8221; shape=&#8221;square&#8221; color=&#8221;white&#8221; size=&#8221;xs&#8221; i_type=&#8221;typicons&#8221; i_icon_typicons=&#8221;typcn typcn-document-text&#8221; add_icon=&#8221;true&#8221; link=&#8221;url:https%3A%2F%2Fwww.fondazionedonatcattin.it%2F%3Fpage_id%3D1358||target:%20_blank|&#8221;][\/vc_column][vc_column width=&#8221;1\/5&#8243; css=&#8221;.vc_custom_1628803199865{padding-top: 15px !important;background-color: #f4f4f4 !important;border-radius: 5px !important;}&#8221;][vc_single_image image=&#8221;11849&#8243; img_size=&#8221;600&#215;340&#8243;][vc_column_text]<\/p>\n<h5><strong>\u25a9 CONVEGNI<br \/>\n<\/strong><\/h5>\n<p>[\/vc_column_text][vc_custom_heading text=&#8221;26 giugno 2009&#8243; font_container=&#8221;tag:h3|text_align:left&#8221; use_theme_fonts=&#8221;yes&#8221; css=&#8221;.vc_custom_1657862535451{margin-bottom: 10px !important;}&#8221;][vc_column_text]Il convegno, intende riconsiderare aspetti e contesti nei quali l\u2019opera di Sturzo trov\u00f2 elaborazione e applicazione, sollecitando analisi e riflessioni su temi e prospettive ancora attuali.[\/vc_column_text][vc_btn title=&#8221;leggi tutto&#8221; shape=&#8221;square&#8221; color=&#8221;white&#8221; size=&#8221;xs&#8221; i_type=&#8221;typicons&#8221; i_icon_typicons=&#8221;typcn typcn-document-text&#8221; add_icon=&#8221;true&#8221; link=&#8221;url:https%3A%2F%2Fwww.fondazionedonatcattin.it%2F%3Fpage_id%3D1354||target:%20_blank|&#8221;][\/vc_column][vc_column width=&#8221;1\/5&#8243; css=&#8221;.vc_custom_1631971845018{padding-top: 15px !important;background-color: #f4f4f4 !important;border-radius: 5px !important;}&#8221;][vc_single_image image=&#8221;11843&#8243; img_size=&#8221;600&#215;340&#8243;][vc_column_text]<\/p>\n<h5><strong>\u25a9 DIBATTITI<br \/>\n<\/strong><\/h5>\n<p>[\/vc_column_text][vc_custom_heading text=&#8221;3 luglio 2009&#8243; font_container=&#8221;tag:h3|text_align:left&#8221; use_theme_fonts=&#8221;yes&#8221; css=&#8221;.vc_custom_1657862371284{margin-bottom: 10px !important;}&#8221;][vc_column_text]Filmati di registi indigeni e relazioni di Padre Silvano Sabatini, missionario della Consolata di Torino. Dr.ssa Silvia Zaccaria, antropologa, impegnata in progetti di cooperazione internazionale.[\/vc_column_text][vc_btn title=&#8221;leggi tutto&#8221; shape=&#8221;square&#8221; color=&#8221;white&#8221; size=&#8221;xs&#8221; i_type=&#8221;typicons&#8221; i_icon_typicons=&#8221;typcn typcn-document-text&#8221; add_icon=&#8221;true&#8221; link=&#8221;url:https%3A%2F%2Fwww.fondazionedonatcattin.it%2F%3Fpage_id%3D1352||target:%20_blank|&#8221;][\/vc_column][\/vc_row][vc_row gap=&#8221;10&#8243;][vc_column width=&#8221;1\/5&#8243; css=&#8221;.vc_custom_1628803137988{padding-top: 15px !important;background-color: #f4f4f4 !important;border-radius: 5px !important;}&#8221;][vc_single_image image=&#8221;11835&#8243; img_size=&#8221;600&#215;340&#8243;][vc_column_text]<\/p>\n<h5><strong>\u25a9 INCONTRI CON GLI AUTORI<br \/>\n<\/strong><\/h5>\n<p>[\/vc_column_text][vc_custom_heading text=&#8221;17 ottobre 2009&#8243; font_container=&#8221;tag:h3|text_align:left&#8221; use_theme_fonts=&#8221;yes&#8221; css=&#8221;.vc_custom_1657812972510{margin-bottom: 10px !important;}&#8221;][vc_column_text]Ettore Malnati commenta il testo papale evidenziando come questo documento completi il concetto di &#8220;sviluppo&#8221; definito da Paolo VI, al quale Benedetto XVI d\u00e0 molto spazio in questa Enciclica sociale, .[\/vc_column_text][vc_btn title=&#8221;leggi tutto&#8221; shape=&#8221;square&#8221; color=&#8221;white&#8221; size=&#8221;xs&#8221; i_type=&#8221;typicons&#8221; i_icon_typicons=&#8221;typcn typcn-document-text&#8221; add_icon=&#8221;true&#8221; link=&#8221;url:https%3A%2F%2Fwww.fondazionedonatcattin.it%2F%3Fpage_id%3D1350||target:%20_blank|&#8221;][\/vc_column][vc_column width=&#8221;1\/5&#8243; css=&#8221;.vc_custom_1628803154171{padding-top: 15px !important;background-color: #f4f4f4 !important;border-radius: 5px !important;}&#8221;][vc_single_image image=&#8221;11832&#8243; img_size=&#8221;600&#215;340&#8243;][vc_column_text]<\/p>\n<h5><strong>\u25a9 INCONTRI CON GLI AUTORI<br \/>\n<\/strong><\/h5>\n<p>[\/vc_column_text][vc_custom_heading text=&#8221;29 ottobre 2009&#8243; font_container=&#8221;tag:h3|text_align:left&#8221; use_theme_fonts=&#8221;yes&#8221; css=&#8221;.vc_custom_1657807262020{margin-bottom: 10px !important;}&#8221;][vc_column_text]Il 29 gennaio 2004, la multinazionale tedesca ThyssenKrupp annuncia la chiusura del reparto magnetico delle Acciaierie di Terni. Una citt\u00e0 si mobilita immediatamente attorno agli operai.[\/vc_column_text][vc_btn title=&#8221;leggi tutto&#8221; shape=&#8221;square&#8221; color=&#8221;white&#8221; size=&#8221;xs&#8221; i_type=&#8221;typicons&#8221; i_icon_typicons=&#8221;typcn typcn-document-text&#8221; add_icon=&#8221;true&#8221; link=&#8221;url:https%3A%2F%2Fwww.fondazionedonatcattin.it%2F%3Fpage_id%3D1348||target:%20_blank|&#8221;][\/vc_column][vc_column width=&#8221;1\/5&#8243; css=&#8221;.vc_custom_1628803173905{padding-top: 15px !important;background-color: #f4f4f4 !important;border-radius: 5px !important;}&#8221;][vc_single_image image=&#8221;11790&#8243; img_size=&#8221;600&#215;340&#8243;][vc_column_text]<\/p>\n<h5><strong>\u25a9 CONVEGNI<br \/>\n<\/strong><\/h5>\n<p>[\/vc_column_text][vc_custom_heading text=&#8221;13-15 novembre 2009&#8243; font_container=&#8221;tag:h3|text_align:left&#8221; use_theme_fonts=&#8221;yes&#8221; css=&#8221;.vc_custom_1657355284290{margin-bottom: 10px !important;}&#8221;][vc_column_text]L&#8217;Italia in bianco e nero fra paura e speranza, Giovani ideee, Volti e storie di una citt\u00e0(dis)integrata, L&#8217;immigrazione nell&#8217;era dell&#8217;iPod, Senza nuove regole non esiste lo Stato sociale, Barriere da abbattere fra la gente e il Palazzo.[\/vc_column_text][vc_btn title=&#8221;leggi tutto&#8221; shape=&#8221;square&#8221; color=&#8221;white&#8221; size=&#8221;xs&#8221; i_type=&#8221;typicons&#8221; i_icon_typicons=&#8221;typcn typcn-document-text&#8221; add_icon=&#8221;true&#8221; link=&#8221;url:https%3A%2F%2Fwww.fondazionedonatcattin.it%2F%3Fpage_id%3D1255||target:%20_blank|&#8221;][\/vc_column][vc_column width=&#8221;1\/5&#8243; css=&#8221;.vc_custom_1628803199865{padding-top: 15px !important;background-color: #f4f4f4 !important;border-radius: 5px !important;}&#8221;][\/vc_column][vc_column width=&#8221;1\/5&#8243; css=&#8221;.vc_custom_1631971845018{padding-top: 15px !important;background-color: #f4f4f4 !important;border-radius: 5px !important;}&#8221;][\/vc_column][\/vc_row]<\/p>\n","protected":false},"excerpt":{"rendered":"<p>[vc_row][vc_column][vc_column_text el_class=&#8221;titolo-pagina&#8221;] [\/vc_column_text][vc_single_image image=&#8221;12210&#8243; img_size=&#8221;2660&#215;937&#8243; css_animation=&#8221;none&#8221;][\/vc_column][\/vc_row][vc_row][vc_column][vc_column_text] Eventi e attivit\u00e0 2009 [\/vc_column_text][vc_column_text]Convegni, Dibattiti, Didattica, Eventi, Incontri con gli autori, Letture, Memoria, Mostre, Pubblicazioni, Ricerche, Seminari, Spettacoli.[\/vc_column_text][vc_column_text]2026 &#8211; 2025 &#8211; 2024 &#8211; 2023 &#8211; 2022 &#8211; 2021 &#8211; 2020 &#8211; 2019 &#8211; 2018 &#8211; 2017 &#8211; 2016 &#8211; 2015 &#8211; 2014 &#8211; 2013 &#8211; 2012 &#8211; 2011 [&hellip;]<\/p>\n","protected":false},"author":11,"featured_media":0,"parent":0,"menu_order":0,"comment_status":"closed","ping_status":"closed","template":"","meta":{"footnotes":""},"_links":{"self":[{"href":"https:\/\/www.fondazionedonatcattin.it\/index.php?rest_route=\/wp\/v2\/pages\/11784"}],"collection":[{"href":"https:\/\/www.fondazionedonatcattin.it\/index.php?rest_route=\/wp\/v2\/pages"}],"about":[{"href":"https:\/\/www.fondazionedonatcattin.it\/index.php?rest_route=\/wp\/v2\/types\/page"}],"author":[{"embeddable":true,"href":"https:\/\/www.fondazionedonatcattin.it\/index.php?rest_route=\/wp\/v2\/users\/11"}],"replies":[{"embeddable":true,"href":"https:\/\/www.fondazionedonatcattin.it\/index.php?rest_route=%2Fwp%2Fv2%2Fcomments&post=11784"}],"version-history":[{"count":1,"href":"https:\/\/www.fondazionedonatcattin.it\/index.php?rest_route=\/wp\/v2\/pages\/11784\/revisions"}],"predecessor-version":[{"id":18669,"href":"https:\/\/www.fondazionedonatcattin.it\/index.php?rest_route=\/wp\/v2\/pages\/11784\/revisions\/18669"}],"wp:attachment":[{"href":"https:\/\/www.fondazionedonatcattin.it\/index.php?rest_route=%2Fwp%2Fv2%2Fmedia&parent=11784"}],"curies":[{"name":"wp","href":"https:\/\/api.w.org\/{rel}","templated":true}]}}

Eventi e attività 2009

<p>[vc_row][vc_column][vc_column_text el_class=&#8221;titolo-pagina&#8221;]</p>
<h2></h2>
<p>[/vc_column_text][vc_single_image image=&#8221;12210&#8243; img_size=&#8221;2660&#215;937&#8243; css_animation=&#8221;none&#8221;][/vc_column][/vc_row][vc_row][vc_column][vc_column_text]</p>
<h4>Eventi e attività 2009</h4>
<p>[/vc_column_text][vc_column_text]Convegni, Dibattiti, Didattica, Eventi, Incontri con gli autori, Letture, Memoria, Mostre, Pubblicazioni, Ricerche, Seminari, Spettacoli.[/vc_column_text][vc_column_text]<a href="/?page_id=18617">2026</a> &#8211; <a href="/?page_id=17214">2025</a> &#8211; <a href="/?page_id=15679">2024</a> &#8211; <a href="/?page_id=13504">2023</a> &#8211; <a href="/?page_id=10056">2022</a> &#8211; <a href="/?page_id=7665">2021</a> &#8211; <a href="/?page_id=6237">2020</a> &#8211; <a href="/?page_id=6266">2019</a> &#8211; <a href="/?page_id=7382">2018</a> &#8211; <a href="/?page_id=7467">2017</a> &#8211; <a href="/?page_id=7561">2016</a> &#8211; <a href="/?page_id=11391">2015</a> &#8211; <a href="/?page_id=11443">2014</a> &#8211; <a href="/?page_id=11559">2013</a> &#8211; <a href="/?page_id=11465">2012</a> &#8211; <a href="/?page_id=11585">2011</a> &#8211; <a href="/?page_id=11704">2010</a> &#8211; <a href="/?page_id=11784"><strong>2009</strong></a> &#8211; <a href="/?page_id=11386">2008</a> &#8211; <a href="/?page_id=11956">2007</a> &#8211; <a href="/?page_id=11960">2006</a>[/vc_column_text][/vc_column][/vc_row][vc_row][vc_column][vc_separator][/vc_column][/vc_row][vc_row gap=&#8221;10&#8243;][vc_column width=&#8221;1/5&#8243; css=&#8221;.vc_custom_1628803137988{padding-top: 15px !important;background-color: #f4f4f4 !important;border-radius: 5px !important;}&#8221;][vc_single_image image=&#8221;11877&#8243; img_size=&#8221;600&#215;340&#8243;][vc_column_text]</p>
<h5><strong>▩ INCONTRI CON GLI AUTORI<br />
</strong></h5>
<p>[/vc_column_text][vc_custom_heading text=&#8221;12 marzo 2009&#8243; font_container=&#8221;tag:h3|text_align:left&#8221; use_theme_fonts=&#8221;yes&#8221; css=&#8221;.vc_custom_1657868399942{margin-bottom: 10px !important;}&#8221;][vc_column_text]<strong>I pensieri di un malpensante</strong>. Arturo Carlo Jemolo e trentacinque anni di storia repubblicana, Marsilio, 2008. <strong>Arturo Carlo Jemolo, Coscienza laica</strong> a cura di Carlo Fantappiè, Morcelliana, 2008.[/vc_column_text][vc_btn title=&#8221;leggi tutto&#8221; shape=&#8221;square&#8221; color=&#8221;white&#8221; size=&#8221;xs&#8221; i_type=&#8221;typicons&#8221; i_icon_typicons=&#8221;typcn typcn-document-text&#8221; add_icon=&#8221;true&#8221; link=&#8221;url:https%3A%2F%2Fwww.fondazionedonatcattin.it%2F%3Fpage_id%3D1362||target:%20_blank|&#8221;][/vc_column][vc_column width=&#8221;1/5&#8243; css=&#8221;.vc_custom_1628803154171{padding-top: 15px !important;background-color: #f4f4f4 !important;border-radius: 5px !important;}&#8221;][vc_single_image image=&#8221;11866&#8243; img_size=&#8221;600&#215;340&#8243;][vc_column_text]</p>
<h5><strong>▩ INCONTRI CON GLI AUTORI<br />
</strong></h5>
<p>[/vc_column_text][vc_custom_heading text=&#8221;7 aprile 2009&#8243; font_container=&#8221;tag:h3|text_align:left&#8221; use_theme_fonts=&#8221;yes&#8221; css=&#8221;.vc_custom_1657865057676{margin-bottom: 10px !important;}&#8221;][vc_column_text]Momenti, problemi, progetti e realizzazioni nell&#8217;operato dell&#8217;istituzione provinciale torinese in vari ambiti, giuridico-istituzionali, politico-culturali, socio-assistenziali e infrastrutturali.[/vc_column_text][vc_btn title=&#8221;leggi tutto&#8221; shape=&#8221;square&#8221; color=&#8221;white&#8221; size=&#8221;xs&#8221; i_type=&#8221;typicons&#8221; i_icon_typicons=&#8221;typcn typcn-document-text&#8221; add_icon=&#8221;true&#8221; link=&#8221;url:https%3A%2F%2Fwww.fondazionedonatcattin.it%2F%3Fpage_id%3D1360||target:%20_blank|&#8221;][/vc_column][vc_column width=&#8221;1/5&#8243; css=&#8221;.vc_custom_1628803173905{padding-top: 15px !important;background-color: #f4f4f4 !important;border-radius: 5px !important;}&#8221;][vc_single_image image=&#8221;11854&#8243; img_size=&#8221;600&#215;340&#8243;][vc_column_text]</p>
<h5><strong>▩ MEMORIA<br />
</strong></h5>
<p>[/vc_column_text][vc_custom_heading text=&#8221;20 aprile 2009&#8243; font_container=&#8221;tag:h3|text_align:left&#8221; use_theme_fonts=&#8221;yes&#8221; css=&#8221;.vc_custom_1657864341648{margin-bottom: 10px !important;}&#8221;][vc_column_text]Brizio era nato l’8 luglio 1929 a Ciriè. Si dedicò poi alla politica militando nella Democrazia Cristiana. Fu Sindaco di Ciriè, consigliere provinciale, regionale, Assessore e Presidente della Giunta regionale.[/vc_column_text][vc_btn title=&#8221;leggi tutto&#8221; shape=&#8221;square&#8221; color=&#8221;white&#8221; size=&#8221;xs&#8221; i_type=&#8221;typicons&#8221; i_icon_typicons=&#8221;typcn typcn-document-text&#8221; add_icon=&#8221;true&#8221; link=&#8221;url:https%3A%2F%2Fwww.fondazionedonatcattin.it%2F%3Fpage_id%3D1358||target:%20_blank|&#8221;][/vc_column][vc_column width=&#8221;1/5&#8243; css=&#8221;.vc_custom_1628803199865{padding-top: 15px !important;background-color: #f4f4f4 !important;border-radius: 5px !important;}&#8221;][vc_single_image image=&#8221;11849&#8243; img_size=&#8221;600&#215;340&#8243;][vc_column_text]</p>
<h5><strong>▩ CONVEGNI<br />
</strong></h5>
<p>[/vc_column_text][vc_custom_heading text=&#8221;26 giugno 2009&#8243; font_container=&#8221;tag:h3|text_align:left&#8221; use_theme_fonts=&#8221;yes&#8221; css=&#8221;.vc_custom_1657862535451{margin-bottom: 10px !important;}&#8221;][vc_column_text]Il convegno, intende riconsiderare aspetti e contesti nei quali l’opera di Sturzo trovò elaborazione e applicazione, sollecitando analisi e riflessioni su temi e prospettive ancora attuali.[/vc_column_text][vc_btn title=&#8221;leggi tutto&#8221; shape=&#8221;square&#8221; color=&#8221;white&#8221; size=&#8221;xs&#8221; i_type=&#8221;typicons&#8221; i_icon_typicons=&#8221;typcn typcn-document-text&#8221; add_icon=&#8221;true&#8221; link=&#8221;url:https%3A%2F%2Fwww.fondazionedonatcattin.it%2F%3Fpage_id%3D1354||target:%20_blank|&#8221;][/vc_column][vc_column width=&#8221;1/5&#8243; css=&#8221;.vc_custom_1631971845018{padding-top: 15px !important;background-color: #f4f4f4 !important;border-radius: 5px !important;}&#8221;][vc_single_image image=&#8221;11843&#8243; img_size=&#8221;600&#215;340&#8243;][vc_column_text]</p>
<h5><strong>▩ DIBATTITI<br />
</strong></h5>
<p>[/vc_column_text][vc_custom_heading text=&#8221;3 luglio 2009&#8243; font_container=&#8221;tag:h3|text_align:left&#8221; use_theme_fonts=&#8221;yes&#8221; css=&#8221;.vc_custom_1657862371284{margin-bottom: 10px !important;}&#8221;][vc_column_text]Filmati di registi indigeni e relazioni di Padre Silvano Sabatini, missionario della Consolata di Torino. Dr.ssa Silvia Zaccaria, antropologa, impegnata in progetti di cooperazione internazionale.[/vc_column_text][vc_btn title=&#8221;leggi tutto&#8221; shape=&#8221;square&#8221; color=&#8221;white&#8221; size=&#8221;xs&#8221; i_type=&#8221;typicons&#8221; i_icon_typicons=&#8221;typcn typcn-document-text&#8221; add_icon=&#8221;true&#8221; link=&#8221;url:https%3A%2F%2Fwww.fondazionedonatcattin.it%2F%3Fpage_id%3D1352||target:%20_blank|&#8221;][/vc_column][/vc_row][vc_row gap=&#8221;10&#8243;][vc_column width=&#8221;1/5&#8243; css=&#8221;.vc_custom_1628803137988{padding-top: 15px !important;background-color: #f4f4f4 !important;border-radius: 5px !important;}&#8221;][vc_single_image image=&#8221;11835&#8243; img_size=&#8221;600&#215;340&#8243;][vc_column_text]</p>
<h5><strong>▩ INCONTRI CON GLI AUTORI<br />
</strong></h5>
<p>[/vc_column_text][vc_custom_heading text=&#8221;17 ottobre 2009&#8243; font_container=&#8221;tag:h3|text_align:left&#8221; use_theme_fonts=&#8221;yes&#8221; css=&#8221;.vc_custom_1657812972510{margin-bottom: 10px !important;}&#8221;][vc_column_text]Ettore Malnati commenta il testo papale evidenziando come questo documento completi il concetto di &#8220;sviluppo&#8221; definito da Paolo VI, al quale Benedetto XVI dà molto spazio in questa Enciclica sociale, .[/vc_column_text][vc_btn title=&#8221;leggi tutto&#8221; shape=&#8221;square&#8221; color=&#8221;white&#8221; size=&#8221;xs&#8221; i_type=&#8221;typicons&#8221; i_icon_typicons=&#8221;typcn typcn-document-text&#8221; add_icon=&#8221;true&#8221; link=&#8221;url:https%3A%2F%2Fwww.fondazionedonatcattin.it%2F%3Fpage_id%3D1350||target:%20_blank|&#8221;][/vc_column][vc_column width=&#8221;1/5&#8243; css=&#8221;.vc_custom_1628803154171{padding-top: 15px !important;background-color: #f4f4f4 !important;border-radius: 5px !important;}&#8221;][vc_single_image image=&#8221;11832&#8243; img_size=&#8221;600&#215;340&#8243;][vc_column_text]</p>
<h5><strong>▩ INCONTRI CON GLI AUTORI<br />
</strong></h5>
<p>[/vc_column_text][vc_custom_heading text=&#8221;29 ottobre 2009&#8243; font_container=&#8221;tag:h3|text_align:left&#8221; use_theme_fonts=&#8221;yes&#8221; css=&#8221;.vc_custom_1657807262020{margin-bottom: 10px !important;}&#8221;][vc_column_text]Il 29 gennaio 2004, la multinazionale tedesca ThyssenKrupp annuncia la chiusura del reparto magnetico delle Acciaierie di Terni. Una città si mobilita immediatamente attorno agli operai.[/vc_column_text][vc_btn title=&#8221;leggi tutto&#8221; shape=&#8221;square&#8221; color=&#8221;white&#8221; size=&#8221;xs&#8221; i_type=&#8221;typicons&#8221; i_icon_typicons=&#8221;typcn typcn-document-text&#8221; add_icon=&#8221;true&#8221; link=&#8221;url:https%3A%2F%2Fwww.fondazionedonatcattin.it%2F%3Fpage_id%3D1348||target:%20_blank|&#8221;][/vc_column][vc_column width=&#8221;1/5&#8243; css=&#8221;.vc_custom_1628803173905{padding-top: 15px !important;background-color: #f4f4f4 !important;border-radius: 5px !important;}&#8221;][vc_single_image image=&#8221;11790&#8243; img_size=&#8221;600&#215;340&#8243;][vc_column_text]</p>
<h5><strong>▩ CONVEGNI<br />
</strong></h5>
<p>[/vc_column_text][vc_custom_heading text=&#8221;13-15 novembre 2009&#8243; font_container=&#8221;tag:h3|text_align:left&#8221; use_theme_fonts=&#8221;yes&#8221; css=&#8221;.vc_custom_1657355284290{margin-bottom: 10px !important;}&#8221;][vc_column_text]L&#8217;Italia in bianco e nero fra paura e speranza, Giovani ideee, Volti e storie di una città(dis)integrata, L&#8217;immigrazione nell&#8217;era dell&#8217;iPod, Senza nuove regole non esiste lo Stato sociale, Barriere da abbattere fra la gente e il Palazzo.[/vc_column_text][vc_btn title=&#8221;leggi tutto&#8221; shape=&#8221;square&#8221; color=&#8221;white&#8221; size=&#8221;xs&#8221; i_type=&#8221;typicons&#8221; i_icon_typicons=&#8221;typcn typcn-document-text&#8221; add_icon=&#8221;true&#8221; link=&#8221;url:https%3A%2F%2Fwww.fondazionedonatcattin.it%2F%3Fpage_id%3D1255||target:%20_blank|&#8221;][/vc_column][vc_column width=&#8221;1/5&#8243; css=&#8221;.vc_custom_1628803199865{padding-top: 15px !important;background-color: #f4f4f4 !important;border-radius: 5px !important;}&#8221;][/vc_column][vc_column width=&#8221;1/5&#8243; css=&#8221;.vc_custom_1631971845018{padding-top: 15px !important;background-color: #f4f4f4 !important;border-radius: 5px !important;}&#8221;][/vc_column][/vc_row]</p>

<p>[vc_row][vc_column][vc_column_text el_class=&#8221;titolo-pagina&#8221;] [/vc_column_text][vc_single_image image=&#8221;12210&#8243; img_size=&#8221;2660&#215;937&#8243; css_animation=&#8221;none&#8221;][/vc_column][/vc_row][vc_row][vc_column][vc_column_text] Eventi e attività 2009 [/vc_column_text][vc_column_text]Convegni, Dibattiti, Didattica, Eventi, Incontri con gli autori, Letture, Memoria, Mostre, Pubblicazioni, Ricerche, Seminari, Spettacoli.[/vc_column_text][vc_column_text]2026 &#8211; 2025 &#8211; 2024 &#8211; 2023 &#8211; 2022 &#8211; 2021 &#8211; 2020 &#8211; 2019 &#8211; 2018 &#8211; 2017 &#8211; 2016 &#8211; 2015 &#8211; 2014 &#8211; 2013 &#8211; 2012 &#8211; 2011 [&hellip;]</p>
